{"id":68986,"date":"2016-04-21T09:48:57","date_gmt":"2016-04-21T12:48:57","guid":{"rendered":"http:\/\/www.eltrabajo.cl\/portal\/wp-content\/uploads\/2016\/04\/Foto-@reddeemergencia.jpg"},"modified":"2016-04-21T09:49:04","modified_gmt":"2016-04-21T12:49:04","slug":"foto-reddeemergencia","status":"inherit","type":"attachment","link":"https:\/\/eltrabajo.cl\/portal\/un-fallecido-y-cinco-heridos-dejo-helicoptero-que-cayo-cerca-de-rio-blanco\/foto-reddeemergencia\/","title":{"rendered":"Foto @reddeemergencia"},"author":1,"featured_media":0,"comment_status":"open","ping_status":"closed","template":"","meta":{"advanced_seo_description":"","jetpack_seo_html_title":"","jetpack_seo_noindex":false},"class_list":["post-68986","attachment","type-attachment","status-inherit","hentry"],"jetpack_sharing_enabled":true,"jetpack_likes_enabled":true,"description":{"rendered":"<p class=\"attachment\"><a href=\"https:\/\/i0.wp.com\/eltrabajo.cl\/portal\/wp-content\/uploads\/2016\/04\/Foto-%40reddeemergencia.jpg?ssl=1\"><img loading=\"lazy\" decoding=\"async\" width=\"300\" height=\"199\" src=\"https:\/\/i0.wp.com\/eltrabajo.cl\/portal\/wp-content\/uploads\/2016\/04\/Foto-%40reddeemergencia.jpg?fit=300%2C199&amp;ssl=1\" class=\"attachment-medium size-medium\" alt=\"Un muerto y 5 heridos fue el resultado del accidente que protagoniz\u00f3 un helic\u00f3ptero que transportaba a personal que realizar\u00eda mantenci\u00f3n a una antena de telecomunicaciones en el cerro El Pelado (foto: @reddeemergencia)\" \/><\/a><\/p>\n<p>Un muerto y 5 heridos fue el resultado del accidente que protagoniz\u00f3 un helic\u00f3ptero que transportaba a personal que realizar\u00eda mantenci\u00f3n a una antena de telecomunicaciones en el cerro El Pelado (foto: @reddeemergencia)<\/p>\n"},"caption":{"rendered":"<p>Un muerto y 5 heridos fue el resultado del accidente que protagoniz\u00f3 un helic\u00f3ptero que transportaba a personal que realizar\u00eda mantenci\u00f3n a una antena de telecomunicaciones en el cerro El Pelado (foto: @reddeemergencia)<\/p>\n"},"alt_text":"Un muerto y 5 heridos fue el resultado del accidente que protagoniz\u00f3 un helic\u00f3ptero que transportaba a personal que realizar\u00eda mantenci\u00f3n a una antena de telecomunicaciones en el cerro El Pelado (foto: @reddeemergencia)","media_type":"image","mime_type":"image\/jpeg","media_details":{"width":527,"height":350,"file":"2016\/04\/Foto-@reddeemergencia.jpg","sizes":{"thumbnail":{"file":"Foto-@reddeemergencia-200x133.jpg","width":200,"height":133,"mime_type":"image\/jpeg","source_url":"https:\/\/i0.wp.com\/eltrabajo.cl\/portal\/wp-content\/uploads\/2016\/04\/Foto-%40reddeemergencia.jpg?fit=200%2C133&ssl=1"},"medium":{"file":"Foto-@reddeemergencia-300x199.jpg","width":300,"height":199,"mime_type":"image\/jpeg","source_url":"https:\/\/i0.wp.com\/eltrabajo.cl\/portal\/wp-content\/uploads\/2016\/04\/Foto-%40reddeemergencia.jpg?fit=300%2C199&ssl=1"},"post-thumbnail":{"file":"Foto-@reddeemergencia-226x150.jpg","width":226,"height":150,"mime_type":"image\/jpeg","source_url":"https:\/\/i0.wp.com\/eltrabajo.cl\/portal\/wp-content\/uploads\/2016\/04\/Foto-%40reddeemergencia.jpg?fit=226%2C150&ssl=1"},"single-post-thumbnail":{"file":"Foto-@reddeemergencia-400x266.jpg","width":400,"height":266,"mime_type":"image\/jpeg","source_url":"https:\/\/eltrabajo.cl\/portal\/wp-content\/uploads\/2016\/04\/Foto-@reddeemergencia-400x266.jpg"},"wptouch-new-thumbnail":{"file":"Foto-@reddeemergencia-144x144.jpg","width":144,"height":144,"mime_type":"image\/jpeg","source_url":"https:\/\/eltrabajo.cl\/portal\/wp-content\/uploads\/2016\/04\/Foto-@reddeemergencia-144x144.jpg"},"full":{"file":"Foto-%40reddeemergencia.jpg?fit=527%2C350&ssl=1","width":527,"height":350,"mime_type":"image\/jpeg","source_url":"https:\/\/i0.wp.com\/eltrabajo.cl\/portal\/wp-content\/uploads\/2016\/04\/Foto-%40reddeemergencia.jpg?fit=527%2C350&ssl=1"}},"image_meta":{"aperture":"0","credit":"","camera":"","caption":"","created_timestamp":"0","copyright":"","focal_length":"0","iso":"0","shutter_speed":"0","title":"","orientation":"0","keywords":[]}},"post":68985,"source_url":"https:\/\/eltrabajo.cl\/portal\/wp-content\/uploads\/2016\/04\/Foto-@reddeemergencia.jpg","_links":{"self":[{"href":"https:\/\/eltrabajo.cl\/portal\/wp-json\/wp\/v2\/media\/68986","targetHints":{"allow":["GET"]}}],"collection":[{"href":"https:\/\/eltrabajo.cl\/portal\/wp-json\/wp\/v2\/media"}],"about":[{"href":"https:\/\/eltrabajo.cl\/portal\/wp-json\/wp\/v2\/types\/attachment"}],"author":[{"embeddable":true,"href":"https:\/\/eltrabajo.cl\/portal\/wp-json\/wp\/v2\/users\/1"}],"replies":[{"embeddable":true,"href":"https:\/\/eltrabajo.cl\/portal\/wp-json\/wp\/v2\/comments?post=68986"}],"wp:attached-to":[{"embeddable":true,"post_type":"post","id":68985,"href":"https:\/\/eltrabajo.cl\/portal\/wp-json\/wp\/v2\/posts\/68985"}],"curies":[{"name":"wp","href":"https:\/\/api.w.org\/{rel}","templated":true}]}}

<p class="attachment"><a href="https://i0.wp.com/eltrabajo.cl/portal/wp-content/uploads/2016/04/Foto-%40reddeemergencia.jpg?ssl=1"><img loading="lazy" decoding="async" width="300" height="199" src="https://i0.wp.com/eltrabajo.cl/portal/wp-content/uploads/2016/04/Foto-%40reddeemergencia.jpg?fit=300%2C199&amp;ssl=1" class="attachment-medium size-medium" alt="Un muerto y 5 heridos fue el resultado del accidente que protagonizó un helicóptero que transportaba a personal que realizaría mantención a una antena de telecomunicaciones en el cerro El Pelado (foto: @reddeemergencia)" /></a></p>
<p>Un muerto y 5 heridos fue el resultado del accidente que protagonizó un helicóptero que transportaba a personal que realizaría mantención a una antena de telecomunicaciones en el cerro El Pelado (foto: @reddeemergencia)</p>

<p>Un muerto y 5 heridos fue el resultado del accidente que protagonizó un helicóptero que transportaba a personal que realizaría mantención a una antena de telecomunicaciones en el cerro El Pelado (foto: @reddeemergencia)</p>

Un muerto y 5 heridos fue el resultado del accidente que protagonizó un helicóptero que transportaba a personal que realizaría mantención a una antena de telecomunicaciones en el cerro El Pelado (foto: @reddeemergencia)
