{"id":69045,"date":"2016-04-22T08:59:28","date_gmt":"2016-04-22T11:59:28","guid":{"rendered":"http:\/\/www.eltrabajo.cl\/portal\/wp-content\/uploads\/2016\/04\/apalear.jpg"},"modified":"2016-04-22T09:03:22","modified_gmt":"2016-04-22T12:03:22","slug":"apalear","status":"inherit","type":"attachment","link":"https:\/\/eltrabajo.cl\/portal\/sobrevivio-a-brutal-paliza-de-tres-sujetos-que-lo-dejaron-inconsciente\/apalear\/","title":{"rendered":"La v\u00edctima sufri\u00f3 fracturas graves en su nariz y brazo, quedando tendido en la v\u00eda p\u00fablica tras ser atacado a palos por tres sujetos en la comuna de Catemu. (Foto referencial)"},"author":1,"featured_media":0,"comment_status":"open","ping_status":"closed","template":"","meta":{"advanced_seo_description":"","jetpack_seo_html_title":"","jetpack_seo_noindex":false},"class_list":["post-69045","attachment","type-attachment","status-inherit","hentry"],"jetpack_sharing_enabled":true,"jetpack_likes_enabled":true,"description":{"rendered":"<p class=\"attachment\"><a href=\"https:\/\/i0.wp.com\/eltrabajo.cl\/portal\/wp-content\/uploads\/2016\/04\/apalear.jpg?ssl=1\"><img loading=\"lazy\" decoding=\"async\" width=\"300\" height=\"196\" src=\"https:\/\/i0.wp.com\/eltrabajo.cl\/portal\/wp-content\/uploads\/2016\/04\/apalear.jpg?fit=300%2C196&amp;ssl=1\" class=\"attachment-medium size-medium\" alt=\"La v\u00edctima sufri\u00f3 fracturas graves en su nariz y brazo, quedando tendido en la v\u00eda p\u00fablica tras ser atacado a palos por tres sujetos en la comuna de Catemu. (Foto referencial)\" srcset=\"https:\/\/i0.wp.com\/eltrabajo.cl\/portal\/wp-content\/uploads\/2016\/04\/apalear.jpg?w=530&amp;ssl=1 530w, https:\/\/i0.wp.com\/eltrabajo.cl\/portal\/wp-content\/uploads\/2016\/04\/apalear.jpg?resize=200%2C131&amp;ssl=1 200w, https:\/\/i0.wp.com\/eltrabajo.cl\/portal\/wp-content\/uploads\/2016\/04\/apalear.jpg?resize=300%2C196&amp;ssl=1 300w, https:\/\/i0.wp.com\/eltrabajo.cl\/portal\/wp-content\/uploads\/2016\/04\/apalear.jpg?resize=229%2C150&amp;ssl=1 229w, https:\/\/i0.wp.com\/eltrabajo.cl\/portal\/wp-content\/uploads\/2016\/04\/apalear.jpg?resize=400%2C262&amp;ssl=1 400w\" sizes=\"auto, (max-width: 300px) 100vw, 300px\" \/><\/a><\/p>\n<p>La v\u00edctima sufri\u00f3 fracturas graves en su nariz y brazo, quedando tendido en la v\u00eda p\u00fablica tras ser atacado a palos por tres sujetos en la comuna de Catemu. (Foto referencial)<\/p>\n"},"caption":{"rendered":"<p>La v\u00edctima sufri\u00f3 fracturas graves en su nariz y brazo, quedando tendido en la v\u00eda p\u00fablica tras ser atacado a palos por tres sujetos en la comuna de Catemu. (Foto referencial)<\/p>\n"},"alt_text":"La v\u00edctima sufri\u00f3 fracturas graves en su nariz y brazo, quedando tendido en la v\u00eda p\u00fablica tras ser atacado a palos por tres sujetos en la comuna de Catemu. (Foto referencial)","media_type":"image","mime_type":"image\/jpeg","media_details":{"width":530,"height":347,"file":"2016\/04\/apalear.jpg","sizes":{"thumbnail":{"file":"apalear-200x131.jpg","width":200,"height":131,"mime_type":"image\/jpeg","source_url":"https:\/\/i0.wp.com\/eltrabajo.cl\/portal\/wp-content\/uploads\/2016\/04\/apalear.jpg?fit=200%2C131&ssl=1"},"medium":{"file":"apalear-300x196.jpg","width":300,"height":196,"mime_type":"image\/jpeg","source_url":"https:\/\/i0.wp.com\/eltrabajo.cl\/portal\/wp-content\/uploads\/2016\/04\/apalear.jpg?fit=300%2C196&ssl=1"},"post-thumbnail":{"file":"apalear-229x150.jpg","width":229,"height":150,"mime_type":"image\/jpeg","source_url":"https:\/\/i0.wp.com\/eltrabajo.cl\/portal\/wp-content\/uploads\/2016\/04\/apalear.jpg?fit=229%2C150&ssl=1"},"single-post-thumbnail":{"file":"apalear-400x262.jpg","width":400,"height":262,"mime_type":"image\/jpeg","source_url":"https:\/\/eltrabajo.cl\/portal\/wp-content\/uploads\/2016\/04\/apalear-400x262.jpg"},"wptouch-new-thumbnail":{"file":"apalear-144x144.jpg","width":144,"height":144,"mime_type":"image\/jpeg","source_url":"https:\/\/eltrabajo.cl\/portal\/wp-content\/uploads\/2016\/04\/apalear-144x144.jpg"},"full":{"file":"apalear.jpg?fit=530%2C347&ssl=1","width":530,"height":347,"mime_type":"image\/jpeg","source_url":"https:\/\/i0.wp.com\/eltrabajo.cl\/portal\/wp-content\/uploads\/2016\/04\/apalear.jpg?fit=530%2C347&ssl=1"}},"image_meta":{"aperture":"0","credit":"","camera":"","caption":"","created_timestamp":"0","copyright":"","focal_length":"0","iso":"0","shutter_speed":"0","title":"","orientation":"0","keywords":[]}},"post":69044,"source_url":"https:\/\/eltrabajo.cl\/portal\/wp-content\/uploads\/2016\/04\/apalear.jpg","_links":{"self":[{"href":"https:\/\/eltrabajo.cl\/portal\/wp-json\/wp\/v2\/media\/69045","targetHints":{"allow":["GET"]}}],"collection":[{"href":"https:\/\/eltrabajo.cl\/portal\/wp-json\/wp\/v2\/media"}],"about":[{"href":"https:\/\/eltrabajo.cl\/portal\/wp-json\/wp\/v2\/types\/attachment"}],"author":[{"embeddable":true,"href":"https:\/\/eltrabajo.cl\/portal\/wp-json\/wp\/v2\/users\/1"}],"replies":[{"embeddable":true,"href":"https:\/\/eltrabajo.cl\/portal\/wp-json\/wp\/v2\/comments?post=69045"}],"wp:attached-to":[{"embeddable":true,"post_type":"post","id":69044,"href":"https:\/\/eltrabajo.cl\/portal\/wp-json\/wp\/v2\/posts\/69044"}],"curies":[{"name":"wp","href":"https:\/\/api.w.org\/{rel}","templated":true}]}}

La víctima sufrió fracturas graves en su nariz y brazo, quedando tendido en la vía pública tras ser atacado a palos por tres sujetos en la comuna de Catemu. (Foto referencial)

<p class="attachment"><a href="https://i0.wp.com/eltrabajo.cl/portal/wp-content/uploads/2016/04/apalear.jpg?ssl=1"><img loading="lazy" decoding="async" width="300" height="196" src="https://i0.wp.com/eltrabajo.cl/portal/wp-content/uploads/2016/04/apalear.jpg?fit=300%2C196&amp;ssl=1" class="attachment-medium size-medium" alt="La víctima sufrió fracturas graves en su nariz y brazo, quedando tendido en la vía pública tras ser atacado a palos por tres sujetos en la comuna de Catemu. (Foto referencial)" srcset="https://i0.wp.com/eltrabajo.cl/portal/wp-content/uploads/2016/04/apalear.jpg?w=530&amp;ssl=1 530w, https://i0.wp.com/eltrabajo.cl/portal/wp-content/uploads/2016/04/apalear.jpg?resize=200%2C131&amp;ssl=1 200w, https://i0.wp.com/eltrabajo.cl/portal/wp-content/uploads/2016/04/apalear.jpg?resize=300%2C196&amp;ssl=1 300w, https://i0.wp.com/eltrabajo.cl/portal/wp-content/uploads/2016/04/apalear.jpg?resize=229%2C150&amp;ssl=1 229w, https://i0.wp.com/eltrabajo.cl/portal/wp-content/uploads/2016/04/apalear.jpg?resize=400%2C262&amp;ssl=1 400w" sizes="auto, (max-width: 300px) 100vw, 300px" /></a></p>
<p>La víctima sufrió fracturas graves en su nariz y brazo, quedando tendido en la vía pública tras ser atacado a palos por tres sujetos en la comuna de Catemu. (Foto referencial)</p>

<p>La víctima sufrió fracturas graves en su nariz y brazo, quedando tendido en la vía pública tras ser atacado a palos por tres sujetos en la comuna de Catemu. (Foto referencial)</p>
