{"id":69167,"date":"2016-04-27T08:49:53","date_gmt":"2016-04-27T11:49:53","guid":{"rendered":"http:\/\/www.eltrabajo.cl\/portal\/wp-content\/uploads\/2016\/04\/Candidatas1.jpg"},"modified":"2016-04-27T08:50:03","modified_gmt":"2016-04-27T11:50:03","slug":"candidatas1-5","status":"inherit","type":"attachment","link":"https:\/\/eltrabajo.cl\/portal\/de-estas-tres-candidatas-surge-manana-la-reina-de-la-escuela-agricola-2016\/candidatas1-5\/","title":{"rendered":"\u00bfCU\u00c1L SER\u00c1 LA REINA?- Ellas son las tres candidatas a Reina Escuela Agr\u00edcola 2016: D\u00e9bora L\u00f3pez de la Alianza Pirata, Vianka N\u00fa\u00f1ez de la Alianza H\u00e9roes y Marianela Le\u00f3n de la Alianza Villanos."},"author":1,"featured_media":0,"comment_status":"open","ping_status":"closed","template":"","meta":{"advanced_seo_description":"","jetpack_seo_html_title":"","jetpack_seo_noindex":false},"class_list":["post-69167","attachment","type-attachment","status-inherit","hentry"],"jetpack_sharing_enabled":true,"jetpack_likes_enabled":true,"description":{"rendered":"<p class=\"attachment\"><a href=\"https:\/\/i0.wp.com\/eltrabajo.cl\/portal\/wp-content\/uploads\/2016\/04\/Candidatas1.jpg?ssl=1\"><img loading=\"lazy\" decoding=\"async\" width=\"300\" height=\"198\" src=\"https:\/\/i0.wp.com\/eltrabajo.cl\/portal\/wp-content\/uploads\/2016\/04\/Candidatas1.jpg?fit=300%2C198&amp;ssl=1\" class=\"attachment-medium size-medium\" alt=\"\u00bfCU\u00c1L SER\u00c1 LA REINA?- Ellas son las tres candidatas a Reina Escuela Agr\u00edcola 2016: D\u00e9bora L\u00f3pez de la Alianza Pirata, Vianka N\u00fa\u00f1ez de la Alianza H\u00e9roes y Marianela Le\u00f3n de la Alianza Villanos.\" srcset=\"https:\/\/i0.wp.com\/eltrabajo.cl\/portal\/wp-content\/uploads\/2016\/04\/Candidatas1.jpg?w=530&amp;ssl=1 530w, https:\/\/i0.wp.com\/eltrabajo.cl\/portal\/wp-content\/uploads\/2016\/04\/Candidatas1.jpg?resize=200%2C132&amp;ssl=1 200w, https:\/\/i0.wp.com\/eltrabajo.cl\/portal\/wp-content\/uploads\/2016\/04\/Candidatas1.jpg?resize=300%2C198&amp;ssl=1 300w, https:\/\/i0.wp.com\/eltrabajo.cl\/portal\/wp-content\/uploads\/2016\/04\/Candidatas1.jpg?resize=227%2C150&amp;ssl=1 227w, https:\/\/i0.wp.com\/eltrabajo.cl\/portal\/wp-content\/uploads\/2016\/04\/Candidatas1.jpg?resize=400%2C264&amp;ssl=1 400w\" sizes=\"auto, (max-width: 300px) 100vw, 300px\" \/><\/a><\/p>\n<p>\u00bfCU\u00c1L SER\u00c1 LA REINA?- Ellas son las tres candidatas a Reina Escuela Agr\u00edcola 2016: D\u00e9bora L\u00f3pez de la Alianza Pirata, Vianka N\u00fa\u00f1ez de la Alianza H\u00e9roes y Marianela Le\u00f3n de la Alianza Villanos.<\/p>\n"},"caption":{"rendered":"<p>\u00bfCU\u00c1L SER\u00c1 LA REINA?- Ellas son las tres candidatas a Reina Escuela Agr\u00edcola 2016: D\u00e9bora L\u00f3pez de la Alianza Pirata, Vianka N\u00fa\u00f1ez de la Alianza H\u00e9roes y Marianela Le\u00f3n de la Alianza Villanos.<\/p>\n"},"alt_text":"\u00bfCU\u00c1L SER\u00c1 LA REINA?- Ellas son las tres candidatas a Reina Escuela Agr\u00edcola 2016: D\u00e9bora L\u00f3pez de la Alianza Pirata, Vianka N\u00fa\u00f1ez de la Alianza H\u00e9roes y Marianela Le\u00f3n de la Alianza Villanos.","media_type":"image","mime_type":"image\/jpeg","media_details":{"width":530,"height":350,"file":"2016\/04\/Candidatas1.jpg","sizes":{"thumbnail":{"file":"Candidatas1-200x132.jpg","width":200,"height":132,"mime_type":"image\/jpeg","source_url":"https:\/\/i0.wp.com\/eltrabajo.cl\/portal\/wp-content\/uploads\/2016\/04\/Candidatas1.jpg?fit=200%2C132&ssl=1"},"medium":{"file":"Candidatas1-300x198.jpg","width":300,"height":198,"mime_type":"image\/jpeg","source_url":"https:\/\/i0.wp.com\/eltrabajo.cl\/portal\/wp-content\/uploads\/2016\/04\/Candidatas1.jpg?fit=300%2C198&ssl=1"},"post-thumbnail":{"file":"Candidatas1-227x150.jpg","width":227,"height":150,"mime_type":"image\/jpeg","source_url":"https:\/\/i0.wp.com\/eltrabajo.cl\/portal\/wp-content\/uploads\/2016\/04\/Candidatas1.jpg?fit=227%2C150&ssl=1"},"single-post-thumbnail":{"file":"Candidatas1-400x264.jpg","width":400,"height":264,"mime_type":"image\/jpeg","source_url":"https:\/\/eltrabajo.cl\/portal\/wp-content\/uploads\/2016\/04\/Candidatas1-400x264.jpg"},"wptouch-new-thumbnail":{"file":"Candidatas1-144x144.jpg","width":144,"height":144,"mime_type":"image\/jpeg","source_url":"https:\/\/eltrabajo.cl\/portal\/wp-content\/uploads\/2016\/04\/Candidatas1-144x144.jpg"},"full":{"file":"Candidatas1.jpg?fit=530%2C350&ssl=1","width":530,"height":350,"mime_type":"image\/jpeg","source_url":"https:\/\/i0.wp.com\/eltrabajo.cl\/portal\/wp-content\/uploads\/2016\/04\/Candidatas1.jpg?fit=530%2C350&ssl=1"}},"image_meta":{"aperture":"0","credit":"","camera":"","caption":"","created_timestamp":"0","copyright":"","focal_length":"0","iso":"0","shutter_speed":"0","title":"","orientation":"0","keywords":[]}},"post":69166,"source_url":"https:\/\/eltrabajo.cl\/portal\/wp-content\/uploads\/2016\/04\/Candidatas1.jpg","_links":{"self":[{"href":"https:\/\/eltrabajo.cl\/portal\/wp-json\/wp\/v2\/media\/69167","targetHints":{"allow":["GET"]}}],"collection":[{"href":"https:\/\/eltrabajo.cl\/portal\/wp-json\/wp\/v2\/media"}],"about":[{"href":"https:\/\/eltrabajo.cl\/portal\/wp-json\/wp\/v2\/types\/attachment"}],"author":[{"embeddable":true,"href":"https:\/\/eltrabajo.cl\/portal\/wp-json\/wp\/v2\/users\/1"}],"replies":[{"embeddable":true,"href":"https:\/\/eltrabajo.cl\/portal\/wp-json\/wp\/v2\/comments?post=69167"}],"wp:attached-to":[{"embeddable":true,"post_type":"post","id":69166,"href":"https:\/\/eltrabajo.cl\/portal\/wp-json\/wp\/v2\/posts\/69166"}],"curies":[{"name":"wp","href":"https:\/\/api.w.org\/{rel}","templated":true}]}}

¿CUÁL SERÁ LA REINA?- Ellas son las tres candidatas a Reina Escuela Agrícola 2016: Débora López de la Alianza Pirata, Vianka Núñez de la Alianza Héroes y Marianela León de la Alianza Villanos.

<p class="attachment"><a href="https://i0.wp.com/eltrabajo.cl/portal/wp-content/uploads/2016/04/Candidatas1.jpg?ssl=1"><img loading="lazy" decoding="async" width="300" height="198" src="https://i0.wp.com/eltrabajo.cl/portal/wp-content/uploads/2016/04/Candidatas1.jpg?fit=300%2C198&amp;ssl=1" class="attachment-medium size-medium" alt="¿CUÁL SERÁ LA REINA?- Ellas son las tres candidatas a Reina Escuela Agrícola 2016: Débora López de la Alianza Pirata, Vianka Núñez de la Alianza Héroes y Marianela León de la Alianza Villanos." srcset="https://i0.wp.com/eltrabajo.cl/portal/wp-content/uploads/2016/04/Candidatas1.jpg?w=530&amp;ssl=1 530w, https://i0.wp.com/eltrabajo.cl/portal/wp-content/uploads/2016/04/Candidatas1.jpg?resize=200%2C132&amp;ssl=1 200w, https://i0.wp.com/eltrabajo.cl/portal/wp-content/uploads/2016/04/Candidatas1.jpg?resize=300%2C198&amp;ssl=1 300w, https://i0.wp.com/eltrabajo.cl/portal/wp-content/uploads/2016/04/Candidatas1.jpg?resize=227%2C150&amp;ssl=1 227w, https://i0.wp.com/eltrabajo.cl/portal/wp-content/uploads/2016/04/Candidatas1.jpg?resize=400%2C264&amp;ssl=1 400w" sizes="auto, (max-width: 300px) 100vw, 300px" /></a></p>
<p>¿CUÁL SERÁ LA REINA?- Ellas son las tres candidatas a Reina Escuela Agrícola 2016: Débora López de la Alianza Pirata, Vianka Núñez de la Alianza Héroes y Marianela León de la Alianza Villanos.</p>

<p>¿CUÁL SERÁ LA REINA?- Ellas son las tres candidatas a Reina Escuela Agrícola 2016: Débora López de la Alianza Pirata, Vianka Núñez de la Alianza Héroes y Marianela León de la Alianza Villanos.</p>
