{"id":69222,"date":"2016-04-28T09:35:27","date_gmt":"2016-04-28T12:35:27","guid":{"rendered":"http:\/\/www.eltrabajo.cl\/portal\/wp-content\/uploads\/2016\/04\/FOTO-2-Dirigentes-del-sector-publico-y-privado-conmemoraran-el-d\u00eda-del-trabajador.jpg"},"modified":"2016-04-28T09:35:34","modified_gmt":"2016-04-28T12:35:34","slug":"foto-2-dirigentes-del-sector-publico-y-privado-conmemoraran-el-dia-del-trabajador","status":"inherit","type":"attachment","link":"https:\/\/eltrabajo.cl\/portal\/hoy-se-conmemorara-de-forma-simbolica-el-dia-del-trabajador-en-san-felipe\/foto-2-dirigentes-del-sector-publico-y-privado-conmemoraran-el-dia-del-trabajador\/","title":{"rendered":"FOTO 2 Dirigentes del sector publico y privado conmemoraran el d\u00eda del trabajador"},"author":1,"featured_media":0,"comment_status":"open","ping_status":"closed","template":"","meta":{"advanced_seo_description":"","jetpack_seo_html_title":"","jetpack_seo_noindex":false},"class_list":["post-69222","attachment","type-attachment","status-inherit","hentry"],"jetpack_sharing_enabled":true,"jetpack_likes_enabled":true,"description":{"rendered":"<p class=\"attachment\"><a href=\"https:\/\/i0.wp.com\/eltrabajo.cl\/portal\/wp-content\/uploads\/2016\/04\/FOTO-2-Dirigentes-del-sector-publico-y-privado-conmemoraran-el-d%C3%ADa-del-trabajador.jpg?ssl=1\"><img loading=\"lazy\" decoding=\"async\" width=\"300\" height=\"198\" src=\"https:\/\/i0.wp.com\/eltrabajo.cl\/portal\/wp-content\/uploads\/2016\/04\/FOTO-2-Dirigentes-del-sector-publico-y-privado-conmemoraran-el-d%C3%ADa-del-trabajador.jpg?fit=300%2C198&amp;ssl=1\" class=\"attachment-medium size-medium\" alt=\"Dirigentes del sector p\u00fablico y privado conmemorar\u00e1n el d\u00eda del trabajador, aprovechando la ocasi\u00f3n para expresar su posici\u00f3n respecto de la reforma laboral, el sistema de salud, la educaci\u00f3n y la corrupci\u00f3n de empresarios y pol\u00edticos\" \/><\/a><\/p>\n<p>Dirigentes del sector p\u00fablico y privado conmemorar\u00e1n el d\u00eda del trabajador, aprovechando la ocasi\u00f3n para expresar su posici\u00f3n respecto de la reforma laboral, el sistema de salud, la educaci\u00f3n y la corrupci\u00f3n de empresarios y pol\u00edticos<\/p>\n"},"caption":{"rendered":"<p>Dirigentes del sector p\u00fablico y privado conmemorar\u00e1n el d\u00eda del trabajador, aprovechando la ocasi\u00f3n para expresar su posici\u00f3n respecto de la reforma laboral, el sistema de salud, la educaci\u00f3n y la corrupci\u00f3n de empresarios y pol\u00edticos<\/p>\n"},"alt_text":"Dirigentes del sector p\u00fablico y privado conmemorar\u00e1n el d\u00eda del trabajador, aprovechando la ocasi\u00f3n para expresar su posici\u00f3n respecto de la reforma laboral, el sistema de salud, la educaci\u00f3n y la corrupci\u00f3n de empresarios y pol\u00edticos","media_type":"image","mime_type":"image\/jpeg","media_details":{"width":530,"height":350,"file":"2016\/04\/FOTO-2-Dirigentes-del-sector-publico-y-privado-conmemoraran-el-d\u00eda-del-trabajador.jpg","sizes":{"thumbnail":{"file":"FOTO-2-Dirigentes-del-sector-publico-y-privado-conmemoraran-el-d\u00eda-del-trabajador-200x132.jpg","width":200,"height":132,"mime_type":"image\/jpeg","source_url":"https:\/\/i0.wp.com\/eltrabajo.cl\/portal\/wp-content\/uploads\/2016\/04\/FOTO-2-Dirigentes-del-sector-publico-y-privado-conmemoraran-el-d%C3%ADa-del-trabajador.jpg?fit=200%2C132&ssl=1"},"medium":{"file":"FOTO-2-Dirigentes-del-sector-publico-y-privado-conmemoraran-el-d\u00eda-del-trabajador-300x198.jpg","width":300,"height":198,"mime_type":"image\/jpeg","source_url":"https:\/\/i0.wp.com\/eltrabajo.cl\/portal\/wp-content\/uploads\/2016\/04\/FOTO-2-Dirigentes-del-sector-publico-y-privado-conmemoraran-el-d%C3%ADa-del-trabajador.jpg?fit=300%2C198&ssl=1"},"post-thumbnail":{"file":"FOTO-2-Dirigentes-del-sector-publico-y-privado-conmemoraran-el-d\u00eda-del-trabajador-227x150.jpg","width":227,"height":150,"mime_type":"image\/jpeg","source_url":"https:\/\/i0.wp.com\/eltrabajo.cl\/portal\/wp-content\/uploads\/2016\/04\/FOTO-2-Dirigentes-del-sector-publico-y-privado-conmemoraran-el-d%C3%ADa-del-trabajador.jpg?fit=227%2C150&ssl=1"},"single-post-thumbnail":{"file":"FOTO-2-Dirigentes-del-sector-publico-y-privado-conmemoraran-el-d\u00eda-del-trabajador-400x264.jpg","width":400,"height":264,"mime_type":"image\/jpeg","source_url":"https:\/\/eltrabajo.cl\/portal\/wp-content\/uploads\/2016\/04\/FOTO-2-Dirigentes-del-sector-publico-y-privado-conmemoraran-el-d\u00eda-del-trabajador-400x264.jpg"},"wptouch-new-thumbnail":{"file":"FOTO-2-Dirigentes-del-sector-publico-y-privado-conmemoraran-el-d\u00eda-del-trabajador-144x144.jpg","width":144,"height":144,"mime_type":"image\/jpeg","source_url":"https:\/\/eltrabajo.cl\/portal\/wp-content\/uploads\/2016\/04\/FOTO-2-Dirigentes-del-sector-publico-y-privado-conmemoraran-el-d\u00eda-del-trabajador-144x144.jpg"},"full":{"file":"FOTO-2-Dirigentes-del-sector-publico-y-privado-conmemoraran-el-d%C3%ADa-del-trabajador.jpg?fit=530%2C350&ssl=1","width":530,"height":350,"mime_type":"image\/jpeg","source_url":"https:\/\/i0.wp.com\/eltrabajo.cl\/portal\/wp-content\/uploads\/2016\/04\/FOTO-2-Dirigentes-del-sector-publico-y-privado-conmemoraran-el-d%C3%ADa-del-trabajador.jpg?fit=530%2C350&ssl=1"}},"image_meta":{"aperture":"0","credit":"","camera":"","caption":"","created_timestamp":"0","copyright":"","focal_length":"0","iso":"0","shutter_speed":"0","title":"","orientation":"0","keywords":[]}},"post":69221,"source_url":"https:\/\/eltrabajo.cl\/portal\/wp-content\/uploads\/2016\/04\/FOTO-2-Dirigentes-del-sector-publico-y-privado-conmemoraran-el-d\u00eda-del-trabajador.jpg","_links":{"self":[{"href":"https:\/\/eltrabajo.cl\/portal\/wp-json\/wp\/v2\/media\/69222","targetHints":{"allow":["GET"]}}],"collection":[{"href":"https:\/\/eltrabajo.cl\/portal\/wp-json\/wp\/v2\/media"}],"about":[{"href":"https:\/\/eltrabajo.cl\/portal\/wp-json\/wp\/v2\/types\/attachment"}],"author":[{"embeddable":true,"href":"https:\/\/eltrabajo.cl\/portal\/wp-json\/wp\/v2\/users\/1"}],"replies":[{"embeddable":true,"href":"https:\/\/eltrabajo.cl\/portal\/wp-json\/wp\/v2\/comments?post=69222"}],"wp:attached-to":[{"embeddable":true,"post_type":"post","id":69221,"href":"https:\/\/eltrabajo.cl\/portal\/wp-json\/wp\/v2\/posts\/69221"}],"curies":[{"name":"wp","href":"https:\/\/api.w.org\/{rel}","templated":true}]}}

http://www.eltrabajo.cl/portal/wp-content/uploads/2016/04/FOTO-2-Dirigentes-del-sector-publico-y-privado-conmemoraran-el-día-del-trabajador.jpg

FOTO 2 Dirigentes del sector publico y privado conmemoraran el día del trabajador

<p class="attachment"><a href="https://i0.wp.com/eltrabajo.cl/portal/wp-content/uploads/2016/04/FOTO-2-Dirigentes-del-sector-publico-y-privado-conmemoraran-el-d%C3%ADa-del-trabajador.jpg?ssl=1"><img loading="lazy" decoding="async" width="300" height="198" src="https://i0.wp.com/eltrabajo.cl/portal/wp-content/uploads/2016/04/FOTO-2-Dirigentes-del-sector-publico-y-privado-conmemoraran-el-d%C3%ADa-del-trabajador.jpg?fit=300%2C198&amp;ssl=1" class="attachment-medium size-medium" alt="Dirigentes del sector público y privado conmemorarán el día del trabajador, aprovechando la ocasión para expresar su posición respecto de la reforma laboral, el sistema de salud, la educación y la corrupción de empresarios y políticos" /></a></p>
<p>Dirigentes del sector público y privado conmemorarán el día del trabajador, aprovechando la ocasión para expresar su posición respecto de la reforma laboral, el sistema de salud, la educación y la corrupción de empresarios y políticos</p>

<p>Dirigentes del sector público y privado conmemorarán el día del trabajador, aprovechando la ocasión para expresar su posición respecto de la reforma laboral, el sistema de salud, la educación y la corrupción de empresarios y políticos</p>

Dirigentes del sector público y privado conmemorarán el día del trabajador, aprovechando la ocasión para expresar su posición respecto de la reforma laboral, el sistema de salud, la educación y la corrupción de empresarios y políticos

2016/04/FOTO-2-Dirigentes-del-sector-publico-y-privado-conmemoraran-el-día-del-trabajador.jpg

FOTO-2-Dirigentes-del-sector-publico-y-privado-conmemoraran-el-día-del-trabajador-200x132.jpg

FOTO-2-Dirigentes-del-sector-publico-y-privado-conmemoraran-el-día-del-trabajador-300x198.jpg

FOTO-2-Dirigentes-del-sector-publico-y-privado-conmemoraran-el-día-del-trabajador-227x150.jpg

FOTO-2-Dirigentes-del-sector-publico-y-privado-conmemoraran-el-día-del-trabajador-400x264.jpg

https://eltrabajo.cl/portal/wp-content/uploads/2016/04/FOTO-2-Dirigentes-del-sector-publico-y-privado-conmemoraran-el-día-del-trabajador-400x264.jpg

FOTO-2-Dirigentes-del-sector-publico-y-privado-conmemoraran-el-día-del-trabajador-144x144.jpg

https://eltrabajo.cl/portal/wp-content/uploads/2016/04/FOTO-2-Dirigentes-del-sector-publico-y-privado-conmemoraran-el-día-del-trabajador-144x144.jpg

https://eltrabajo.cl/portal/wp-content/uploads/2016/04/FOTO-2-Dirigentes-del-sector-publico-y-privado-conmemoraran-el-día-del-trabajador.jpg
