{"id":69281,"date":"2016-04-29T09:35:57","date_gmt":"2016-04-29T12:35:57","guid":{"rendered":"http:\/\/www.eltrabajo.cl\/portal\/wp-content\/uploads\/2016\/04\/Taxista33.jpg"},"modified":"2016-04-29T09:36:12","modified_gmt":"2016-04-29T12:36:12","slug":"taxista33","status":"inherit","type":"attachment","link":"https:\/\/eltrabajo.cl\/portal\/nace-guagua-en-asiento-trasero-de-un-taxi-cuando-volaba-al-san-camilo\/taxista33\/","title":{"rendered":"Taxista33"},"author":1,"featured_media":0,"comment_status":"open","ping_status":"closed","template":"","meta":{"advanced_seo_description":"","jetpack_seo_html_title":"","jetpack_seo_noindex":false},"class_list":["post-69281","attachment","type-attachment","status-inherit","hentry"],"jetpack_sharing_enabled":true,"jetpack_likes_enabled":true,"description":{"rendered":"<p class=\"attachment\"><a href=\"https:\/\/i0.wp.com\/eltrabajo.cl\/portal\/wp-content\/uploads\/2016\/04\/Taxista33.jpg?ssl=1\"><img loading=\"lazy\" decoding=\"async\" width=\"300\" height=\"197\" src=\"https:\/\/i0.wp.com\/eltrabajo.cl\/portal\/wp-content\/uploads\/2016\/04\/Taxista33.jpg?fit=300%2C197&amp;ssl=1\" class=\"attachment-medium size-medium\" alt=\"\u00bfDOCTOR O TAXISTA?.- Marcos Saavedra relat\u00f3 en Exclusiva c\u00f3mo su taxi se convirti\u00f3 en una \u2018sala de partos\u2019 de la noche a la ma\u00f1ana.\" srcset=\"https:\/\/i0.wp.com\/eltrabajo.cl\/portal\/wp-content\/uploads\/2016\/04\/Taxista33.jpg?w=530&amp;ssl=1 530w, https:\/\/i0.wp.com\/eltrabajo.cl\/portal\/wp-content\/uploads\/2016\/04\/Taxista33.jpg?resize=200%2C131&amp;ssl=1 200w, https:\/\/i0.wp.com\/eltrabajo.cl\/portal\/wp-content\/uploads\/2016\/04\/Taxista33.jpg?resize=300%2C197&amp;ssl=1 300w, https:\/\/i0.wp.com\/eltrabajo.cl\/portal\/wp-content\/uploads\/2016\/04\/Taxista33.jpg?resize=228%2C150&amp;ssl=1 228w, https:\/\/i0.wp.com\/eltrabajo.cl\/portal\/wp-content\/uploads\/2016\/04\/Taxista33.jpg?resize=400%2C263&amp;ssl=1 400w\" sizes=\"auto, (max-width: 300px) 100vw, 300px\" \/><\/a><\/p>\n<p>\u00bfDOCTOR O TAXISTA?.- Marcos Saavedra relat\u00f3 en Exclusiva c\u00f3mo su taxi se convirti\u00f3 en una \u2018sala de partos\u2019 de la noche a la ma\u00f1ana.<\/p>\n"},"caption":{"rendered":"<p>\u00bfDOCTOR O TAXISTA?.- Marcos Saavedra relat\u00f3 en Exclusiva c\u00f3mo su taxi se convirti\u00f3 en una \u2018sala de partos\u2019 de la noche a la ma\u00f1ana.<\/p>\n"},"alt_text":"\u00bfDOCTOR O TAXISTA?.- Marcos Saavedra relat\u00f3 en Exclusiva c\u00f3mo su taxi se convirti\u00f3 en una \u2018sala de partos\u2019 de la noche a la ma\u00f1ana.","media_type":"image","mime_type":"image\/jpeg","media_details":{"width":530,"height":348,"file":"2016\/04\/Taxista33.jpg","sizes":{"thumbnail":{"file":"Taxista33-200x131.jpg","width":200,"height":131,"mime_type":"image\/jpeg","source_url":"https:\/\/i0.wp.com\/eltrabajo.cl\/portal\/wp-content\/uploads\/2016\/04\/Taxista33.jpg?fit=200%2C131&ssl=1"},"medium":{"file":"Taxista33-300x197.jpg","width":300,"height":197,"mime_type":"image\/jpeg","source_url":"https:\/\/i0.wp.com\/eltrabajo.cl\/portal\/wp-content\/uploads\/2016\/04\/Taxista33.jpg?fit=300%2C197&ssl=1"},"post-thumbnail":{"file":"Taxista33-228x150.jpg","width":228,"height":150,"mime_type":"image\/jpeg","source_url":"https:\/\/i0.wp.com\/eltrabajo.cl\/portal\/wp-content\/uploads\/2016\/04\/Taxista33.jpg?fit=228%2C150&ssl=1"},"single-post-thumbnail":{"file":"Taxista33-400x263.jpg","width":400,"height":263,"mime_type":"image\/jpeg","source_url":"https:\/\/eltrabajo.cl\/portal\/wp-content\/uploads\/2016\/04\/Taxista33-400x263.jpg"},"wptouch-new-thumbnail":{"file":"Taxista33-144x144.jpg","width":144,"height":144,"mime_type":"image\/jpeg","source_url":"https:\/\/eltrabajo.cl\/portal\/wp-content\/uploads\/2016\/04\/Taxista33-144x144.jpg"},"full":{"file":"Taxista33.jpg?fit=530%2C348&ssl=1","width":530,"height":348,"mime_type":"image\/jpeg","source_url":"https:\/\/i0.wp.com\/eltrabajo.cl\/portal\/wp-content\/uploads\/2016\/04\/Taxista33.jpg?fit=530%2C348&ssl=1"}},"image_meta":{"aperture":"0","credit":"","camera":"","caption":"","created_timestamp":"0","copyright":"","focal_length":"0","iso":"0","shutter_speed":"0","title":"","orientation":"0","keywords":[]}},"post":69280,"source_url":"https:\/\/eltrabajo.cl\/portal\/wp-content\/uploads\/2016\/04\/Taxista33.jpg","_links":{"self":[{"href":"https:\/\/eltrabajo.cl\/portal\/wp-json\/wp\/v2\/media\/69281","targetHints":{"allow":["GET"]}}],"collection":[{"href":"https:\/\/eltrabajo.cl\/portal\/wp-json\/wp\/v2\/media"}],"about":[{"href":"https:\/\/eltrabajo.cl\/portal\/wp-json\/wp\/v2\/types\/attachment"}],"author":[{"embeddable":true,"href":"https:\/\/eltrabajo.cl\/portal\/wp-json\/wp\/v2\/users\/1"}],"replies":[{"embeddable":true,"href":"https:\/\/eltrabajo.cl\/portal\/wp-json\/wp\/v2\/comments?post=69281"}],"wp:attached-to":[{"embeddable":true,"post_type":"post","id":69280,"href":"https:\/\/eltrabajo.cl\/portal\/wp-json\/wp\/v2\/posts\/69280"}],"curies":[{"name":"wp","href":"https:\/\/api.w.org\/{rel}","templated":true}]}}

<p class="attachment"><a href="https://i0.wp.com/eltrabajo.cl/portal/wp-content/uploads/2016/04/Taxista33.jpg?ssl=1"><img loading="lazy" decoding="async" width="300" height="197" src="https://i0.wp.com/eltrabajo.cl/portal/wp-content/uploads/2016/04/Taxista33.jpg?fit=300%2C197&amp;ssl=1" class="attachment-medium size-medium" alt="¿DOCTOR O TAXISTA?.- Marcos Saavedra relató en Exclusiva cómo su taxi se convirtió en una ‘sala de partos’ de la noche a la mañana." srcset="https://i0.wp.com/eltrabajo.cl/portal/wp-content/uploads/2016/04/Taxista33.jpg?w=530&amp;ssl=1 530w, https://i0.wp.com/eltrabajo.cl/portal/wp-content/uploads/2016/04/Taxista33.jpg?resize=200%2C131&amp;ssl=1 200w, https://i0.wp.com/eltrabajo.cl/portal/wp-content/uploads/2016/04/Taxista33.jpg?resize=300%2C197&amp;ssl=1 300w, https://i0.wp.com/eltrabajo.cl/portal/wp-content/uploads/2016/04/Taxista33.jpg?resize=228%2C150&amp;ssl=1 228w, https://i0.wp.com/eltrabajo.cl/portal/wp-content/uploads/2016/04/Taxista33.jpg?resize=400%2C263&amp;ssl=1 400w" sizes="auto, (max-width: 300px) 100vw, 300px" /></a></p>
<p>¿DOCTOR O TAXISTA?.- Marcos Saavedra relató en Exclusiva cómo su taxi se convirtió en una ‘sala de partos’ de la noche a la mañana.</p>

<p>¿DOCTOR O TAXISTA?.- Marcos Saavedra relató en Exclusiva cómo su taxi se convirtió en una ‘sala de partos’ de la noche a la mañana.</p>

¿DOCTOR O TAXISTA?.- Marcos Saavedra relató en Exclusiva cómo su taxi se convirtió en una ‘sala de partos’ de la noche a la mañana.
