{"id":69426,"date":"2016-05-05T08:52:09","date_gmt":"2016-05-05T11:52:09","guid":{"rendered":"http:\/\/www.eltrabajo.cl\/portal\/wp-content\/uploads\/2016\/05\/maria-luisa-cordero.jpg"},"modified":"2016-05-05T08:52:19","modified_gmt":"2016-05-05T11:52:19","slug":"maria-luisa-cordero","status":"inherit","type":"attachment","link":"https:\/\/eltrabajo.cl\/portal\/conocida-dra-maria-luisa-cordero-ofrecera-charla-en-sanfecoop\/maria-luisa-cordero\/","title":{"rendered":"La conocida Dra. Mar\u00eda Luisa Cordero estar\u00e1 compartiendo con socias e invitadas de Sanfecoop el pr\u00f3ximo martes 10 de mayo."},"author":1,"featured_media":0,"comment_status":"open","ping_status":"closed","template":"","meta":{"advanced_seo_description":"","jetpack_seo_html_title":"","jetpack_seo_noindex":false},"class_list":["post-69426","attachment","type-attachment","status-inherit","hentry"],"jetpack_sharing_enabled":true,"jetpack_likes_enabled":true,"description":{"rendered":"<p class=\"attachment\"><a href=\"https:\/\/i0.wp.com\/eltrabajo.cl\/portal\/wp-content\/uploads\/2016\/05\/maria-luisa-cordero.jpg?ssl=1\"><img loading=\"lazy\" decoding=\"async\" width=\"300\" height=\"197\" src=\"https:\/\/i0.wp.com\/eltrabajo.cl\/portal\/wp-content\/uploads\/2016\/05\/maria-luisa-cordero.jpg?fit=300%2C197&amp;ssl=1\" class=\"attachment-medium size-medium\" alt=\"La conocida Dra. Mar\u00eda Luisa Cordero estar\u00e1 compartiendo con socias e invitadas de Sanfecoop el pr\u00f3ximo martes 10 de mayo.\" srcset=\"https:\/\/i0.wp.com\/eltrabajo.cl\/portal\/wp-content\/uploads\/2016\/05\/maria-luisa-cordero.jpg?w=530&amp;ssl=1 530w, https:\/\/i0.wp.com\/eltrabajo.cl\/portal\/wp-content\/uploads\/2016\/05\/maria-luisa-cordero.jpg?resize=200%2C131&amp;ssl=1 200w, https:\/\/i0.wp.com\/eltrabajo.cl\/portal\/wp-content\/uploads\/2016\/05\/maria-luisa-cordero.jpg?resize=300%2C197&amp;ssl=1 300w, https:\/\/i0.wp.com\/eltrabajo.cl\/portal\/wp-content\/uploads\/2016\/05\/maria-luisa-cordero.jpg?resize=228%2C150&amp;ssl=1 228w, https:\/\/i0.wp.com\/eltrabajo.cl\/portal\/wp-content\/uploads\/2016\/05\/maria-luisa-cordero.jpg?resize=400%2C263&amp;ssl=1 400w\" sizes=\"auto, (max-width: 300px) 100vw, 300px\" \/><\/a><\/p>\n<p>La conocida Dra. Mar\u00eda Luisa Cordero estar\u00e1 compartiendo con socias e invitadas de Sanfecoop el pr\u00f3ximo martes 10 de mayo.<\/p>\n"},"caption":{"rendered":"<p>La conocida Dra. Mar\u00eda Luisa Cordero estar\u00e1 compartiendo con socias e invitadas de Sanfecoop el pr\u00f3ximo martes 10 de mayo.<\/p>\n"},"alt_text":"La conocida Dra. Mar\u00eda Luisa Cordero estar\u00e1 compartiendo con socias e invitadas de Sanfecoop el pr\u00f3ximo martes 10 de mayo.","media_type":"image","mime_type":"image\/jpeg","media_details":{"width":530,"height":348,"file":"2016\/05\/maria-luisa-cordero.jpg","sizes":{"thumbnail":{"file":"maria-luisa-cordero-200x131.jpg","width":200,"height":131,"mime_type":"image\/jpeg","source_url":"https:\/\/i0.wp.com\/eltrabajo.cl\/portal\/wp-content\/uploads\/2016\/05\/maria-luisa-cordero.jpg?fit=200%2C131&ssl=1"},"medium":{"file":"maria-luisa-cordero-300x197.jpg","width":300,"height":197,"mime_type":"image\/jpeg","source_url":"https:\/\/i0.wp.com\/eltrabajo.cl\/portal\/wp-content\/uploads\/2016\/05\/maria-luisa-cordero.jpg?fit=300%2C197&ssl=1"},"post-thumbnail":{"file":"maria-luisa-cordero-228x150.jpg","width":228,"height":150,"mime_type":"image\/jpeg","source_url":"https:\/\/i0.wp.com\/eltrabajo.cl\/portal\/wp-content\/uploads\/2016\/05\/maria-luisa-cordero.jpg?fit=228%2C150&ssl=1"},"single-post-thumbnail":{"file":"maria-luisa-cordero-400x263.jpg","width":400,"height":263,"mime_type":"image\/jpeg","source_url":"https:\/\/eltrabajo.cl\/portal\/wp-content\/uploads\/2016\/05\/maria-luisa-cordero-400x263.jpg"},"wptouch-new-thumbnail":{"file":"maria-luisa-cordero-144x144.jpg","width":144,"height":144,"mime_type":"image\/jpeg","source_url":"https:\/\/eltrabajo.cl\/portal\/wp-content\/uploads\/2016\/05\/maria-luisa-cordero-144x144.jpg"},"full":{"file":"maria-luisa-cordero.jpg?fit=530%2C348&ssl=1","width":530,"height":348,"mime_type":"image\/jpeg","source_url":"https:\/\/i0.wp.com\/eltrabajo.cl\/portal\/wp-content\/uploads\/2016\/05\/maria-luisa-cordero.jpg?fit=530%2C348&ssl=1"}},"image_meta":{"aperture":"0","credit":"","camera":"","caption":"","created_timestamp":"0","copyright":"","focal_length":"0","iso":"0","shutter_speed":"0","title":"","orientation":"0","keywords":[]}},"post":69425,"source_url":"https:\/\/eltrabajo.cl\/portal\/wp-content\/uploads\/2016\/05\/maria-luisa-cordero.jpg","_links":{"self":[{"href":"https:\/\/eltrabajo.cl\/portal\/wp-json\/wp\/v2\/media\/69426","targetHints":{"allow":["GET"]}}],"collection":[{"href":"https:\/\/eltrabajo.cl\/portal\/wp-json\/wp\/v2\/media"}],"about":[{"href":"https:\/\/eltrabajo.cl\/portal\/wp-json\/wp\/v2\/types\/attachment"}],"author":[{"embeddable":true,"href":"https:\/\/eltrabajo.cl\/portal\/wp-json\/wp\/v2\/users\/1"}],"replies":[{"embeddable":true,"href":"https:\/\/eltrabajo.cl\/portal\/wp-json\/wp\/v2\/comments?post=69426"}],"wp:attached-to":[{"embeddable":true,"post_type":"post","id":69425,"href":"https:\/\/eltrabajo.cl\/portal\/wp-json\/wp\/v2\/posts\/69425"}],"curies":[{"name":"wp","href":"https:\/\/api.w.org\/{rel}","templated":true}]}}

La conocida Dra. María Luisa Cordero estará compartiendo con socias e invitadas de Sanfecoop el próximo martes 10 de mayo.

<p class="attachment"><a href="https://i0.wp.com/eltrabajo.cl/portal/wp-content/uploads/2016/05/maria-luisa-cordero.jpg?ssl=1"><img loading="lazy" decoding="async" width="300" height="197" src="https://i0.wp.com/eltrabajo.cl/portal/wp-content/uploads/2016/05/maria-luisa-cordero.jpg?fit=300%2C197&amp;ssl=1" class="attachment-medium size-medium" alt="La conocida Dra. María Luisa Cordero estará compartiendo con socias e invitadas de Sanfecoop el próximo martes 10 de mayo." srcset="https://i0.wp.com/eltrabajo.cl/portal/wp-content/uploads/2016/05/maria-luisa-cordero.jpg?w=530&amp;ssl=1 530w, https://i0.wp.com/eltrabajo.cl/portal/wp-content/uploads/2016/05/maria-luisa-cordero.jpg?resize=200%2C131&amp;ssl=1 200w, https://i0.wp.com/eltrabajo.cl/portal/wp-content/uploads/2016/05/maria-luisa-cordero.jpg?resize=300%2C197&amp;ssl=1 300w, https://i0.wp.com/eltrabajo.cl/portal/wp-content/uploads/2016/05/maria-luisa-cordero.jpg?resize=228%2C150&amp;ssl=1 228w, https://i0.wp.com/eltrabajo.cl/portal/wp-content/uploads/2016/05/maria-luisa-cordero.jpg?resize=400%2C263&amp;ssl=1 400w" sizes="auto, (max-width: 300px) 100vw, 300px" /></a></p>
<p>La conocida Dra. María Luisa Cordero estará compartiendo con socias e invitadas de Sanfecoop el próximo martes 10 de mayo.</p>

<p>La conocida Dra. María Luisa Cordero estará compartiendo con socias e invitadas de Sanfecoop el próximo martes 10 de mayo.</p>
