{"id":69519,"date":"2016-05-09T08:40:49","date_gmt":"2016-05-09T11:40:49","guid":{"rendered":"http:\/\/www.eltrabajo.cl\/portal\/wp-content\/uploads\/2016\/05\/FOTO-1-Autoridades-participaron-en-la-plantaci.jpg"},"modified":"2016-05-09T08:41:01","modified_gmt":"2016-05-09T11:41:01","slug":"foto-1-autoridades-participaron-en-la-plantaci","status":"inherit","type":"attachment","link":"https:\/\/eltrabajo.cl\/portal\/se-inicio-proyecto-construccion-de-veredas-en-sector-de-las-cuatro-villas\/foto-1-autoridades-participaron-en-la-plantaci\/","title":{"rendered":"Autoridades participaron en la plantaci\u00f3n de un \u00e1rbol como s\u00edmbolo del proceso que se est\u00e1 iniciando en el sector \u2018Las cuatro Villas\u2019."},"author":1,"featured_media":0,"comment_status":"open","ping_status":"closed","template":"","meta":{"advanced_seo_description":"","jetpack_seo_html_title":"","jetpack_seo_noindex":false},"class_list":["post-69519","attachment","type-attachment","status-inherit","hentry"],"jetpack_sharing_enabled":true,"jetpack_likes_enabled":true,"description":{"rendered":"<p class=\"attachment\"><a href=\"https:\/\/i0.wp.com\/eltrabajo.cl\/portal\/wp-content\/uploads\/2016\/05\/FOTO-1-Autoridades-participaron-en-la-plantaci.jpg?ssl=1\"><img loading=\"lazy\" decoding=\"async\" width=\"300\" height=\"198\" src=\"https:\/\/i0.wp.com\/eltrabajo.cl\/portal\/wp-content\/uploads\/2016\/05\/FOTO-1-Autoridades-participaron-en-la-plantaci.jpg?fit=300%2C198&amp;ssl=1\" class=\"attachment-medium size-medium\" alt=\"Autoridades participaron en la plantaci\u00f3n de un \u00e1rbol como s\u00edmbolo del proceso que se est\u00e1 iniciando en el sector \u2018Las cuatro Villas\u2019.\" srcset=\"https:\/\/i0.wp.com\/eltrabajo.cl\/portal\/wp-content\/uploads\/2016\/05\/FOTO-1-Autoridades-participaron-en-la-plantaci.jpg?w=530&amp;ssl=1 530w, https:\/\/i0.wp.com\/eltrabajo.cl\/portal\/wp-content\/uploads\/2016\/05\/FOTO-1-Autoridades-participaron-en-la-plantaci.jpg?resize=200%2C132&amp;ssl=1 200w, https:\/\/i0.wp.com\/eltrabajo.cl\/portal\/wp-content\/uploads\/2016\/05\/FOTO-1-Autoridades-participaron-en-la-plantaci.jpg?resize=300%2C198&amp;ssl=1 300w, https:\/\/i0.wp.com\/eltrabajo.cl\/portal\/wp-content\/uploads\/2016\/05\/FOTO-1-Autoridades-participaron-en-la-plantaci.jpg?resize=227%2C150&amp;ssl=1 227w, https:\/\/i0.wp.com\/eltrabajo.cl\/portal\/wp-content\/uploads\/2016\/05\/FOTO-1-Autoridades-participaron-en-la-plantaci.jpg?resize=400%2C264&amp;ssl=1 400w\" sizes=\"auto, (max-width: 300px) 100vw, 300px\" \/><\/a><\/p>\n<p>Autoridades participaron en la plantaci\u00f3n de un \u00e1rbol como s\u00edmbolo del proceso que se est\u00e1 iniciando en el sector \u2018Las cuatro Villas\u2019.<\/p>\n"},"caption":{"rendered":"<p>Autoridades participaron en la plantaci\u00f3n de un \u00e1rbol como s\u00edmbolo del proceso que se est\u00e1 iniciando en el sector \u2018Las cuatro Villas\u2019.<\/p>\n"},"alt_text":"Autoridades participaron en la plantaci\u00f3n de un \u00e1rbol como s\u00edmbolo del proceso que se est\u00e1 iniciando en el sector \u2018Las cuatro Villas\u2019.","media_type":"image","mime_type":"image\/jpeg","media_details":{"width":530,"height":350,"file":"2016\/05\/FOTO-1-Autoridades-participaron-en-la-plantaci.jpg","sizes":{"thumbnail":{"file":"FOTO-1-Autoridades-participaron-en-la-plantaci-200x132.jpg","width":200,"height":132,"mime_type":"image\/jpeg","source_url":"https:\/\/i0.wp.com\/eltrabajo.cl\/portal\/wp-content\/uploads\/2016\/05\/FOTO-1-Autoridades-participaron-en-la-plantaci.jpg?fit=200%2C132&ssl=1"},"medium":{"file":"FOTO-1-Autoridades-participaron-en-la-plantaci-300x198.jpg","width":300,"height":198,"mime_type":"image\/jpeg","source_url":"https:\/\/i0.wp.com\/eltrabajo.cl\/portal\/wp-content\/uploads\/2016\/05\/FOTO-1-Autoridades-participaron-en-la-plantaci.jpg?fit=300%2C198&ssl=1"},"post-thumbnail":{"file":"FOTO-1-Autoridades-participaron-en-la-plantaci-227x150.jpg","width":227,"height":150,"mime_type":"image\/jpeg","source_url":"https:\/\/i0.wp.com\/eltrabajo.cl\/portal\/wp-content\/uploads\/2016\/05\/FOTO-1-Autoridades-participaron-en-la-plantaci.jpg?fit=227%2C150&ssl=1"},"single-post-thumbnail":{"file":"FOTO-1-Autoridades-participaron-en-la-plantaci-400x264.jpg","width":400,"height":264,"mime_type":"image\/jpeg","source_url":"https:\/\/eltrabajo.cl\/portal\/wp-content\/uploads\/2016\/05\/FOTO-1-Autoridades-participaron-en-la-plantaci-400x264.jpg"},"wptouch-new-thumbnail":{"file":"FOTO-1-Autoridades-participaron-en-la-plantaci-144x144.jpg","width":144,"height":144,"mime_type":"image\/jpeg","source_url":"https:\/\/eltrabajo.cl\/portal\/wp-content\/uploads\/2016\/05\/FOTO-1-Autoridades-participaron-en-la-plantaci-144x144.jpg"},"full":{"file":"FOTO-1-Autoridades-participaron-en-la-plantaci.jpg?fit=530%2C350&ssl=1","width":530,"height":350,"mime_type":"image\/jpeg","source_url":"https:\/\/i0.wp.com\/eltrabajo.cl\/portal\/wp-content\/uploads\/2016\/05\/FOTO-1-Autoridades-participaron-en-la-plantaci.jpg?fit=530%2C350&ssl=1"}},"image_meta":{"aperture":"0","credit":"","camera":"","caption":"","created_timestamp":"0","copyright":"","focal_length":"0","iso":"0","shutter_speed":"0","title":"","orientation":"0","keywords":[]}},"post":69518,"source_url":"https:\/\/eltrabajo.cl\/portal\/wp-content\/uploads\/2016\/05\/FOTO-1-Autoridades-participaron-en-la-plantaci.jpg","_links":{"self":[{"href":"https:\/\/eltrabajo.cl\/portal\/wp-json\/wp\/v2\/media\/69519","targetHints":{"allow":["GET"]}}],"collection":[{"href":"https:\/\/eltrabajo.cl\/portal\/wp-json\/wp\/v2\/media"}],"about":[{"href":"https:\/\/eltrabajo.cl\/portal\/wp-json\/wp\/v2\/types\/attachment"}],"author":[{"embeddable":true,"href":"https:\/\/eltrabajo.cl\/portal\/wp-json\/wp\/v2\/users\/1"}],"replies":[{"embeddable":true,"href":"https:\/\/eltrabajo.cl\/portal\/wp-json\/wp\/v2\/comments?post=69519"}],"wp:attached-to":[{"embeddable":true,"post_type":"post","id":69518,"href":"https:\/\/eltrabajo.cl\/portal\/wp-json\/wp\/v2\/posts\/69518"}],"curies":[{"name":"wp","href":"https:\/\/api.w.org\/{rel}","templated":true}]}}

Autoridades participaron en la plantación de un árbol como símbolo del proceso que se está iniciando en el sector ‘Las cuatro Villas’.

<p class="attachment"><a href="https://i0.wp.com/eltrabajo.cl/portal/wp-content/uploads/2016/05/FOTO-1-Autoridades-participaron-en-la-plantaci.jpg?ssl=1"><img loading="lazy" decoding="async" width="300" height="198" src="https://i0.wp.com/eltrabajo.cl/portal/wp-content/uploads/2016/05/FOTO-1-Autoridades-participaron-en-la-plantaci.jpg?fit=300%2C198&amp;ssl=1" class="attachment-medium size-medium" alt="Autoridades participaron en la plantación de un árbol como símbolo del proceso que se está iniciando en el sector ‘Las cuatro Villas’." srcset="https://i0.wp.com/eltrabajo.cl/portal/wp-content/uploads/2016/05/FOTO-1-Autoridades-participaron-en-la-plantaci.jpg?w=530&amp;ssl=1 530w, https://i0.wp.com/eltrabajo.cl/portal/wp-content/uploads/2016/05/FOTO-1-Autoridades-participaron-en-la-plantaci.jpg?resize=200%2C132&amp;ssl=1 200w, https://i0.wp.com/eltrabajo.cl/portal/wp-content/uploads/2016/05/FOTO-1-Autoridades-participaron-en-la-plantaci.jpg?resize=300%2C198&amp;ssl=1 300w, https://i0.wp.com/eltrabajo.cl/portal/wp-content/uploads/2016/05/FOTO-1-Autoridades-participaron-en-la-plantaci.jpg?resize=227%2C150&amp;ssl=1 227w, https://i0.wp.com/eltrabajo.cl/portal/wp-content/uploads/2016/05/FOTO-1-Autoridades-participaron-en-la-plantaci.jpg?resize=400%2C264&amp;ssl=1 400w" sizes="auto, (max-width: 300px) 100vw, 300px" /></a></p>
<p>Autoridades participaron en la plantación de un árbol como símbolo del proceso que se está iniciando en el sector ‘Las cuatro Villas’.</p>

<p>Autoridades participaron en la plantación de un árbol como símbolo del proceso que se está iniciando en el sector ‘Las cuatro Villas’.</p>
