{"id":69736,"date":"2016-05-13T08:51:23","date_gmt":"2016-05-13T11:51:23","guid":{"rendered":"http:\/\/www.eltrabajo.cl\/portal\/wp-content\/uploads\/2016\/05\/Indigencia33.jpg"},"modified":"2016-05-13T08:52:17","modified_gmt":"2016-05-13T11:52:17","slug":"indigencia33","status":"inherit","type":"attachment","link":"https:\/\/eltrabajo.cl\/portal\/indigente-que-sonaba-ser-periodista-pide-apoyo-para-salir-de-las-calles\/indigencia33\/","title":{"rendered":"DE RODILLAS, PERO NO VENCIDO.- Entre cartones y pl\u00e1sticos; recibiendo ropa y alimentaci\u00f3n de los sanfelipe\u00f1os y a veces en compa\u00f1\u00eda de algunos perros, as\u00ed transcurre la vida de Aladino Vivanco. Ocasionalmente Aladino duerme en Urgencias, del Hospital San Camilo. (Referencial)"},"author":1,"featured_media":0,"comment_status":"open","ping_status":"closed","template":"","meta":{"advanced_seo_description":"","jetpack_seo_html_title":"","jetpack_seo_noindex":false},"class_list":["post-69736","attachment","type-attachment","status-inherit","hentry"],"jetpack_sharing_enabled":true,"jetpack_likes_enabled":true,"description":{"rendered":"<p class=\"attachment\"><a href=\"https:\/\/i0.wp.com\/eltrabajo.cl\/portal\/wp-content\/uploads\/2016\/05\/Indigencia33.jpg?ssl=1\"><img loading=\"lazy\" decoding=\"async\" width=\"300\" height=\"198\" src=\"https:\/\/i0.wp.com\/eltrabajo.cl\/portal\/wp-content\/uploads\/2016\/05\/Indigencia33.jpg?fit=300%2C198&amp;ssl=1\" class=\"attachment-medium size-medium\" alt=\"DE RODILLAS, PERO NO VENCIDO.- Entre cartones y pl\u00e1sticos; recibiendo ropa y alimentaci\u00f3n de los sanfelipe\u00f1os y a veces en compa\u00f1\u00eda de algunos perros, as\u00ed transcurre la vida de Aladino Vivanco. Ocasionalmente Aladino duerme en Urgencias, del Hospital San Camilo. (Referencial)\" srcset=\"https:\/\/i0.wp.com\/eltrabajo.cl\/portal\/wp-content\/uploads\/2016\/05\/Indigencia33.jpg?w=530&amp;ssl=1 530w, https:\/\/i0.wp.com\/eltrabajo.cl\/portal\/wp-content\/uploads\/2016\/05\/Indigencia33.jpg?resize=200%2C132&amp;ssl=1 200w, https:\/\/i0.wp.com\/eltrabajo.cl\/portal\/wp-content\/uploads\/2016\/05\/Indigencia33.jpg?resize=300%2C198&amp;ssl=1 300w, https:\/\/i0.wp.com\/eltrabajo.cl\/portal\/wp-content\/uploads\/2016\/05\/Indigencia33.jpg?resize=227%2C150&amp;ssl=1 227w, https:\/\/i0.wp.com\/eltrabajo.cl\/portal\/wp-content\/uploads\/2016\/05\/Indigencia33.jpg?resize=400%2C264&amp;ssl=1 400w\" sizes=\"auto, (max-width: 300px) 100vw, 300px\" \/><\/a><\/p>\n<p>DE RODILLAS, PERO NO VENCIDO.- Entre cartones y pl\u00e1sticos; recibiendo ropa y alimentaci\u00f3n de los sanfelipe\u00f1os y a veces en compa\u00f1\u00eda de algunos perros, as\u00ed transcurre la vida de Aladino Vivanco. Ocasionalmente Aladino duerme en Urgencias, del Hospital San Camilo. (Referencial)<\/p>\n"},"caption":{"rendered":"<p>DE RODILLAS, PERO NO VENCIDO.- Entre cartones y pl\u00e1sticos; recibiendo ropa y alimentaci\u00f3n de los sanfelipe\u00f1os y a veces en compa\u00f1\u00eda de algunos perros, as\u00ed transcurre la vida de Aladino Vivanco. Ocasionalmente Aladino duerme en Urgencias, del Hospital San Camilo. (Referencial)<\/p>\n"},"alt_text":"DE RODILLAS, PERO NO VENCIDO.- Entre cartones y pl\u00e1sticos; recibiendo ropa y alimentaci\u00f3n de los sanfelipe\u00f1os y a veces en compa\u00f1\u00eda de algunos perros, as\u00ed transcurre la vida de Aladino Vivanco. Ocasionalmente Aladino duerme en Urgencias, del Hospital San Camilo. (Referencial)","media_type":"image","mime_type":"image\/jpeg","media_details":{"width":530,"height":350,"file":"2016\/05\/Indigencia33.jpg","sizes":{"thumbnail":{"file":"Indigencia33-200x132.jpg","width":200,"height":132,"mime_type":"image\/jpeg","source_url":"https:\/\/i0.wp.com\/eltrabajo.cl\/portal\/wp-content\/uploads\/2016\/05\/Indigencia33.jpg?fit=200%2C132&ssl=1"},"medium":{"file":"Indigencia33-300x198.jpg","width":300,"height":198,"mime_type":"image\/jpeg","source_url":"https:\/\/i0.wp.com\/eltrabajo.cl\/portal\/wp-content\/uploads\/2016\/05\/Indigencia33.jpg?fit=300%2C198&ssl=1"},"post-thumbnail":{"file":"Indigencia33-227x150.jpg","width":227,"height":150,"mime_type":"image\/jpeg","source_url":"https:\/\/i0.wp.com\/eltrabajo.cl\/portal\/wp-content\/uploads\/2016\/05\/Indigencia33.jpg?fit=227%2C150&ssl=1"},"single-post-thumbnail":{"file":"Indigencia33-400x264.jpg","width":400,"height":264,"mime_type":"image\/jpeg","source_url":"https:\/\/eltrabajo.cl\/portal\/wp-content\/uploads\/2016\/05\/Indigencia33-400x264.jpg"},"wptouch-new-thumbnail":{"file":"Indigencia33-144x144.jpg","width":144,"height":144,"mime_type":"image\/jpeg","source_url":"https:\/\/eltrabajo.cl\/portal\/wp-content\/uploads\/2016\/05\/Indigencia33-144x144.jpg"},"full":{"file":"Indigencia33.jpg?fit=530%2C350&ssl=1","width":530,"height":350,"mime_type":"image\/jpeg","source_url":"https:\/\/i0.wp.com\/eltrabajo.cl\/portal\/wp-content\/uploads\/2016\/05\/Indigencia33.jpg?fit=530%2C350&ssl=1"}},"image_meta":{"aperture":"0","credit":"","camera":"","caption":"","created_timestamp":"0","copyright":"","focal_length":"0","iso":"0","shutter_speed":"0","title":"","orientation":"0","keywords":[]}},"post":69734,"source_url":"https:\/\/eltrabajo.cl\/portal\/wp-content\/uploads\/2016\/05\/Indigencia33.jpg","_links":{"self":[{"href":"https:\/\/eltrabajo.cl\/portal\/wp-json\/wp\/v2\/media\/69736","targetHints":{"allow":["GET"]}}],"collection":[{"href":"https:\/\/eltrabajo.cl\/portal\/wp-json\/wp\/v2\/media"}],"about":[{"href":"https:\/\/eltrabajo.cl\/portal\/wp-json\/wp\/v2\/types\/attachment"}],"author":[{"embeddable":true,"href":"https:\/\/eltrabajo.cl\/portal\/wp-json\/wp\/v2\/users\/1"}],"replies":[{"embeddable":true,"href":"https:\/\/eltrabajo.cl\/portal\/wp-json\/wp\/v2\/comments?post=69736"}],"wp:attached-to":[{"embeddable":true,"post_type":"post","id":69734,"href":"https:\/\/eltrabajo.cl\/portal\/wp-json\/wp\/v2\/posts\/69734"}],"curies":[{"name":"wp","href":"https:\/\/api.w.org\/{rel}","templated":true}]}}

DE RODILLAS, PERO NO VENCIDO.- Entre cartones y plásticos; recibiendo ropa y alimentación de los sanfelipeños y a veces en compañía de algunos perros, así transcurre la vida de Aladino Vivanco. Ocasionalmente Aladino duerme en Urgencias, del Hospital San Camilo. (Referencial)

<p class="attachment"><a href="https://i0.wp.com/eltrabajo.cl/portal/wp-content/uploads/2016/05/Indigencia33.jpg?ssl=1"><img loading="lazy" decoding="async" width="300" height="198" src="https://i0.wp.com/eltrabajo.cl/portal/wp-content/uploads/2016/05/Indigencia33.jpg?fit=300%2C198&amp;ssl=1" class="attachment-medium size-medium" alt="DE RODILLAS, PERO NO VENCIDO.- Entre cartones y plásticos; recibiendo ropa y alimentación de los sanfelipeños y a veces en compañía de algunos perros, así transcurre la vida de Aladino Vivanco. Ocasionalmente Aladino duerme en Urgencias, del Hospital San Camilo. (Referencial)" srcset="https://i0.wp.com/eltrabajo.cl/portal/wp-content/uploads/2016/05/Indigencia33.jpg?w=530&amp;ssl=1 530w, https://i0.wp.com/eltrabajo.cl/portal/wp-content/uploads/2016/05/Indigencia33.jpg?resize=200%2C132&amp;ssl=1 200w, https://i0.wp.com/eltrabajo.cl/portal/wp-content/uploads/2016/05/Indigencia33.jpg?resize=300%2C198&amp;ssl=1 300w, https://i0.wp.com/eltrabajo.cl/portal/wp-content/uploads/2016/05/Indigencia33.jpg?resize=227%2C150&amp;ssl=1 227w, https://i0.wp.com/eltrabajo.cl/portal/wp-content/uploads/2016/05/Indigencia33.jpg?resize=400%2C264&amp;ssl=1 400w" sizes="auto, (max-width: 300px) 100vw, 300px" /></a></p>
<p>DE RODILLAS, PERO NO VENCIDO.- Entre cartones y plásticos; recibiendo ropa y alimentación de los sanfelipeños y a veces en compañía de algunos perros, así transcurre la vida de Aladino Vivanco. Ocasionalmente Aladino duerme en Urgencias, del Hospital San Camilo. (Referencial)</p>

<p>DE RODILLAS, PERO NO VENCIDO.- Entre cartones y plásticos; recibiendo ropa y alimentación de los sanfelipeños y a veces en compañía de algunos perros, así transcurre la vida de Aladino Vivanco. Ocasionalmente Aladino duerme en Urgencias, del Hospital San Camilo. (Referencial)</p>
