{"id":69758,"date":"2016-05-13T09:05:09","date_gmt":"2016-05-13T12:05:09","guid":{"rendered":"http:\/\/www.eltrabajo.cl\/portal\/wp-content\/uploads\/2016\/05\/Diesel2.jpg"},"modified":"2016-05-13T09:05:44","modified_gmt":"2016-05-13T12:05:44","slug":"diesel2","status":"inherit","type":"attachment","link":"https:\/\/eltrabajo.cl\/portal\/tres-inventos-de-industrialinos-compiten-en-concurso-nacional-de-genios\/diesel2\/","title":{"rendered":"NATURDIESEL.-  Ellos son Diego L\u00f3pez, Ra\u00fal Guti\u00e9rrez, el profesor Cristian Carmona y Mat\u00edas Mart\u00ednez, quienes est\u00e1n ya produciendo diesel de aceite vegetal."},"author":1,"featured_media":0,"comment_status":"open","ping_status":"closed","template":"","meta":{"advanced_seo_description":"","jetpack_seo_html_title":"","jetpack_seo_noindex":false},"class_list":["post-69758","attachment","type-attachment","status-inherit","hentry"],"jetpack_sharing_enabled":true,"jetpack_likes_enabled":true,"description":{"rendered":"<p class=\"attachment\"><a href=\"https:\/\/i0.wp.com\/eltrabajo.cl\/portal\/wp-content\/uploads\/2016\/05\/Diesel2.jpg?ssl=1\"><img loading=\"lazy\" decoding=\"async\" width=\"300\" height=\"198\" src=\"https:\/\/i0.wp.com\/eltrabajo.cl\/portal\/wp-content\/uploads\/2016\/05\/Diesel2.jpg?fit=300%2C198&amp;ssl=1\" class=\"attachment-medium size-medium\" alt=\"NATURDIESEL.- Ellos son Diego L\u00f3pez, Ra\u00fal Guti\u00e9rrez, el profesor Cristian Carmona y Mat\u00edas Mart\u00ednez, quienes est\u00e1n ya produciendo diesel de aceite vegetal.\" srcset=\"https:\/\/i0.wp.com\/eltrabajo.cl\/portal\/wp-content\/uploads\/2016\/05\/Diesel2.jpg?w=530&amp;ssl=1 530w, https:\/\/i0.wp.com\/eltrabajo.cl\/portal\/wp-content\/uploads\/2016\/05\/Diesel2.jpg?resize=200%2C132&amp;ssl=1 200w, https:\/\/i0.wp.com\/eltrabajo.cl\/portal\/wp-content\/uploads\/2016\/05\/Diesel2.jpg?resize=300%2C198&amp;ssl=1 300w, https:\/\/i0.wp.com\/eltrabajo.cl\/portal\/wp-content\/uploads\/2016\/05\/Diesel2.jpg?resize=228%2C150&amp;ssl=1 228w, https:\/\/i0.wp.com\/eltrabajo.cl\/portal\/wp-content\/uploads\/2016\/05\/Diesel2.jpg?resize=400%2C263&amp;ssl=1 400w\" sizes=\"auto, (max-width: 300px) 100vw, 300px\" \/><\/a><\/p>\n<p>NATURDIESEL.-  Ellos son Diego L\u00f3pez, Ra\u00fal Guti\u00e9rrez, el profesor Cristian Carmona y Mat\u00edas Mart\u00ednez, quienes est\u00e1n ya produciendo diesel de aceite vegetal.<\/p>\n"},"caption":{"rendered":"<p>NATURDIESEL.-  Ellos son Diego L\u00f3pez, Ra\u00fal Guti\u00e9rrez, el profesor Cristian Carmona y Mat\u00edas Mart\u00ednez, quienes est\u00e1n ya produciendo diesel de aceite vegetal.<\/p>\n"},"alt_text":"NATURDIESEL.- Ellos son Diego L\u00f3pez, Ra\u00fal Guti\u00e9rrez, el profesor Cristian Carmona y Mat\u00edas Mart\u00ednez, quienes est\u00e1n ya produciendo diesel de aceite vegetal.","media_type":"image","mime_type":"image\/jpeg","media_details":{"width":530,"height":349,"file":"2016\/05\/Diesel2.jpg","sizes":{"thumbnail":{"file":"Diesel2-200x132.jpg","width":200,"height":132,"mime_type":"image\/jpeg","source_url":"https:\/\/i0.wp.com\/eltrabajo.cl\/portal\/wp-content\/uploads\/2016\/05\/Diesel2.jpg?fit=200%2C132&ssl=1"},"medium":{"file":"Diesel2-300x198.jpg","width":300,"height":198,"mime_type":"image\/jpeg","source_url":"https:\/\/i0.wp.com\/eltrabajo.cl\/portal\/wp-content\/uploads\/2016\/05\/Diesel2.jpg?fit=300%2C198&ssl=1"},"post-thumbnail":{"file":"Diesel2-228x150.jpg","width":228,"height":150,"mime_type":"image\/jpeg","source_url":"https:\/\/i0.wp.com\/eltrabajo.cl\/portal\/wp-content\/uploads\/2016\/05\/Diesel2.jpg?fit=228%2C150&ssl=1"},"single-post-thumbnail":{"file":"Diesel2-400x263.jpg","width":400,"height":263,"mime_type":"image\/jpeg","source_url":"https:\/\/eltrabajo.cl\/portal\/wp-content\/uploads\/2016\/05\/Diesel2-400x263.jpg"},"wptouch-new-thumbnail":{"file":"Diesel2-144x144.jpg","width":144,"height":144,"mime_type":"image\/jpeg","source_url":"https:\/\/eltrabajo.cl\/portal\/wp-content\/uploads\/2016\/05\/Diesel2-144x144.jpg"},"full":{"file":"Diesel2.jpg?fit=530%2C349&ssl=1","width":530,"height":349,"mime_type":"image\/jpeg","source_url":"https:\/\/i0.wp.com\/eltrabajo.cl\/portal\/wp-content\/uploads\/2016\/05\/Diesel2.jpg?fit=530%2C349&ssl=1"}},"image_meta":{"aperture":"0","credit":"","camera":"","caption":"","created_timestamp":"0","copyright":"","focal_length":"0","iso":"0","shutter_speed":"0","title":"","orientation":"0","keywords":[]}},"post":69754,"source_url":"https:\/\/eltrabajo.cl\/portal\/wp-content\/uploads\/2016\/05\/Diesel2.jpg","_links":{"self":[{"href":"https:\/\/eltrabajo.cl\/portal\/wp-json\/wp\/v2\/media\/69758","targetHints":{"allow":["GET"]}}],"collection":[{"href":"https:\/\/eltrabajo.cl\/portal\/wp-json\/wp\/v2\/media"}],"about":[{"href":"https:\/\/eltrabajo.cl\/portal\/wp-json\/wp\/v2\/types\/attachment"}],"author":[{"embeddable":true,"href":"https:\/\/eltrabajo.cl\/portal\/wp-json\/wp\/v2\/users\/1"}],"replies":[{"embeddable":true,"href":"https:\/\/eltrabajo.cl\/portal\/wp-json\/wp\/v2\/comments?post=69758"}],"wp:attached-to":[{"embeddable":true,"post_type":"post","id":69754,"href":"https:\/\/eltrabajo.cl\/portal\/wp-json\/wp\/v2\/posts\/69754"}],"curies":[{"name":"wp","href":"https:\/\/api.w.org\/{rel}","templated":true}]}}

NATURDIESEL.-  Ellos son Diego López, Raúl Gutiérrez, el profesor Cristian Carmona y Matías Martínez, quienes están ya produciendo diesel de aceite vegetal.

<p class="attachment"><a href="https://i0.wp.com/eltrabajo.cl/portal/wp-content/uploads/2016/05/Diesel2.jpg?ssl=1"><img loading="lazy" decoding="async" width="300" height="198" src="https://i0.wp.com/eltrabajo.cl/portal/wp-content/uploads/2016/05/Diesel2.jpg?fit=300%2C198&amp;ssl=1" class="attachment-medium size-medium" alt="NATURDIESEL.- Ellos son Diego López, Raúl Gutiérrez, el profesor Cristian Carmona y Matías Martínez, quienes están ya produciendo diesel de aceite vegetal." srcset="https://i0.wp.com/eltrabajo.cl/portal/wp-content/uploads/2016/05/Diesel2.jpg?w=530&amp;ssl=1 530w, https://i0.wp.com/eltrabajo.cl/portal/wp-content/uploads/2016/05/Diesel2.jpg?resize=200%2C132&amp;ssl=1 200w, https://i0.wp.com/eltrabajo.cl/portal/wp-content/uploads/2016/05/Diesel2.jpg?resize=300%2C198&amp;ssl=1 300w, https://i0.wp.com/eltrabajo.cl/portal/wp-content/uploads/2016/05/Diesel2.jpg?resize=228%2C150&amp;ssl=1 228w, https://i0.wp.com/eltrabajo.cl/portal/wp-content/uploads/2016/05/Diesel2.jpg?resize=400%2C263&amp;ssl=1 400w" sizes="auto, (max-width: 300px) 100vw, 300px" /></a></p>
<p>NATURDIESEL.-  Ellos son Diego López, Raúl Gutiérrez, el profesor Cristian Carmona y Matías Martínez, quienes están ya produciendo diesel de aceite vegetal.</p>

<p>NATURDIESEL.-  Ellos son Diego López, Raúl Gutiérrez, el profesor Cristian Carmona y Matías Martínez, quienes están ya produciendo diesel de aceite vegetal.</p>

NATURDIESEL.- Ellos son Diego López, Raúl Gutiérrez, el profesor Cristian Carmona y Matías Martínez, quienes están ya produciendo diesel de aceite vegetal.
