{"id":69968,"date":"2016-05-20T09:28:13","date_gmt":"2016-05-20T13:28:13","guid":{"rendered":"http:\/\/www.eltrabajo.cl\/portal\/wp-content\/uploads\/2016\/05\/CAJERO-CHAGRES.jpg"},"modified":"2016-05-20T09:28:22","modified_gmt":"2016-05-20T13:28:22","slug":"cajero-chagres","status":"inherit","type":"attachment","link":"https:\/\/eltrabajo.cl\/portal\/antisociales-se-fueron-con-las-manos-vacias-tras-estallar-cajero-de-chagres\/cajero-chagres\/","title":{"rendered":"S\u00f3lo da\u00f1os a la estructura del cajero y el habit\u00e1culo provocaron los antisociales tras la explosi\u00f3n por saturaci\u00f3n de gas ocurrido pasada la medianoche de ayer en el sector de Chagres de Catemu."},"author":1,"featured_media":0,"comment_status":"open","ping_status":"closed","template":"","meta":{"advanced_seo_description":"","jetpack_seo_html_title":"","jetpack_seo_noindex":false},"class_list":["post-69968","attachment","type-attachment","status-inherit","hentry"],"jetpack_sharing_enabled":true,"jetpack_likes_enabled":true,"description":{"rendered":"<p class=\"attachment\"><a href=\"https:\/\/i0.wp.com\/eltrabajo.cl\/portal\/wp-content\/uploads\/2016\/05\/CAJERO-CHAGRES.jpg?ssl=1\"><img loading=\"lazy\" decoding=\"async\" width=\"300\" height=\"198\" src=\"https:\/\/i0.wp.com\/eltrabajo.cl\/portal\/wp-content\/uploads\/2016\/05\/CAJERO-CHAGRES.jpg?fit=300%2C198&amp;ssl=1\" class=\"attachment-medium size-medium\" alt=\"S\u00f3lo da\u00f1os a la estructura del cajero y el habit\u00e1culo provocaron los antisociales tras la explosi\u00f3n por saturaci\u00f3n de gas ocurrido pasada la medianoche de ayer en el sector de Chagres de Catemu.\" srcset=\"https:\/\/i0.wp.com\/eltrabajo.cl\/portal\/wp-content\/uploads\/2016\/05\/CAJERO-CHAGRES.jpg?w=530&amp;ssl=1 530w, https:\/\/i0.wp.com\/eltrabajo.cl\/portal\/wp-content\/uploads\/2016\/05\/CAJERO-CHAGRES.jpg?resize=200%2C132&amp;ssl=1 200w, https:\/\/i0.wp.com\/eltrabajo.cl\/portal\/wp-content\/uploads\/2016\/05\/CAJERO-CHAGRES.jpg?resize=300%2C198&amp;ssl=1 300w, https:\/\/i0.wp.com\/eltrabajo.cl\/portal\/wp-content\/uploads\/2016\/05\/CAJERO-CHAGRES.jpg?resize=227%2C150&amp;ssl=1 227w, https:\/\/i0.wp.com\/eltrabajo.cl\/portal\/wp-content\/uploads\/2016\/05\/CAJERO-CHAGRES.jpg?resize=400%2C264&amp;ssl=1 400w\" sizes=\"auto, (max-width: 300px) 100vw, 300px\" \/><\/a><\/p>\n<p>S\u00f3lo da\u00f1os a la estructura del cajero y el habit\u00e1culo provocaron los antisociales tras la explosi\u00f3n por saturaci\u00f3n de gas ocurrido pasada la medianoche de ayer en el sector de Chagres de Catemu.<\/p>\n"},"caption":{"rendered":"<p>S\u00f3lo da\u00f1os a la estructura del cajero y el habit\u00e1culo provocaron los antisociales tras la explosi\u00f3n por saturaci\u00f3n de gas ocurrido pasada la medianoche de ayer en el sector de Chagres de Catemu.<\/p>\n"},"alt_text":"S\u00f3lo da\u00f1os a la estructura del cajero y el habit\u00e1culo provocaron los antisociales tras la explosi\u00f3n por saturaci\u00f3n de gas ocurrido pasada la medianoche de ayer en el sector de Chagres de Catemu.","media_type":"image","mime_type":"image\/jpeg","media_details":{"width":530,"height":350,"file":"2016\/05\/CAJERO-CHAGRES.jpg","sizes":{"thumbnail":{"file":"CAJERO-CHAGRES-200x132.jpg","width":200,"height":132,"mime_type":"image\/jpeg","source_url":"https:\/\/i0.wp.com\/eltrabajo.cl\/portal\/wp-content\/uploads\/2016\/05\/CAJERO-CHAGRES.jpg?fit=200%2C132&ssl=1"},"medium":{"file":"CAJERO-CHAGRES-300x198.jpg","width":300,"height":198,"mime_type":"image\/jpeg","source_url":"https:\/\/i0.wp.com\/eltrabajo.cl\/portal\/wp-content\/uploads\/2016\/05\/CAJERO-CHAGRES.jpg?fit=300%2C198&ssl=1"},"post-thumbnail":{"file":"CAJERO-CHAGRES-227x150.jpg","width":227,"height":150,"mime_type":"image\/jpeg","source_url":"https:\/\/i0.wp.com\/eltrabajo.cl\/portal\/wp-content\/uploads\/2016\/05\/CAJERO-CHAGRES.jpg?fit=227%2C150&ssl=1"},"single-post-thumbnail":{"file":"CAJERO-CHAGRES-400x264.jpg","width":400,"height":264,"mime_type":"image\/jpeg","source_url":"https:\/\/eltrabajo.cl\/portal\/wp-content\/uploads\/2016\/05\/CAJERO-CHAGRES-400x264.jpg"},"wptouch-new-thumbnail":{"file":"CAJERO-CHAGRES-144x144.jpg","width":144,"height":144,"mime_type":"image\/jpeg","source_url":"https:\/\/eltrabajo.cl\/portal\/wp-content\/uploads\/2016\/05\/CAJERO-CHAGRES-144x144.jpg"},"full":{"file":"CAJERO-CHAGRES.jpg?fit=530%2C350&ssl=1","width":530,"height":350,"mime_type":"image\/jpeg","source_url":"https:\/\/i0.wp.com\/eltrabajo.cl\/portal\/wp-content\/uploads\/2016\/05\/CAJERO-CHAGRES.jpg?fit=530%2C350&ssl=1"}},"image_meta":{"aperture":"0","credit":"","camera":"","caption":"","created_timestamp":"0","copyright":"","focal_length":"0","iso":"0","shutter_speed":"0","title":"","orientation":"0","keywords":[]}},"post":69967,"source_url":"https:\/\/eltrabajo.cl\/portal\/wp-content\/uploads\/2016\/05\/CAJERO-CHAGRES.jpg","_links":{"self":[{"href":"https:\/\/eltrabajo.cl\/portal\/wp-json\/wp\/v2\/media\/69968","targetHints":{"allow":["GET"]}}],"collection":[{"href":"https:\/\/eltrabajo.cl\/portal\/wp-json\/wp\/v2\/media"}],"about":[{"href":"https:\/\/eltrabajo.cl\/portal\/wp-json\/wp\/v2\/types\/attachment"}],"author":[{"embeddable":true,"href":"https:\/\/eltrabajo.cl\/portal\/wp-json\/wp\/v2\/users\/1"}],"replies":[{"embeddable":true,"href":"https:\/\/eltrabajo.cl\/portal\/wp-json\/wp\/v2\/comments?post=69968"}],"wp:attached-to":[{"embeddable":true,"post_type":"post","id":69967,"href":"https:\/\/eltrabajo.cl\/portal\/wp-json\/wp\/v2\/posts\/69967"}],"curies":[{"name":"wp","href":"https:\/\/api.w.org\/{rel}","templated":true}]}}

Sólo daños a la estructura del cajero y el habitáculo provocaron los antisociales tras la explosión por saturación de gas ocurrido pasada la medianoche de ayer en el sector de Chagres de Catemu.

<p class="attachment"><a href="https://i0.wp.com/eltrabajo.cl/portal/wp-content/uploads/2016/05/CAJERO-CHAGRES.jpg?ssl=1"><img loading="lazy" decoding="async" width="300" height="198" src="https://i0.wp.com/eltrabajo.cl/portal/wp-content/uploads/2016/05/CAJERO-CHAGRES.jpg?fit=300%2C198&amp;ssl=1" class="attachment-medium size-medium" alt="Sólo daños a la estructura del cajero y el habitáculo provocaron los antisociales tras la explosión por saturación de gas ocurrido pasada la medianoche de ayer en el sector de Chagres de Catemu." srcset="https://i0.wp.com/eltrabajo.cl/portal/wp-content/uploads/2016/05/CAJERO-CHAGRES.jpg?w=530&amp;ssl=1 530w, https://i0.wp.com/eltrabajo.cl/portal/wp-content/uploads/2016/05/CAJERO-CHAGRES.jpg?resize=200%2C132&amp;ssl=1 200w, https://i0.wp.com/eltrabajo.cl/portal/wp-content/uploads/2016/05/CAJERO-CHAGRES.jpg?resize=300%2C198&amp;ssl=1 300w, https://i0.wp.com/eltrabajo.cl/portal/wp-content/uploads/2016/05/CAJERO-CHAGRES.jpg?resize=227%2C150&amp;ssl=1 227w, https://i0.wp.com/eltrabajo.cl/portal/wp-content/uploads/2016/05/CAJERO-CHAGRES.jpg?resize=400%2C264&amp;ssl=1 400w" sizes="auto, (max-width: 300px) 100vw, 300px" /></a></p>
<p>Sólo daños a la estructura del cajero y el habitáculo provocaron los antisociales tras la explosión por saturación de gas ocurrido pasada la medianoche de ayer en el sector de Chagres de Catemu.</p>

<p>Sólo daños a la estructura del cajero y el habitáculo provocaron los antisociales tras la explosión por saturación de gas ocurrido pasada la medianoche de ayer en el sector de Chagres de Catemu.</p>
