{"id":70041,"date":"2016-05-24T09:11:03","date_gmt":"2016-05-24T13:11:03","guid":{"rendered":"http:\/\/www.eltrabajo.cl\/portal\/wp-content\/uploads\/2016\/05\/cema3.jpg"},"modified":"2016-05-24T09:11:11","modified_gmt":"2016-05-24T13:11:11","slug":"cema3","status":"inherit","type":"attachment","link":"https:\/\/eltrabajo.cl\/portal\/cema-aun-mantiene-dos-propiedades-de-las-cinco-que-tenia-en-los-andes\/cema3\/","title":{"rendered":"Ser\u00edan 2 propiedades, las que en teor\u00eda podr\u00eda recuperar el Fisco antes que sean vendidas por la fundaci\u00f3n que preside la esposa de Pinochet."},"author":1,"featured_media":0,"comment_status":"open","ping_status":"closed","template":"","meta":{"advanced_seo_description":"","jetpack_seo_html_title":"","jetpack_seo_noindex":false},"class_list":["post-70041","attachment","type-attachment","status-inherit","hentry"],"jetpack_sharing_enabled":true,"jetpack_likes_enabled":true,"description":{"rendered":"<p class=\"attachment\"><a href=\"https:\/\/i0.wp.com\/eltrabajo.cl\/portal\/wp-content\/uploads\/2016\/05\/cema3.jpg?ssl=1\"><img loading=\"lazy\" decoding=\"async\" width=\"300\" height=\"198\" src=\"https:\/\/i0.wp.com\/eltrabajo.cl\/portal\/wp-content\/uploads\/2016\/05\/cema3.jpg?fit=300%2C198&amp;ssl=1\" class=\"attachment-medium size-medium\" alt=\"Ser\u00edan 2 propiedades, las que en teor\u00eda podr\u00eda recuperar el Fisco antes que sean vendidas por la fundaci\u00f3n que preside la esposa de Pinochet.\" srcset=\"https:\/\/i0.wp.com\/eltrabajo.cl\/portal\/wp-content\/uploads\/2016\/05\/cema3.jpg?w=530&amp;ssl=1 530w, https:\/\/i0.wp.com\/eltrabajo.cl\/portal\/wp-content\/uploads\/2016\/05\/cema3.jpg?resize=200%2C132&amp;ssl=1 200w, https:\/\/i0.wp.com\/eltrabajo.cl\/portal\/wp-content\/uploads\/2016\/05\/cema3.jpg?resize=300%2C198&amp;ssl=1 300w, https:\/\/i0.wp.com\/eltrabajo.cl\/portal\/wp-content\/uploads\/2016\/05\/cema3.jpg?resize=228%2C150&amp;ssl=1 228w, https:\/\/i0.wp.com\/eltrabajo.cl\/portal\/wp-content\/uploads\/2016\/05\/cema3.jpg?resize=400%2C263&amp;ssl=1 400w\" sizes=\"auto, (max-width: 300px) 100vw, 300px\" \/><\/a><\/p>\n<p>Ser\u00edan 2 propiedades, las que en teor\u00eda podr\u00eda recuperar el Fisco antes que sean vendidas por la fundaci\u00f3n que preside la esposa de Pinochet.<\/p>\n"},"caption":{"rendered":"<p>Ser\u00edan 2 propiedades, las que en teor\u00eda podr\u00eda recuperar el Fisco antes que sean vendidas por la fundaci\u00f3n que preside la esposa de Pinochet.<\/p>\n"},"alt_text":"Ser\u00edan 2 propiedades, las que en teor\u00eda podr\u00eda recuperar el Fisco antes que sean vendidas por la fundaci\u00f3n que preside la esposa de Pinochet.","media_type":"image","mime_type":"image\/jpeg","media_details":{"width":530,"height":349,"file":"2016\/05\/cema3.jpg","sizes":{"thumbnail":{"file":"cema3-200x132.jpg","width":200,"height":132,"mime_type":"image\/jpeg","source_url":"https:\/\/i0.wp.com\/eltrabajo.cl\/portal\/wp-content\/uploads\/2016\/05\/cema3.jpg?fit=200%2C132&ssl=1"},"medium":{"file":"cema3-300x198.jpg","width":300,"height":198,"mime_type":"image\/jpeg","source_url":"https:\/\/i0.wp.com\/eltrabajo.cl\/portal\/wp-content\/uploads\/2016\/05\/cema3.jpg?fit=300%2C198&ssl=1"},"post-thumbnail":{"file":"cema3-228x150.jpg","width":228,"height":150,"mime_type":"image\/jpeg","source_url":"https:\/\/i0.wp.com\/eltrabajo.cl\/portal\/wp-content\/uploads\/2016\/05\/cema3.jpg?fit=228%2C150&ssl=1"},"single-post-thumbnail":{"file":"cema3-400x263.jpg","width":400,"height":263,"mime_type":"image\/jpeg","source_url":"https:\/\/eltrabajo.cl\/portal\/wp-content\/uploads\/2016\/05\/cema3-400x263.jpg"},"wptouch-new-thumbnail":{"file":"cema3-144x144.jpg","width":144,"height":144,"mime_type":"image\/jpeg","source_url":"https:\/\/eltrabajo.cl\/portal\/wp-content\/uploads\/2016\/05\/cema3-144x144.jpg"},"full":{"file":"cema3.jpg?fit=530%2C349&ssl=1","width":530,"height":349,"mime_type":"image\/jpeg","source_url":"https:\/\/i0.wp.com\/eltrabajo.cl\/portal\/wp-content\/uploads\/2016\/05\/cema3.jpg?fit=530%2C349&ssl=1"}},"image_meta":{"aperture":"0","credit":"","camera":"","caption":"","created_timestamp":"0","copyright":"","focal_length":"0","iso":"0","shutter_speed":"0","title":"","orientation":"0","keywords":[]}},"post":70040,"source_url":"https:\/\/eltrabajo.cl\/portal\/wp-content\/uploads\/2016\/05\/cema3.jpg","_links":{"self":[{"href":"https:\/\/eltrabajo.cl\/portal\/wp-json\/wp\/v2\/media\/70041","targetHints":{"allow":["GET"]}}],"collection":[{"href":"https:\/\/eltrabajo.cl\/portal\/wp-json\/wp\/v2\/media"}],"about":[{"href":"https:\/\/eltrabajo.cl\/portal\/wp-json\/wp\/v2\/types\/attachment"}],"author":[{"embeddable":true,"href":"https:\/\/eltrabajo.cl\/portal\/wp-json\/wp\/v2\/users\/1"}],"replies":[{"embeddable":true,"href":"https:\/\/eltrabajo.cl\/portal\/wp-json\/wp\/v2\/comments?post=70041"}],"wp:attached-to":[{"embeddable":true,"post_type":"post","id":70040,"href":"https:\/\/eltrabajo.cl\/portal\/wp-json\/wp\/v2\/posts\/70040"}],"curies":[{"name":"wp","href":"https:\/\/api.w.org\/{rel}","templated":true}]}}

Serían 2 propiedades, las que en teoría podría recuperar el Fisco antes que sean vendidas por la fundación que preside la esposa de Pinochet.

<p class="attachment"><a href="https://i0.wp.com/eltrabajo.cl/portal/wp-content/uploads/2016/05/cema3.jpg?ssl=1"><img loading="lazy" decoding="async" width="300" height="198" src="https://i0.wp.com/eltrabajo.cl/portal/wp-content/uploads/2016/05/cema3.jpg?fit=300%2C198&amp;ssl=1" class="attachment-medium size-medium" alt="Serían 2 propiedades, las que en teoría podría recuperar el Fisco antes que sean vendidas por la fundación que preside la esposa de Pinochet." srcset="https://i0.wp.com/eltrabajo.cl/portal/wp-content/uploads/2016/05/cema3.jpg?w=530&amp;ssl=1 530w, https://i0.wp.com/eltrabajo.cl/portal/wp-content/uploads/2016/05/cema3.jpg?resize=200%2C132&amp;ssl=1 200w, https://i0.wp.com/eltrabajo.cl/portal/wp-content/uploads/2016/05/cema3.jpg?resize=300%2C198&amp;ssl=1 300w, https://i0.wp.com/eltrabajo.cl/portal/wp-content/uploads/2016/05/cema3.jpg?resize=228%2C150&amp;ssl=1 228w, https://i0.wp.com/eltrabajo.cl/portal/wp-content/uploads/2016/05/cema3.jpg?resize=400%2C263&amp;ssl=1 400w" sizes="auto, (max-width: 300px) 100vw, 300px" /></a></p>
<p>Serían 2 propiedades, las que en teoría podría recuperar el Fisco antes que sean vendidas por la fundación que preside la esposa de Pinochet.</p>

<p>Serían 2 propiedades, las que en teoría podría recuperar el Fisco antes que sean vendidas por la fundación que preside la esposa de Pinochet.</p>
