{"id":70077,"date":"2016-05-24T09:31:54","date_gmt":"2016-05-24T13:31:54","guid":{"rendered":"http:\/\/www.eltrabajo.cl\/portal\/wp-content\/uploads\/2016\/05\/Sargento-Segundo-Luis-Medina-gendarme-del-CCP-San-Felipe.jpg"},"modified":"2016-05-24T09:32:17","modified_gmt":"2016-05-24T13:32:17","slug":"sargento-segundo-luis-medina-gendarme-del-ccp-san-felipe","status":"inherit","type":"attachment","link":"https:\/\/eltrabajo.cl\/portal\/gendarme-del-ccp-san-felipe-se-suma-a-huelga-de-hambre-liquida\/sargento-segundo-luis-medina-gendarme-del-ccp-san-felipe\/","title":{"rendered":"Sargento Segundo Luis Medina, Gendarme del CCP San Felipe, se uni\u00f3 a Huelga de Hambre L\u00edquida que ya suma m\u00e1s de 20 funcionarios de la Instituci\u00f3n a nivel nacional."},"author":1,"featured_media":0,"comment_status":"open","ping_status":"closed","template":"","meta":{"advanced_seo_description":"","jetpack_seo_html_title":"","jetpack_seo_noindex":false},"class_list":["post-70077","attachment","type-attachment","status-inherit","hentry"],"jetpack_sharing_enabled":true,"jetpack_likes_enabled":true,"description":{"rendered":"<p class=\"attachment\"><a href=\"https:\/\/i0.wp.com\/eltrabajo.cl\/portal\/wp-content\/uploads\/2016\/05\/Sargento-Segundo-Luis-Medina-gendarme-del-CCP-San-Felipe.jpg?ssl=1\"><img loading=\"lazy\" decoding=\"async\" width=\"248\" height=\"300\" src=\"https:\/\/i0.wp.com\/eltrabajo.cl\/portal\/wp-content\/uploads\/2016\/05\/Sargento-Segundo-Luis-Medina-gendarme-del-CCP-San-Felipe.jpg?fit=248%2C300&amp;ssl=1\" class=\"attachment-medium size-medium\" alt=\"Sargento Segundo Luis Medina, Gendarme del CCP San Felipe, se uni\u00f3 a Huelga de Hambre L\u00edquida que ya suma m\u00e1s de 20 funcionarios de la Instituci\u00f3n a nivel nacional.\" srcset=\"https:\/\/i0.wp.com\/eltrabajo.cl\/portal\/wp-content\/uploads\/2016\/05\/Sargento-Segundo-Luis-Medina-gendarme-del-CCP-San-Felipe.jpg?w=530&amp;ssl=1 530w, https:\/\/i0.wp.com\/eltrabajo.cl\/portal\/wp-content\/uploads\/2016\/05\/Sargento-Segundo-Luis-Medina-gendarme-del-CCP-San-Felipe.jpg?resize=124%2C150&amp;ssl=1 124w, https:\/\/i0.wp.com\/eltrabajo.cl\/portal\/wp-content\/uploads\/2016\/05\/Sargento-Segundo-Luis-Medina-gendarme-del-CCP-San-Felipe.jpg?resize=248%2C300&amp;ssl=1 248w, https:\/\/i0.wp.com\/eltrabajo.cl\/portal\/wp-content\/uploads\/2016\/05\/Sargento-Segundo-Luis-Medina-gendarme-del-CCP-San-Felipe.jpg?resize=400%2C485&amp;ssl=1 400w\" sizes=\"auto, (max-width: 248px) 100vw, 248px\" \/><\/a><\/p>\n<p>Sargento Segundo Luis Medina, Gendarme del CCP San Felipe, se uni\u00f3 a Huelga de Hambre L\u00edquida que ya suma m\u00e1s de 20 funcionarios de la Instituci\u00f3n a nivel nacional.<\/p>\n"},"caption":{"rendered":"<p>Sargento Segundo Luis Medina, Gendarme del CCP San Felipe, se uni\u00f3 a Huelga de Hambre L\u00edquida que ya suma m\u00e1s de 20 funcionarios de la Instituci\u00f3n a nivel nacional.<\/p>\n"},"alt_text":"Sargento Segundo Luis Medina, Gendarme del CCP San Felipe, se uni\u00f3 a Huelga de Hambre L\u00edquida que ya suma m\u00e1s de 20 funcionarios de la Instituci\u00f3n a nivel nacional.","media_type":"image","mime_type":"image\/jpeg","media_details":{"width":530,"height":642,"file":"2016\/05\/Sargento-Segundo-Luis-Medina-gendarme-del-CCP-San-Felipe.jpg","sizes":{"thumbnail":{"file":"Sargento-Segundo-Luis-Medina-gendarme-del-CCP-San-Felipe-124x150.jpg","width":124,"height":150,"mime_type":"image\/jpeg","source_url":"https:\/\/i0.wp.com\/eltrabajo.cl\/portal\/wp-content\/uploads\/2016\/05\/Sargento-Segundo-Luis-Medina-gendarme-del-CCP-San-Felipe.jpg?fit=124%2C150&ssl=1"},"medium":{"file":"Sargento-Segundo-Luis-Medina-gendarme-del-CCP-San-Felipe-248x300.jpg","width":248,"height":300,"mime_type":"image\/jpeg","source_url":"https:\/\/i0.wp.com\/eltrabajo.cl\/portal\/wp-content\/uploads\/2016\/05\/Sargento-Segundo-Luis-Medina-gendarme-del-CCP-San-Felipe.jpg?fit=248%2C300&ssl=1"},"post-thumbnail":{"file":"Sargento-Segundo-Luis-Medina-gendarme-del-CCP-San-Felipe-124x150.jpg","width":124,"height":150,"mime_type":"image\/jpeg","source_url":"https:\/\/i0.wp.com\/eltrabajo.cl\/portal\/wp-content\/uploads\/2016\/05\/Sargento-Segundo-Luis-Medina-gendarme-del-CCP-San-Felipe.jpg?fit=124%2C150&ssl=1"},"single-post-thumbnail":{"file":"Sargento-Segundo-Luis-Medina-gendarme-del-CCP-San-Felipe-400x485.jpg","width":400,"height":485,"mime_type":"image\/jpeg","source_url":"https:\/\/eltrabajo.cl\/portal\/wp-content\/uploads\/2016\/05\/Sargento-Segundo-Luis-Medina-gendarme-del-CCP-San-Felipe-400x485.jpg"},"wptouch-new-thumbnail":{"file":"Sargento-Segundo-Luis-Medina-gendarme-del-CCP-San-Felipe-144x144.jpg","width":144,"height":144,"mime_type":"image\/jpeg","source_url":"https:\/\/eltrabajo.cl\/portal\/wp-content\/uploads\/2016\/05\/Sargento-Segundo-Luis-Medina-gendarme-del-CCP-San-Felipe-144x144.jpg"},"full":{"file":"Sargento-Segundo-Luis-Medina-gendarme-del-CCP-San-Felipe.jpg?fit=530%2C642&ssl=1","width":530,"height":642,"mime_type":"image\/jpeg","source_url":"https:\/\/i0.wp.com\/eltrabajo.cl\/portal\/wp-content\/uploads\/2016\/05\/Sargento-Segundo-Luis-Medina-gendarme-del-CCP-San-Felipe.jpg?fit=530%2C642&ssl=1"}},"image_meta":{"aperture":"0","credit":"","camera":"","caption":"","created_timestamp":"0","copyright":"","focal_length":"0","iso":"0","shutter_speed":"0","title":"","orientation":"0","keywords":[]}},"post":70075,"source_url":"https:\/\/eltrabajo.cl\/portal\/wp-content\/uploads\/2016\/05\/Sargento-Segundo-Luis-Medina-gendarme-del-CCP-San-Felipe.jpg","_links":{"self":[{"href":"https:\/\/eltrabajo.cl\/portal\/wp-json\/wp\/v2\/media\/70077","targetHints":{"allow":["GET"]}}],"collection":[{"href":"https:\/\/eltrabajo.cl\/portal\/wp-json\/wp\/v2\/media"}],"about":[{"href":"https:\/\/eltrabajo.cl\/portal\/wp-json\/wp\/v2\/types\/attachment"}],"author":[{"embeddable":true,"href":"https:\/\/eltrabajo.cl\/portal\/wp-json\/wp\/v2\/users\/1"}],"replies":[{"embeddable":true,"href":"https:\/\/eltrabajo.cl\/portal\/wp-json\/wp\/v2\/comments?post=70077"}],"wp:attached-to":[{"embeddable":true,"post_type":"post","id":70075,"href":"https:\/\/eltrabajo.cl\/portal\/wp-json\/wp\/v2\/posts\/70075"}],"curies":[{"name":"wp","href":"https:\/\/api.w.org\/{rel}","templated":true}]}}

Sargento Segundo Luis Medina, Gendarme del CCP San Felipe, se unió a Huelga de Hambre Líquida que ya suma más de 20 funcionarios de la Institución a nivel nacional.

<p class="attachment"><a href="https://i0.wp.com/eltrabajo.cl/portal/wp-content/uploads/2016/05/Sargento-Segundo-Luis-Medina-gendarme-del-CCP-San-Felipe.jpg?ssl=1"><img loading="lazy" decoding="async" width="248" height="300" src="https://i0.wp.com/eltrabajo.cl/portal/wp-content/uploads/2016/05/Sargento-Segundo-Luis-Medina-gendarme-del-CCP-San-Felipe.jpg?fit=248%2C300&amp;ssl=1" class="attachment-medium size-medium" alt="Sargento Segundo Luis Medina, Gendarme del CCP San Felipe, se unió a Huelga de Hambre Líquida que ya suma más de 20 funcionarios de la Institución a nivel nacional." srcset="https://i0.wp.com/eltrabajo.cl/portal/wp-content/uploads/2016/05/Sargento-Segundo-Luis-Medina-gendarme-del-CCP-San-Felipe.jpg?w=530&amp;ssl=1 530w, https://i0.wp.com/eltrabajo.cl/portal/wp-content/uploads/2016/05/Sargento-Segundo-Luis-Medina-gendarme-del-CCP-San-Felipe.jpg?resize=124%2C150&amp;ssl=1 124w, https://i0.wp.com/eltrabajo.cl/portal/wp-content/uploads/2016/05/Sargento-Segundo-Luis-Medina-gendarme-del-CCP-San-Felipe.jpg?resize=248%2C300&amp;ssl=1 248w, https://i0.wp.com/eltrabajo.cl/portal/wp-content/uploads/2016/05/Sargento-Segundo-Luis-Medina-gendarme-del-CCP-San-Felipe.jpg?resize=400%2C485&amp;ssl=1 400w" sizes="auto, (max-width: 248px) 100vw, 248px" /></a></p>
<p>Sargento Segundo Luis Medina, Gendarme del CCP San Felipe, se unió a Huelga de Hambre Líquida que ya suma más de 20 funcionarios de la Institución a nivel nacional.</p>

<p>Sargento Segundo Luis Medina, Gendarme del CCP San Felipe, se unió a Huelga de Hambre Líquida que ya suma más de 20 funcionarios de la Institución a nivel nacional.</p>
