{"id":70099,"date":"2016-05-25T08:52:36","date_gmt":"2016-05-25T12:52:36","guid":{"rendered":"http:\/\/www.eltrabajo.cl\/portal\/wp-content\/uploads\/2016\/05\/FOTO-1-Sistema-de-persianas-quiebravista.jpg"},"modified":"2016-05-25T08:52:50","modified_gmt":"2016-05-25T12:52:50","slug":"foto-1-sistema-de-persianas-quiebravista","status":"inherit","type":"attachment","link":"https:\/\/eltrabajo.cl\/portal\/moderno-sistema-de-aislacion-solar-en-uci-uti-y-neonatologia-del-hsc\/foto-1-sistema-de-persianas-quiebravista\/","title":{"rendered":"Sistema de persianas \u2018quiebravistas\u2019, aislar\u00e1 salas de hospitalizaci\u00f3n de Medicina, UCI, UTI Y Neonatolog\u00eda del Hospital San Camilo, permitiendo que sus pacientes no sufran con las altas temperaturas durante meses de verano."},"author":1,"featured_media":0,"comment_status":"open","ping_status":"closed","template":"","meta":{"advanced_seo_description":"","jetpack_seo_html_title":"","jetpack_seo_noindex":false},"class_list":["post-70099","attachment","type-attachment","status-inherit","hentry"],"jetpack_sharing_enabled":true,"jetpack_likes_enabled":true,"description":{"rendered":"<p class=\"attachment\"><a href=\"https:\/\/i0.wp.com\/eltrabajo.cl\/portal\/wp-content\/uploads\/2016\/05\/FOTO-1-Sistema-de-persianas-quiebravista-e1464180837633.jpg?ssl=1\"><img loading=\"lazy\" decoding=\"async\" width=\"300\" height=\"234\" src=\"https:\/\/i0.wp.com\/eltrabajo.cl\/portal\/wp-content\/uploads\/2016\/05\/FOTO-1-Sistema-de-persianas-quiebravista-e1464180837633.jpg?fit=300%2C234&amp;ssl=1\" class=\"attachment-medium size-medium\" alt=\"Sistema de persianas \u2018quiebravistas\u2019, aislar\u00e1 salas de hospitalizaci\u00f3n de Medicina, UCI, UTI Y Neonatolog\u00eda del Hospital San Camilo, permitiendo que sus pacientes no sufran con las altas temperaturas durante meses de verano.\" srcset=\"https:\/\/i0.wp.com\/eltrabajo.cl\/portal\/wp-content\/uploads\/2016\/05\/FOTO-1-Sistema-de-persianas-quiebravista-e1464180837633.jpg?w=530&amp;ssl=1 530w, https:\/\/i0.wp.com\/eltrabajo.cl\/portal\/wp-content\/uploads\/2016\/05\/FOTO-1-Sistema-de-persianas-quiebravista-e1464180837633.jpg?resize=192%2C150&amp;ssl=1 192w, https:\/\/i0.wp.com\/eltrabajo.cl\/portal\/wp-content\/uploads\/2016\/05\/FOTO-1-Sistema-de-persianas-quiebravista-e1464180837633.jpg?resize=300%2C234&amp;ssl=1 300w, https:\/\/i0.wp.com\/eltrabajo.cl\/portal\/wp-content\/uploads\/2016\/05\/FOTO-1-Sistema-de-persianas-quiebravista-e1464180837633.jpg?resize=400%2C312&amp;ssl=1 400w\" sizes=\"auto, (max-width: 300px) 100vw, 300px\" \/><\/a><\/p>\n<p>Sistema de persianas \u2018quiebravistas\u2019, aislar\u00e1 salas de hospitalizaci\u00f3n de Medicina, UCI, UTI Y Neonatolog\u00eda del Hospital San Camilo, permitiendo que sus pacientes no sufran con las altas temperaturas durante meses de verano.<\/p>\n"},"caption":{"rendered":"<p>Sistema de persianas \u2018quiebravistas\u2019, aislar\u00e1 salas de hospitalizaci\u00f3n de Medicina, UCI, UTI Y Neonatolog\u00eda del Hospital San Camilo, permitiendo que sus pacientes no sufran con las altas temperaturas durante meses de verano.<\/p>\n"},"alt_text":"Sistema de persianas \u2018quiebravistas\u2019, aislar\u00e1 salas de hospitalizaci\u00f3n de Medicina, UCI, UTI Y Neonatolog\u00eda del Hospital San Camilo, permitiendo que sus pacientes no sufran con las altas temperaturas durante meses de verano.","media_type":"image","mime_type":"image\/jpeg","media_details":{"width":530,"height":413,"file":"2016\/05\/FOTO-1-Sistema-de-persianas-quiebravista-e1464180837633.jpg","sizes":{"thumbnail":{"file":"FOTO-1-Sistema-de-persianas-quiebravista-e1464180837633-192x150.jpg","width":192,"height":150,"mime_type":"image\/jpeg","source_url":"https:\/\/i0.wp.com\/eltrabajo.cl\/portal\/wp-content\/uploads\/2016\/05\/FOTO-1-Sistema-de-persianas-quiebravista-e1464180837633.jpg?fit=192%2C150&ssl=1"},"medium":{"file":"FOTO-1-Sistema-de-persianas-quiebravista-e1464180837633-300x234.jpg","width":300,"height":234,"mime_type":"image\/jpeg","source_url":"https:\/\/i0.wp.com\/eltrabajo.cl\/portal\/wp-content\/uploads\/2016\/05\/FOTO-1-Sistema-de-persianas-quiebravista-e1464180837633.jpg?fit=300%2C234&ssl=1"},"post-thumbnail":{"file":"FOTO-1-Sistema-de-persianas-quiebravista-e1464180837633-192x150.jpg","width":192,"height":150,"mime_type":"image\/jpeg","source_url":"https:\/\/i0.wp.com\/eltrabajo.cl\/portal\/wp-content\/uploads\/2016\/05\/FOTO-1-Sistema-de-persianas-quiebravista-e1464180837633.jpg?fit=192%2C150&ssl=1"},"single-post-thumbnail":{"file":"FOTO-1-Sistema-de-persianas-quiebravista-e1464180837633-400x312.jpg","width":400,"height":312,"mime_type":"image\/jpeg","source_url":"https:\/\/eltrabajo.cl\/portal\/wp-content\/uploads\/2016\/05\/FOTO-1-Sistema-de-persianas-quiebravista-e1464180837633-400x312.jpg"},"wptouch-new-thumbnail":{"file":"FOTO-1-Sistema-de-persianas-quiebravista-e1464180837633-144x144.jpg","width":144,"height":144,"mime_type":"image\/jpeg","source_url":"https:\/\/eltrabajo.cl\/portal\/wp-content\/uploads\/2016\/05\/FOTO-1-Sistema-de-persianas-quiebravista-e1464180837633-144x144.jpg"},"full":{"file":"FOTO-1-Sistema-de-persianas-quiebravista-e1464180837633.jpg?fit=530%2C413&ssl=1","width":530,"height":413,"mime_type":"image\/jpeg","source_url":"https:\/\/i0.wp.com\/eltrabajo.cl\/portal\/wp-content\/uploads\/2016\/05\/FOTO-1-Sistema-de-persianas-quiebravista-e1464180837633.jpg?fit=530%2C413&ssl=1"}},"image_meta":{"aperture":"0","credit":"","camera":"","caption":"","created_timestamp":"0","copyright":"","focal_length":"0","iso":"0","shutter_speed":"0","title":"","orientation":"0","keywords":[]}},"post":70098,"source_url":"https:\/\/eltrabajo.cl\/portal\/wp-content\/uploads\/2016\/05\/FOTO-1-Sistema-de-persianas-quiebravista-e1464180837633.jpg","_links":{"self":[{"href":"https:\/\/eltrabajo.cl\/portal\/wp-json\/wp\/v2\/media\/70099","targetHints":{"allow":["GET"]}}],"collection":[{"href":"https:\/\/eltrabajo.cl\/portal\/wp-json\/wp\/v2\/media"}],"about":[{"href":"https:\/\/eltrabajo.cl\/portal\/wp-json\/wp\/v2\/types\/attachment"}],"author":[{"embeddable":true,"href":"https:\/\/eltrabajo.cl\/portal\/wp-json\/wp\/v2\/users\/1"}],"replies":[{"embeddable":true,"href":"https:\/\/eltrabajo.cl\/portal\/wp-json\/wp\/v2\/comments?post=70099"}],"wp:attached-to":[{"embeddable":true,"post_type":"post","id":70098,"href":"https:\/\/eltrabajo.cl\/portal\/wp-json\/wp\/v2\/posts\/70098"}],"curies":[{"name":"wp","href":"https:\/\/api.w.org\/{rel}","templated":true}]}}

Sistema de persianas ‘quiebravistas’, aislará salas de hospitalización de Medicina, UCI, UTI Y Neonatología del Hospital San Camilo, permitiendo que sus pacientes no sufran con las altas temperaturas durante meses de verano.

<p class="attachment"><a href="https://i0.wp.com/eltrabajo.cl/portal/wp-content/uploads/2016/05/FOTO-1-Sistema-de-persianas-quiebravista-e1464180837633.jpg?ssl=1"><img loading="lazy" decoding="async" width="300" height="234" src="https://i0.wp.com/eltrabajo.cl/portal/wp-content/uploads/2016/05/FOTO-1-Sistema-de-persianas-quiebravista-e1464180837633.jpg?fit=300%2C234&amp;ssl=1" class="attachment-medium size-medium" alt="Sistema de persianas ‘quiebravistas’, aislará salas de hospitalización de Medicina, UCI, UTI Y Neonatología del Hospital San Camilo, permitiendo que sus pacientes no sufran con las altas temperaturas durante meses de verano." srcset="https://i0.wp.com/eltrabajo.cl/portal/wp-content/uploads/2016/05/FOTO-1-Sistema-de-persianas-quiebravista-e1464180837633.jpg?w=530&amp;ssl=1 530w, https://i0.wp.com/eltrabajo.cl/portal/wp-content/uploads/2016/05/FOTO-1-Sistema-de-persianas-quiebravista-e1464180837633.jpg?resize=192%2C150&amp;ssl=1 192w, https://i0.wp.com/eltrabajo.cl/portal/wp-content/uploads/2016/05/FOTO-1-Sistema-de-persianas-quiebravista-e1464180837633.jpg?resize=300%2C234&amp;ssl=1 300w, https://i0.wp.com/eltrabajo.cl/portal/wp-content/uploads/2016/05/FOTO-1-Sistema-de-persianas-quiebravista-e1464180837633.jpg?resize=400%2C312&amp;ssl=1 400w" sizes="auto, (max-width: 300px) 100vw, 300px" /></a></p>
<p>Sistema de persianas ‘quiebravistas’, aislará salas de hospitalización de Medicina, UCI, UTI Y Neonatología del Hospital San Camilo, permitiendo que sus pacientes no sufran con las altas temperaturas durante meses de verano.</p>

<p>Sistema de persianas ‘quiebravistas’, aislará salas de hospitalización de Medicina, UCI, UTI Y Neonatología del Hospital San Camilo, permitiendo que sus pacientes no sufran con las altas temperaturas durante meses de verano.</p>
