{"id":70254,"date":"2016-05-30T09:35:04","date_gmt":"2016-05-30T13:35:04","guid":{"rendered":"http:\/\/www.eltrabajo.cl\/portal\/wp-content\/uploads\/2016\/05\/Pileta1.jpg"},"modified":"2016-05-30T09:35:33","modified_gmt":"2016-05-30T13:35:33","slug":"pileta1-3","status":"inherit","type":"attachment","link":"https:\/\/eltrabajo.cl\/portal\/punto-final-a-disputa-legal-por-contrato-de-estacionamientos-subterraneos\/pileta1-3\/","title":{"rendered":"VIENEN MEJORAS.- La pileta de nuestra plaza de armas, anunci\u00f3 Freire, ser\u00e1 cambiada pr\u00f3ximamente."},"author":1,"featured_media":0,"comment_status":"open","ping_status":"closed","template":"","meta":{"advanced_seo_description":"","jetpack_seo_html_title":"","jetpack_seo_noindex":false},"class_list":["post-70254","attachment","type-attachment","status-inherit","hentry"],"jetpack_sharing_enabled":true,"jetpack_likes_enabled":true,"description":{"rendered":"<p class=\"attachment\"><a href=\"https:\/\/i0.wp.com\/eltrabajo.cl\/portal\/wp-content\/uploads\/2016\/05\/Pileta1.jpg?ssl=1\"><img loading=\"lazy\" decoding=\"async\" width=\"300\" height=\"198\" src=\"https:\/\/i0.wp.com\/eltrabajo.cl\/portal\/wp-content\/uploads\/2016\/05\/Pileta1.jpg?fit=300%2C198&amp;ssl=1\" class=\"attachment-medium size-medium\" alt=\"VIENEN MEJORAS.- La pileta de nuestra plaza de armas, anunci\u00f3 Freire, ser\u00e1 cambiada pr\u00f3ximamente.\" srcset=\"https:\/\/i0.wp.com\/eltrabajo.cl\/portal\/wp-content\/uploads\/2016\/05\/Pileta1.jpg?w=530&amp;ssl=1 530w, https:\/\/i0.wp.com\/eltrabajo.cl\/portal\/wp-content\/uploads\/2016\/05\/Pileta1.jpg?resize=200%2C132&amp;ssl=1 200w, https:\/\/i0.wp.com\/eltrabajo.cl\/portal\/wp-content\/uploads\/2016\/05\/Pileta1.jpg?resize=300%2C198&amp;ssl=1 300w, https:\/\/i0.wp.com\/eltrabajo.cl\/portal\/wp-content\/uploads\/2016\/05\/Pileta1.jpg?resize=228%2C150&amp;ssl=1 228w, https:\/\/i0.wp.com\/eltrabajo.cl\/portal\/wp-content\/uploads\/2016\/05\/Pileta1.jpg?resize=400%2C263&amp;ssl=1 400w\" sizes=\"auto, (max-width: 300px) 100vw, 300px\" \/><\/a><\/p>\n<p>VIENEN MEJORAS.- La pileta de nuestra plaza de armas, anunci\u00f3 Freire, ser\u00e1 cambiada pr\u00f3ximamente.<\/p>\n"},"caption":{"rendered":"<p>VIENEN MEJORAS.- La pileta de nuestra plaza de armas, anunci\u00f3 Freire, ser\u00e1 cambiada pr\u00f3ximamente.<\/p>\n"},"alt_text":"VIENEN MEJORAS.- La pileta de nuestra plaza de armas, anunci\u00f3 Freire, ser\u00e1 cambiada pr\u00f3ximamente.","media_type":"image","mime_type":"image\/jpeg","media_details":{"width":530,"height":349,"file":"2016\/05\/Pileta1.jpg","sizes":{"thumbnail":{"file":"Pileta1-200x132.jpg","width":200,"height":132,"mime_type":"image\/jpeg","source_url":"https:\/\/i0.wp.com\/eltrabajo.cl\/portal\/wp-content\/uploads\/2016\/05\/Pileta1.jpg?fit=200%2C132&ssl=1"},"medium":{"file":"Pileta1-300x198.jpg","width":300,"height":198,"mime_type":"image\/jpeg","source_url":"https:\/\/i0.wp.com\/eltrabajo.cl\/portal\/wp-content\/uploads\/2016\/05\/Pileta1.jpg?fit=300%2C198&ssl=1"},"post-thumbnail":{"file":"Pileta1-228x150.jpg","width":228,"height":150,"mime_type":"image\/jpeg","source_url":"https:\/\/i0.wp.com\/eltrabajo.cl\/portal\/wp-content\/uploads\/2016\/05\/Pileta1.jpg?fit=228%2C150&ssl=1"},"single-post-thumbnail":{"file":"Pileta1-400x263.jpg","width":400,"height":263,"mime_type":"image\/jpeg","source_url":"https:\/\/eltrabajo.cl\/portal\/wp-content\/uploads\/2016\/05\/Pileta1-400x263.jpg"},"wptouch-new-thumbnail":{"file":"Pileta1-144x144.jpg","width":144,"height":144,"mime_type":"image\/jpeg","source_url":"https:\/\/eltrabajo.cl\/portal\/wp-content\/uploads\/2016\/05\/Pileta1-144x144.jpg"},"full":{"file":"Pileta1.jpg?fit=530%2C349&ssl=1","width":530,"height":349,"mime_type":"image\/jpeg","source_url":"https:\/\/i0.wp.com\/eltrabajo.cl\/portal\/wp-content\/uploads\/2016\/05\/Pileta1.jpg?fit=530%2C349&ssl=1"}},"image_meta":{"aperture":"0","credit":"","camera":"","caption":"","created_timestamp":"0","copyright":"","focal_length":"0","iso":"0","shutter_speed":"0","title":"","orientation":"0","keywords":[]}},"post":70253,"source_url":"https:\/\/eltrabajo.cl\/portal\/wp-content\/uploads\/2016\/05\/Pileta1.jpg","_links":{"self":[{"href":"https:\/\/eltrabajo.cl\/portal\/wp-json\/wp\/v2\/media\/70254","targetHints":{"allow":["GET"]}}],"collection":[{"href":"https:\/\/eltrabajo.cl\/portal\/wp-json\/wp\/v2\/media"}],"about":[{"href":"https:\/\/eltrabajo.cl\/portal\/wp-json\/wp\/v2\/types\/attachment"}],"author":[{"embeddable":true,"href":"https:\/\/eltrabajo.cl\/portal\/wp-json\/wp\/v2\/users\/1"}],"replies":[{"embeddable":true,"href":"https:\/\/eltrabajo.cl\/portal\/wp-json\/wp\/v2\/comments?post=70254"}],"wp:attached-to":[{"embeddable":true,"post_type":"post","id":70253,"href":"https:\/\/eltrabajo.cl\/portal\/wp-json\/wp\/v2\/posts\/70253"}],"curies":[{"name":"wp","href":"https:\/\/api.w.org\/{rel}","templated":true}]}}

VIENEN MEJORAS.- La pileta de nuestra plaza de armas, anunció Freire, será cambiada próximamente.

<p class="attachment"><a href="https://i0.wp.com/eltrabajo.cl/portal/wp-content/uploads/2016/05/Pileta1.jpg?ssl=1"><img loading="lazy" decoding="async" width="300" height="198" src="https://i0.wp.com/eltrabajo.cl/portal/wp-content/uploads/2016/05/Pileta1.jpg?fit=300%2C198&amp;ssl=1" class="attachment-medium size-medium" alt="VIENEN MEJORAS.- La pileta de nuestra plaza de armas, anunció Freire, será cambiada próximamente." srcset="https://i0.wp.com/eltrabajo.cl/portal/wp-content/uploads/2016/05/Pileta1.jpg?w=530&amp;ssl=1 530w, https://i0.wp.com/eltrabajo.cl/portal/wp-content/uploads/2016/05/Pileta1.jpg?resize=200%2C132&amp;ssl=1 200w, https://i0.wp.com/eltrabajo.cl/portal/wp-content/uploads/2016/05/Pileta1.jpg?resize=300%2C198&amp;ssl=1 300w, https://i0.wp.com/eltrabajo.cl/portal/wp-content/uploads/2016/05/Pileta1.jpg?resize=228%2C150&amp;ssl=1 228w, https://i0.wp.com/eltrabajo.cl/portal/wp-content/uploads/2016/05/Pileta1.jpg?resize=400%2C263&amp;ssl=1 400w" sizes="auto, (max-width: 300px) 100vw, 300px" /></a></p>
<p>VIENEN MEJORAS.- La pileta de nuestra plaza de armas, anunció Freire, será cambiada próximamente.</p>

<p>VIENEN MEJORAS.- La pileta de nuestra plaza de armas, anunció Freire, será cambiada próximamente.</p>
