{"id":70293,"date":"2016-05-31T09:31:32","date_gmt":"2016-05-31T13:31:32","guid":{"rendered":"http:\/\/www.eltrabajo.cl\/portal\/wp-content\/uploads\/2016\/05\/tigre.jpg"},"modified":"2016-05-31T09:31:46","modified_gmt":"2016-05-31T13:31:46","slug":"tigre","status":"inherit","type":"attachment","link":"https:\/\/eltrabajo.cl\/portal\/representacion-teatral-el-crespon-negro-se-presenta-gratis-este-3-de-junio\/tigre\/","title":{"rendered":"La obra, escrita y dirigida por Hugo Mej\u00edas, narra en enfrentamiento de dos vecinos en una poblaci\u00f3n de Temuco el 11 de septiembre de 1973, porque uno de ellos decide poner un cresp\u00f3n negro en su bandera."},"author":1,"featured_media":0,"comment_status":"open","ping_status":"closed","template":"","meta":{"advanced_seo_description":"","jetpack_seo_html_title":"","jetpack_seo_noindex":false},"class_list":["post-70293","attachment","type-attachment","status-inherit","hentry"],"jetpack_sharing_enabled":true,"jetpack_likes_enabled":true,"description":{"rendered":"<p class=\"attachment\"><a href=\"https:\/\/i0.wp.com\/eltrabajo.cl\/portal\/wp-content\/uploads\/2016\/05\/tigre.jpg?ssl=1\"><img loading=\"lazy\" decoding=\"async\" width=\"300\" height=\"197\" src=\"https:\/\/i0.wp.com\/eltrabajo.cl\/portal\/wp-content\/uploads\/2016\/05\/tigre.jpg?fit=300%2C197&amp;ssl=1\" class=\"attachment-medium size-medium\" alt=\"La obra, escrita y dirigida por Hugo Mej\u00edas, narra en enfrentamiento de dos vecinos en una poblaci\u00f3n de Temuco el 11 de septiembre de 1973, porque uno de ellos decide poner un cresp\u00f3n negro en su bandera.\" srcset=\"https:\/\/i0.wp.com\/eltrabajo.cl\/portal\/wp-content\/uploads\/2016\/05\/tigre.jpg?w=530&amp;ssl=1 530w, https:\/\/i0.wp.com\/eltrabajo.cl\/portal\/wp-content\/uploads\/2016\/05\/tigre.jpg?resize=200%2C131&amp;ssl=1 200w, https:\/\/i0.wp.com\/eltrabajo.cl\/portal\/wp-content\/uploads\/2016\/05\/tigre.jpg?resize=300%2C197&amp;ssl=1 300w, https:\/\/i0.wp.com\/eltrabajo.cl\/portal\/wp-content\/uploads\/2016\/05\/tigre.jpg?resize=228%2C150&amp;ssl=1 228w, https:\/\/i0.wp.com\/eltrabajo.cl\/portal\/wp-content\/uploads\/2016\/05\/tigre.jpg?resize=400%2C263&amp;ssl=1 400w\" sizes=\"auto, (max-width: 300px) 100vw, 300px\" \/><\/a><\/p>\n<p>La obra, escrita y dirigida por Hugo Mej\u00edas, narra en enfrentamiento de dos vecinos en una poblaci\u00f3n de Temuco el 11 de septiembre de 1973, porque uno de ellos decide poner un cresp\u00f3n negro en su bandera.<\/p>\n"},"caption":{"rendered":"<p>La obra, escrita y dirigida por Hugo Mej\u00edas, narra en enfrentamiento de dos vecinos en una poblaci\u00f3n de Temuco el 11 de septiembre de 1973, porque uno de ellos decide poner un cresp\u00f3n negro en su bandera.<\/p>\n"},"alt_text":"La obra, escrita y dirigida por Hugo Mej\u00edas, narra en enfrentamiento de dos vecinos en una poblaci\u00f3n de Temuco el 11 de septiembre de 1973, porque uno de ellos decide poner un cresp\u00f3n negro en su bandera.","media_type":"image","mime_type":"image\/jpeg","media_details":{"width":530,"height":348,"file":"2016\/05\/tigre.jpg","sizes":{"thumbnail":{"file":"tigre-200x131.jpg","width":200,"height":131,"mime_type":"image\/jpeg","source_url":"https:\/\/i0.wp.com\/eltrabajo.cl\/portal\/wp-content\/uploads\/2016\/05\/tigre.jpg?fit=200%2C131&ssl=1"},"medium":{"file":"tigre-300x197.jpg","width":300,"height":197,"mime_type":"image\/jpeg","source_url":"https:\/\/i0.wp.com\/eltrabajo.cl\/portal\/wp-content\/uploads\/2016\/05\/tigre.jpg?fit=300%2C197&ssl=1"},"post-thumbnail":{"file":"tigre-228x150.jpg","width":228,"height":150,"mime_type":"image\/jpeg","source_url":"https:\/\/i0.wp.com\/eltrabajo.cl\/portal\/wp-content\/uploads\/2016\/05\/tigre.jpg?fit=228%2C150&ssl=1"},"single-post-thumbnail":{"file":"tigre-400x263.jpg","width":400,"height":263,"mime_type":"image\/jpeg","source_url":"https:\/\/eltrabajo.cl\/portal\/wp-content\/uploads\/2016\/05\/tigre-400x263.jpg"},"wptouch-new-thumbnail":{"file":"tigre-144x144.jpg","width":144,"height":144,"mime_type":"image\/jpeg","source_url":"https:\/\/eltrabajo.cl\/portal\/wp-content\/uploads\/2016\/05\/tigre-144x144.jpg"},"full":{"file":"tigre.jpg?fit=530%2C348&ssl=1","width":530,"height":348,"mime_type":"image\/jpeg","source_url":"https:\/\/i0.wp.com\/eltrabajo.cl\/portal\/wp-content\/uploads\/2016\/05\/tigre.jpg?fit=530%2C348&ssl=1"}},"image_meta":{"aperture":"0","credit":"","camera":"","caption":"","created_timestamp":"1460207693","copyright":"","focal_length":"0","iso":"0","shutter_speed":"0","title":"","orientation":"0","keywords":[]}},"post":70292,"source_url":"https:\/\/eltrabajo.cl\/portal\/wp-content\/uploads\/2016\/05\/tigre.jpg","_links":{"self":[{"href":"https:\/\/eltrabajo.cl\/portal\/wp-json\/wp\/v2\/media\/70293","targetHints":{"allow":["GET"]}}],"collection":[{"href":"https:\/\/eltrabajo.cl\/portal\/wp-json\/wp\/v2\/media"}],"about":[{"href":"https:\/\/eltrabajo.cl\/portal\/wp-json\/wp\/v2\/types\/attachment"}],"author":[{"embeddable":true,"href":"https:\/\/eltrabajo.cl\/portal\/wp-json\/wp\/v2\/users\/1"}],"replies":[{"embeddable":true,"href":"https:\/\/eltrabajo.cl\/portal\/wp-json\/wp\/v2\/comments?post=70293"}],"wp:attached-to":[{"embeddable":true,"post_type":"post","id":70292,"href":"https:\/\/eltrabajo.cl\/portal\/wp-json\/wp\/v2\/posts\/70292"}],"curies":[{"name":"wp","href":"https:\/\/api.w.org\/{rel}","templated":true}]}}

La obra, escrita y dirigida por Hugo Mejías, narra en enfrentamiento de dos vecinos en una población de Temuco el 11 de septiembre de 1973, porque uno de ellos decide poner un crespón negro en su bandera.

<p class="attachment"><a href="https://i0.wp.com/eltrabajo.cl/portal/wp-content/uploads/2016/05/tigre.jpg?ssl=1"><img loading="lazy" decoding="async" width="300" height="197" src="https://i0.wp.com/eltrabajo.cl/portal/wp-content/uploads/2016/05/tigre.jpg?fit=300%2C197&amp;ssl=1" class="attachment-medium size-medium" alt="La obra, escrita y dirigida por Hugo Mejías, narra en enfrentamiento de dos vecinos en una población de Temuco el 11 de septiembre de 1973, porque uno de ellos decide poner un crespón negro en su bandera." srcset="https://i0.wp.com/eltrabajo.cl/portal/wp-content/uploads/2016/05/tigre.jpg?w=530&amp;ssl=1 530w, https://i0.wp.com/eltrabajo.cl/portal/wp-content/uploads/2016/05/tigre.jpg?resize=200%2C131&amp;ssl=1 200w, https://i0.wp.com/eltrabajo.cl/portal/wp-content/uploads/2016/05/tigre.jpg?resize=300%2C197&amp;ssl=1 300w, https://i0.wp.com/eltrabajo.cl/portal/wp-content/uploads/2016/05/tigre.jpg?resize=228%2C150&amp;ssl=1 228w, https://i0.wp.com/eltrabajo.cl/portal/wp-content/uploads/2016/05/tigre.jpg?resize=400%2C263&amp;ssl=1 400w" sizes="auto, (max-width: 300px) 100vw, 300px" /></a></p>
<p>La obra, escrita y dirigida por Hugo Mejías, narra en enfrentamiento de dos vecinos en una población de Temuco el 11 de septiembre de 1973, porque uno de ellos decide poner un crespón negro en su bandera.</p>

<p>La obra, escrita y dirigida por Hugo Mejías, narra en enfrentamiento de dos vecinos en una población de Temuco el 11 de septiembre de 1973, porque uno de ellos decide poner un crespón negro en su bandera.</p>
