{"id":70324,"date":"2016-05-31T09:51:05","date_gmt":"2016-05-31T13:51:05","guid":{"rendered":"http:\/\/www.eltrabajo.cl\/portal\/wp-content\/uploads\/2016\/05\/Sanvictorino-de-Lourdes.jpg"},"modified":"2016-05-31T09:52:56","modified_gmt":"2016-05-31T13:52:56","slug":"sanvictorino-de-lourdes","status":"inherit","type":"attachment","link":"https:\/\/eltrabajo.cl\/portal\/vecinos-de-el-asiento-salieron-a-la-calle-a-celebrar-a-san-isidro-labrador\/sanvictorino-de-lourdes\/","title":{"rendered":"VOCACI\u00d3N RELIGIOSA.- El Baile San Victorino de Lourdes como siempre, pint\u00f3 de colores y alegr\u00eda el ambiente."},"author":1,"featured_media":0,"comment_status":"open","ping_status":"closed","template":"","meta":{"advanced_seo_description":"","jetpack_seo_html_title":"","jetpack_seo_noindex":false},"class_list":["post-70324","attachment","type-attachment","status-inherit","hentry"],"jetpack_sharing_enabled":true,"jetpack_likes_enabled":true,"description":{"rendered":"<p class=\"attachment\"><a href=\"https:\/\/i0.wp.com\/eltrabajo.cl\/portal\/wp-content\/uploads\/2016\/05\/Sanvictorino-de-Lourdes.jpg?ssl=1\"><img loading=\"lazy\" decoding=\"async\" width=\"300\" height=\"198\" src=\"https:\/\/i0.wp.com\/eltrabajo.cl\/portal\/wp-content\/uploads\/2016\/05\/Sanvictorino-de-Lourdes.jpg?fit=300%2C198&amp;ssl=1\" class=\"attachment-medium size-medium\" alt=\"VOCACI\u00d3N RELIGIOSA.- El Baile San Victorino de Lourdes como siempre, pint\u00f3 de colores y alegr\u00eda el ambiente.\" srcset=\"https:\/\/i0.wp.com\/eltrabajo.cl\/portal\/wp-content\/uploads\/2016\/05\/Sanvictorino-de-Lourdes.jpg?w=530&amp;ssl=1 530w, https:\/\/i0.wp.com\/eltrabajo.cl\/portal\/wp-content\/uploads\/2016\/05\/Sanvictorino-de-Lourdes.jpg?resize=200%2C132&amp;ssl=1 200w, https:\/\/i0.wp.com\/eltrabajo.cl\/portal\/wp-content\/uploads\/2016\/05\/Sanvictorino-de-Lourdes.jpg?resize=300%2C198&amp;ssl=1 300w, https:\/\/i0.wp.com\/eltrabajo.cl\/portal\/wp-content\/uploads\/2016\/05\/Sanvictorino-de-Lourdes.jpg?resize=228%2C150&amp;ssl=1 228w, https:\/\/i0.wp.com\/eltrabajo.cl\/portal\/wp-content\/uploads\/2016\/05\/Sanvictorino-de-Lourdes.jpg?resize=400%2C263&amp;ssl=1 400w\" sizes=\"auto, (max-width: 300px) 100vw, 300px\" \/><\/a><\/p>\n<p>VOCACI\u00d3N RELIGIOSA.- El Baile San Victorino de Lourdes como siempre, pint\u00f3 de colores y alegr\u00eda el ambiente.<\/p>\n"},"caption":{"rendered":"<p>VOCACI\u00d3N RELIGIOSA.- El Baile San Victorino de Lourdes como siempre, pint\u00f3 de colores y alegr\u00eda el ambiente.<\/p>\n"},"alt_text":"VOCACI\u00d3N RELIGIOSA.- El Baile San Victorino de Lourdes como siempre, pint\u00f3 de colores y alegr\u00eda el ambiente.","media_type":"image","mime_type":"image\/jpeg","media_details":{"width":530,"height":349,"file":"2016\/05\/Sanvictorino-de-Lourdes.jpg","sizes":{"thumbnail":{"file":"Sanvictorino-de-Lourdes-200x132.jpg","width":200,"height":132,"mime_type":"image\/jpeg","source_url":"https:\/\/i0.wp.com\/eltrabajo.cl\/portal\/wp-content\/uploads\/2016\/05\/Sanvictorino-de-Lourdes.jpg?fit=200%2C132&ssl=1"},"medium":{"file":"Sanvictorino-de-Lourdes-300x198.jpg","width":300,"height":198,"mime_type":"image\/jpeg","source_url":"https:\/\/i0.wp.com\/eltrabajo.cl\/portal\/wp-content\/uploads\/2016\/05\/Sanvictorino-de-Lourdes.jpg?fit=300%2C198&ssl=1"},"post-thumbnail":{"file":"Sanvictorino-de-Lourdes-228x150.jpg","width":228,"height":150,"mime_type":"image\/jpeg","source_url":"https:\/\/i0.wp.com\/eltrabajo.cl\/portal\/wp-content\/uploads\/2016\/05\/Sanvictorino-de-Lourdes.jpg?fit=228%2C150&ssl=1"},"single-post-thumbnail":{"file":"Sanvictorino-de-Lourdes-400x263.jpg","width":400,"height":263,"mime_type":"image\/jpeg","source_url":"https:\/\/eltrabajo.cl\/portal\/wp-content\/uploads\/2016\/05\/Sanvictorino-de-Lourdes-400x263.jpg"},"wptouch-new-thumbnail":{"file":"Sanvictorino-de-Lourdes-144x144.jpg","width":144,"height":144,"mime_type":"image\/jpeg","source_url":"https:\/\/eltrabajo.cl\/portal\/wp-content\/uploads\/2016\/05\/Sanvictorino-de-Lourdes-144x144.jpg"},"full":{"file":"Sanvictorino-de-Lourdes.jpg?fit=530%2C349&ssl=1","width":530,"height":349,"mime_type":"image\/jpeg","source_url":"https:\/\/i0.wp.com\/eltrabajo.cl\/portal\/wp-content\/uploads\/2016\/05\/Sanvictorino-de-Lourdes.jpg?fit=530%2C349&ssl=1"}},"image_meta":{"aperture":"0","credit":"","camera":"","caption":"","created_timestamp":"0","copyright":"","focal_length":"0","iso":"0","shutter_speed":"0","title":"","orientation":"0","keywords":[]}},"post":70321,"source_url":"https:\/\/eltrabajo.cl\/portal\/wp-content\/uploads\/2016\/05\/Sanvictorino-de-Lourdes.jpg","_links":{"self":[{"href":"https:\/\/eltrabajo.cl\/portal\/wp-json\/wp\/v2\/media\/70324","targetHints":{"allow":["GET"]}}],"collection":[{"href":"https:\/\/eltrabajo.cl\/portal\/wp-json\/wp\/v2\/media"}],"about":[{"href":"https:\/\/eltrabajo.cl\/portal\/wp-json\/wp\/v2\/types\/attachment"}],"author":[{"embeddable":true,"href":"https:\/\/eltrabajo.cl\/portal\/wp-json\/wp\/v2\/users\/1"}],"replies":[{"embeddable":true,"href":"https:\/\/eltrabajo.cl\/portal\/wp-json\/wp\/v2\/comments?post=70324"}],"wp:attached-to":[{"embeddable":true,"post_type":"post","id":70321,"href":"https:\/\/eltrabajo.cl\/portal\/wp-json\/wp\/v2\/posts\/70321"}],"curies":[{"name":"wp","href":"https:\/\/api.w.org\/{rel}","templated":true}]}}

VOCACIÓN RELIGIOSA.- El Baile San Victorino de Lourdes como siempre, pintó de colores y alegría el ambiente.

<p class="attachment"><a href="https://i0.wp.com/eltrabajo.cl/portal/wp-content/uploads/2016/05/Sanvictorino-de-Lourdes.jpg?ssl=1"><img loading="lazy" decoding="async" width="300" height="198" src="https://i0.wp.com/eltrabajo.cl/portal/wp-content/uploads/2016/05/Sanvictorino-de-Lourdes.jpg?fit=300%2C198&amp;ssl=1" class="attachment-medium size-medium" alt="VOCACIÓN RELIGIOSA.- El Baile San Victorino de Lourdes como siempre, pintó de colores y alegría el ambiente." srcset="https://i0.wp.com/eltrabajo.cl/portal/wp-content/uploads/2016/05/Sanvictorino-de-Lourdes.jpg?w=530&amp;ssl=1 530w, https://i0.wp.com/eltrabajo.cl/portal/wp-content/uploads/2016/05/Sanvictorino-de-Lourdes.jpg?resize=200%2C132&amp;ssl=1 200w, https://i0.wp.com/eltrabajo.cl/portal/wp-content/uploads/2016/05/Sanvictorino-de-Lourdes.jpg?resize=300%2C198&amp;ssl=1 300w, https://i0.wp.com/eltrabajo.cl/portal/wp-content/uploads/2016/05/Sanvictorino-de-Lourdes.jpg?resize=228%2C150&amp;ssl=1 228w, https://i0.wp.com/eltrabajo.cl/portal/wp-content/uploads/2016/05/Sanvictorino-de-Lourdes.jpg?resize=400%2C263&amp;ssl=1 400w" sizes="auto, (max-width: 300px) 100vw, 300px" /></a></p>
<p>VOCACIÓN RELIGIOSA.- El Baile San Victorino de Lourdes como siempre, pintó de colores y alegría el ambiente.</p>

<p>VOCACIÓN RELIGIOSA.- El Baile San Victorino de Lourdes como siempre, pintó de colores y alegría el ambiente.</p>
