{"id":70392,"date":"2016-06-02T09:38:04","date_gmt":"2016-06-02T13:38:04","guid":{"rendered":"http:\/\/www.eltrabajo.cl\/portal\/wp-content\/uploads\/2016\/06\/michael-lecaros1.jpg"},"modified":"2016-06-02T09:39:16","modified_gmt":"2016-06-02T13:39:16","slug":"michael-lecaros1","status":"inherit","type":"attachment","link":"https:\/\/eltrabajo.cl\/portal\/el-mellizo-tuerto-agrede-a-dos-jovenes-soldados-que-iban-a-acuartelarse\/michael-lecaros1\/","title":{"rendered":"\u2018EL MELLIZO TUERTO\u2019.- Lecaros, pas\u00f3 a control de detenci\u00f3n en el Tribunal de Garant\u00eda de Los Andes donde el fiscal Jorge Alfaro lo formaliz\u00f3 por el delito de robo con violencia."},"author":1,"featured_media":0,"comment_status":"open","ping_status":"closed","template":"","meta":{"advanced_seo_description":"","jetpack_seo_html_title":"","jetpack_seo_noindex":false},"class_list":["post-70392","attachment","type-attachment","status-inherit","hentry"],"jetpack_sharing_enabled":true,"jetpack_likes_enabled":true,"description":{"rendered":"<p class=\"attachment\"><a href=\"https:\/\/i0.wp.com\/eltrabajo.cl\/portal\/wp-content\/uploads\/2016\/06\/michael-lecaros1.jpg?ssl=1\"><img loading=\"lazy\" decoding=\"async\" width=\"300\" height=\"198\" src=\"https:\/\/i0.wp.com\/eltrabajo.cl\/portal\/wp-content\/uploads\/2016\/06\/michael-lecaros1.jpg?fit=300%2C198&amp;ssl=1\" class=\"attachment-medium size-medium\" alt=\"\u2018EL MELLIZO TUERTO\u2019.- Lecaros, pas\u00f3 a control de detenci\u00f3n en el Tribunal de Garant\u00eda de Los Andes donde el fiscal Jorge Alfaro lo formaliz\u00f3 por el delito de robo con violencia.\" srcset=\"https:\/\/i0.wp.com\/eltrabajo.cl\/portal\/wp-content\/uploads\/2016\/06\/michael-lecaros1.jpg?w=530&amp;ssl=1 530w, https:\/\/i0.wp.com\/eltrabajo.cl\/portal\/wp-content\/uploads\/2016\/06\/michael-lecaros1.jpg?resize=200%2C132&amp;ssl=1 200w, https:\/\/i0.wp.com\/eltrabajo.cl\/portal\/wp-content\/uploads\/2016\/06\/michael-lecaros1.jpg?resize=300%2C198&amp;ssl=1 300w, https:\/\/i0.wp.com\/eltrabajo.cl\/portal\/wp-content\/uploads\/2016\/06\/michael-lecaros1.jpg?resize=227%2C150&amp;ssl=1 227w, https:\/\/i0.wp.com\/eltrabajo.cl\/portal\/wp-content\/uploads\/2016\/06\/michael-lecaros1.jpg?resize=400%2C264&amp;ssl=1 400w\" sizes=\"auto, (max-width: 300px) 100vw, 300px\" \/><\/a><\/p>\n<p>\u2018EL MELLIZO TUERTO\u2019.- Lecaros, pas\u00f3 a control de detenci\u00f3n en el Tribunal de Garant\u00eda de Los Andes donde el fiscal Jorge Alfaro lo formaliz\u00f3 por el delito de robo con violencia.<\/p>\n"},"caption":{"rendered":"<p>\u2018EL MELLIZO TUERTO\u2019.- Lecaros, pas\u00f3 a control de detenci\u00f3n en el Tribunal de Garant\u00eda de Los Andes donde el fiscal Jorge Alfaro lo formaliz\u00f3 por el delito de robo con violencia.<\/p>\n"},"alt_text":"\u2018EL MELLIZO TUERTO\u2019.- Lecaros, pas\u00f3 a control de detenci\u00f3n en el Tribunal de Garant\u00eda de Los Andes donde el fiscal Jorge Alfaro lo formaliz\u00f3 por el delito de robo con violencia.","media_type":"image","mime_type":"image\/jpeg","media_details":{"width":530,"height":350,"file":"2016\/06\/michael-lecaros1.jpg","sizes":{"thumbnail":{"file":"michael-lecaros1-200x132.jpg","width":200,"height":132,"mime_type":"image\/jpeg","source_url":"https:\/\/i0.wp.com\/eltrabajo.cl\/portal\/wp-content\/uploads\/2016\/06\/michael-lecaros1.jpg?fit=200%2C132&ssl=1"},"medium":{"file":"michael-lecaros1-300x198.jpg","width":300,"height":198,"mime_type":"image\/jpeg","source_url":"https:\/\/i0.wp.com\/eltrabajo.cl\/portal\/wp-content\/uploads\/2016\/06\/michael-lecaros1.jpg?fit=300%2C198&ssl=1"},"post-thumbnail":{"file":"michael-lecaros1-227x150.jpg","width":227,"height":150,"mime_type":"image\/jpeg","source_url":"https:\/\/i0.wp.com\/eltrabajo.cl\/portal\/wp-content\/uploads\/2016\/06\/michael-lecaros1.jpg?fit=227%2C150&ssl=1"},"single-post-thumbnail":{"file":"michael-lecaros1-400x264.jpg","width":400,"height":264,"mime_type":"image\/jpeg","source_url":"https:\/\/eltrabajo.cl\/portal\/wp-content\/uploads\/2016\/06\/michael-lecaros1-400x264.jpg"},"wptouch-new-thumbnail":{"file":"michael-lecaros1-144x144.jpg","width":144,"height":144,"mime_type":"image\/jpeg","source_url":"https:\/\/eltrabajo.cl\/portal\/wp-content\/uploads\/2016\/06\/michael-lecaros1-144x144.jpg"},"full":{"file":"michael-lecaros1.jpg?fit=530%2C350&ssl=1","width":530,"height":350,"mime_type":"image\/jpeg","source_url":"https:\/\/i0.wp.com\/eltrabajo.cl\/portal\/wp-content\/uploads\/2016\/06\/michael-lecaros1.jpg?fit=530%2C350&ssl=1"}},"image_meta":{"aperture":"0","credit":"","camera":"","caption":"","created_timestamp":"0","copyright":"","focal_length":"0","iso":"0","shutter_speed":"0","title":"","orientation":"0","keywords":[]}},"post":70391,"source_url":"https:\/\/eltrabajo.cl\/portal\/wp-content\/uploads\/2016\/06\/michael-lecaros1.jpg","_links":{"self":[{"href":"https:\/\/eltrabajo.cl\/portal\/wp-json\/wp\/v2\/media\/70392","targetHints":{"allow":["GET"]}}],"collection":[{"href":"https:\/\/eltrabajo.cl\/portal\/wp-json\/wp\/v2\/media"}],"about":[{"href":"https:\/\/eltrabajo.cl\/portal\/wp-json\/wp\/v2\/types\/attachment"}],"author":[{"embeddable":true,"href":"https:\/\/eltrabajo.cl\/portal\/wp-json\/wp\/v2\/users\/1"}],"replies":[{"embeddable":true,"href":"https:\/\/eltrabajo.cl\/portal\/wp-json\/wp\/v2\/comments?post=70392"}],"wp:attached-to":[{"embeddable":true,"post_type":"post","id":70391,"href":"https:\/\/eltrabajo.cl\/portal\/wp-json\/wp\/v2\/posts\/70391"}],"curies":[{"name":"wp","href":"https:\/\/api.w.org\/{rel}","templated":true}]}}

‘EL MELLIZO TUERTO’.- Lecaros, pasó a control de detención en el Tribunal de Garantía de Los Andes donde el fiscal Jorge Alfaro lo formalizó por el delito de robo con violencia.

<p class="attachment"><a href="https://i0.wp.com/eltrabajo.cl/portal/wp-content/uploads/2016/06/michael-lecaros1.jpg?ssl=1"><img loading="lazy" decoding="async" width="300" height="198" src="https://i0.wp.com/eltrabajo.cl/portal/wp-content/uploads/2016/06/michael-lecaros1.jpg?fit=300%2C198&amp;ssl=1" class="attachment-medium size-medium" alt="‘EL MELLIZO TUERTO’.- Lecaros, pasó a control de detención en el Tribunal de Garantía de Los Andes donde el fiscal Jorge Alfaro lo formalizó por el delito de robo con violencia." srcset="https://i0.wp.com/eltrabajo.cl/portal/wp-content/uploads/2016/06/michael-lecaros1.jpg?w=530&amp;ssl=1 530w, https://i0.wp.com/eltrabajo.cl/portal/wp-content/uploads/2016/06/michael-lecaros1.jpg?resize=200%2C132&amp;ssl=1 200w, https://i0.wp.com/eltrabajo.cl/portal/wp-content/uploads/2016/06/michael-lecaros1.jpg?resize=300%2C198&amp;ssl=1 300w, https://i0.wp.com/eltrabajo.cl/portal/wp-content/uploads/2016/06/michael-lecaros1.jpg?resize=227%2C150&amp;ssl=1 227w, https://i0.wp.com/eltrabajo.cl/portal/wp-content/uploads/2016/06/michael-lecaros1.jpg?resize=400%2C264&amp;ssl=1 400w" sizes="auto, (max-width: 300px) 100vw, 300px" /></a></p>
<p>‘EL MELLIZO TUERTO’.- Lecaros, pasó a control de detención en el Tribunal de Garantía de Los Andes donde el fiscal Jorge Alfaro lo formalizó por el delito de robo con violencia.</p>

<p>‘EL MELLIZO TUERTO’.- Lecaros, pasó a control de detención en el Tribunal de Garantía de Los Andes donde el fiscal Jorge Alfaro lo formalizó por el delito de robo con violencia.</p>
