{"id":71126,"date":"2016-06-23T08:53:04","date_gmt":"2016-06-23T12:53:04","guid":{"rendered":"http:\/\/www.eltrabajo.cl\/portal\/wp-content\/uploads\/2016\/06\/depto-incendiado.jpg"},"modified":"2016-06-23T08:54:08","modified_gmt":"2016-06-23T12:54:08","slug":"depto-incendiado","status":"inherit","type":"attachment","link":"https:\/\/eltrabajo.cl\/portal\/voraz-incendio-destruye-un-departamento-y-afecta-a-vecinos-colindantes\/depto-incendiado\/","title":{"rendered":"Irma S\u00e1nchez Barraza, due\u00f1a del departamento donde se inici\u00f3 el fuego."},"author":1,"featured_media":0,"comment_status":"open","ping_status":"closed","template":"","meta":{"advanced_seo_description":"","jetpack_seo_html_title":"","jetpack_seo_noindex":false},"class_list":["post-71126","attachment","type-attachment","status-inherit","hentry"],"jetpack_sharing_enabled":true,"jetpack_likes_enabled":true,"description":{"rendered":"<p class=\"attachment\"><a href=\"https:\/\/i0.wp.com\/eltrabajo.cl\/portal\/wp-content\/uploads\/2016\/06\/depto-incendiado.jpg?ssl=1\"><img loading=\"lazy\" decoding=\"async\" width=\"300\" height=\"198\" src=\"https:\/\/i0.wp.com\/eltrabajo.cl\/portal\/wp-content\/uploads\/2016\/06\/depto-incendiado.jpg?fit=300%2C198&amp;ssl=1\" class=\"attachment-medium size-medium\" alt=\"Irma S\u00e1nchez Barraza, due\u00f1a del departamento donde se inici\u00f3 el fuego.\" srcset=\"https:\/\/i0.wp.com\/eltrabajo.cl\/portal\/wp-content\/uploads\/2016\/06\/depto-incendiado.jpg?w=530&amp;ssl=1 530w, https:\/\/i0.wp.com\/eltrabajo.cl\/portal\/wp-content\/uploads\/2016\/06\/depto-incendiado.jpg?resize=200%2C132&amp;ssl=1 200w, https:\/\/i0.wp.com\/eltrabajo.cl\/portal\/wp-content\/uploads\/2016\/06\/depto-incendiado.jpg?resize=300%2C198&amp;ssl=1 300w, https:\/\/i0.wp.com\/eltrabajo.cl\/portal\/wp-content\/uploads\/2016\/06\/depto-incendiado.jpg?resize=228%2C150&amp;ssl=1 228w, https:\/\/i0.wp.com\/eltrabajo.cl\/portal\/wp-content\/uploads\/2016\/06\/depto-incendiado.jpg?resize=400%2C263&amp;ssl=1 400w\" sizes=\"auto, (max-width: 300px) 100vw, 300px\" \/><\/a><\/p>\n<p>Irma S\u00e1nchez Barraza, due\u00f1a del departamento donde se inici\u00f3 el fuego.<\/p>\n"},"caption":{"rendered":"<p>Irma S\u00e1nchez Barraza, due\u00f1a del departamento donde se inici\u00f3 el fuego.<\/p>\n"},"alt_text":"Irma S\u00e1nchez Barraza, due\u00f1a del departamento donde se inici\u00f3 el fuego.","media_type":"image","mime_type":"image\/jpeg","media_details":{"width":530,"height":349,"file":"2016\/06\/depto-incendiado.jpg","sizes":{"thumbnail":{"file":"depto-incendiado-200x132.jpg","width":200,"height":132,"mime_type":"image\/jpeg","source_url":"https:\/\/i0.wp.com\/eltrabajo.cl\/portal\/wp-content\/uploads\/2016\/06\/depto-incendiado.jpg?fit=200%2C132&ssl=1"},"medium":{"file":"depto-incendiado-300x198.jpg","width":300,"height":198,"mime_type":"image\/jpeg","source_url":"https:\/\/i0.wp.com\/eltrabajo.cl\/portal\/wp-content\/uploads\/2016\/06\/depto-incendiado.jpg?fit=300%2C198&ssl=1"},"post-thumbnail":{"file":"depto-incendiado-228x150.jpg","width":228,"height":150,"mime_type":"image\/jpeg","source_url":"https:\/\/i0.wp.com\/eltrabajo.cl\/portal\/wp-content\/uploads\/2016\/06\/depto-incendiado.jpg?fit=228%2C150&ssl=1"},"single-post-thumbnail":{"file":"depto-incendiado-400x263.jpg","width":400,"height":263,"mime_type":"image\/jpeg","source_url":"https:\/\/eltrabajo.cl\/portal\/wp-content\/uploads\/2016\/06\/depto-incendiado-400x263.jpg"},"wptouch-new-thumbnail":{"file":"depto-incendiado-144x144.jpg","width":144,"height":144,"mime_type":"image\/jpeg","source_url":"https:\/\/eltrabajo.cl\/portal\/wp-content\/uploads\/2016\/06\/depto-incendiado-144x144.jpg"},"full":{"file":"depto-incendiado.jpg?fit=530%2C349&ssl=1","width":530,"height":349,"mime_type":"image\/jpeg","source_url":"https:\/\/i0.wp.com\/eltrabajo.cl\/portal\/wp-content\/uploads\/2016\/06\/depto-incendiado.jpg?fit=530%2C349&ssl=1"}},"image_meta":{"aperture":"0","credit":"","camera":"","caption":"","created_timestamp":"0","copyright":"","focal_length":"0","iso":"0","shutter_speed":"0","title":"","orientation":"0","keywords":[]}},"post":71123,"source_url":"https:\/\/eltrabajo.cl\/portal\/wp-content\/uploads\/2016\/06\/depto-incendiado.jpg","_links":{"self":[{"href":"https:\/\/eltrabajo.cl\/portal\/wp-json\/wp\/v2\/media\/71126","targetHints":{"allow":["GET"]}}],"collection":[{"href":"https:\/\/eltrabajo.cl\/portal\/wp-json\/wp\/v2\/media"}],"about":[{"href":"https:\/\/eltrabajo.cl\/portal\/wp-json\/wp\/v2\/types\/attachment"}],"author":[{"embeddable":true,"href":"https:\/\/eltrabajo.cl\/portal\/wp-json\/wp\/v2\/users\/1"}],"replies":[{"embeddable":true,"href":"https:\/\/eltrabajo.cl\/portal\/wp-json\/wp\/v2\/comments?post=71126"}],"wp:attached-to":[{"embeddable":true,"post_type":"post","id":71123,"href":"https:\/\/eltrabajo.cl\/portal\/wp-json\/wp\/v2\/posts\/71123"}],"curies":[{"name":"wp","href":"https:\/\/api.w.org\/{rel}","templated":true}]}}

Irma Sánchez Barraza, dueña del departamento donde se inició el fuego.

<p class="attachment"><a href="https://i0.wp.com/eltrabajo.cl/portal/wp-content/uploads/2016/06/depto-incendiado.jpg?ssl=1"><img loading="lazy" decoding="async" width="300" height="198" src="https://i0.wp.com/eltrabajo.cl/portal/wp-content/uploads/2016/06/depto-incendiado.jpg?fit=300%2C198&amp;ssl=1" class="attachment-medium size-medium" alt="Irma Sánchez Barraza, dueña del departamento donde se inició el fuego." srcset="https://i0.wp.com/eltrabajo.cl/portal/wp-content/uploads/2016/06/depto-incendiado.jpg?w=530&amp;ssl=1 530w, https://i0.wp.com/eltrabajo.cl/portal/wp-content/uploads/2016/06/depto-incendiado.jpg?resize=200%2C132&amp;ssl=1 200w, https://i0.wp.com/eltrabajo.cl/portal/wp-content/uploads/2016/06/depto-incendiado.jpg?resize=300%2C198&amp;ssl=1 300w, https://i0.wp.com/eltrabajo.cl/portal/wp-content/uploads/2016/06/depto-incendiado.jpg?resize=228%2C150&amp;ssl=1 228w, https://i0.wp.com/eltrabajo.cl/portal/wp-content/uploads/2016/06/depto-incendiado.jpg?resize=400%2C263&amp;ssl=1 400w" sizes="auto, (max-width: 300px) 100vw, 300px" /></a></p>
<p>Irma Sánchez Barraza, dueña del departamento donde se inició el fuego.</p>

<p>Irma Sánchez Barraza, dueña del departamento donde se inició el fuego.</p>
