{"id":71128,"date":"2016-06-23T08:53:06","date_gmt":"2016-06-23T12:53:06","guid":{"rendered":"http:\/\/www.eltrabajo.cl\/portal\/wp-content\/uploads\/2016\/06\/depto-incendio6.jpg"},"modified":"2016-06-23T08:53:54","modified_gmt":"2016-06-23T12:53:54","slug":"depto-incendio6","status":"inherit","type":"attachment","link":"https:\/\/eltrabajo.cl\/portal\/voraz-incendio-destruye-un-departamento-y-afecta-a-vecinos-colindantes\/depto-incendio6\/","title":{"rendered":"Inicialmente se inform\u00f3 que el siniestro habr\u00eda sido intencional, por lo que, en la ma\u00f1ana concurri\u00f3 personal especializado del Labocar de Carabineros para realizar las pericias correspondientes."},"author":1,"featured_media":0,"comment_status":"open","ping_status":"closed","template":"","meta":{"advanced_seo_description":"","jetpack_seo_html_title":"","jetpack_seo_noindex":false},"class_list":["post-71128","attachment","type-attachment","status-inherit","hentry"],"jetpack_sharing_enabled":true,"jetpack_likes_enabled":true,"description":{"rendered":"<p class=\"attachment\"><a href=\"https:\/\/i0.wp.com\/eltrabajo.cl\/portal\/wp-content\/uploads\/2016\/06\/depto-incendio6.jpg?ssl=1\"><img loading=\"lazy\" decoding=\"async\" width=\"300\" height=\"197\" src=\"https:\/\/i0.wp.com\/eltrabajo.cl\/portal\/wp-content\/uploads\/2016\/06\/depto-incendio6.jpg?fit=300%2C197&amp;ssl=1\" class=\"attachment-medium size-medium\" alt=\"Inicialmente se inform\u00f3 que el siniestro habr\u00eda sido intencional, por lo que, en la ma\u00f1ana concurri\u00f3 personal especializado del Labocar de Carabineros para realizar las pericias correspondientes.\" srcset=\"https:\/\/i0.wp.com\/eltrabajo.cl\/portal\/wp-content\/uploads\/2016\/06\/depto-incendio6.jpg?w=530&amp;ssl=1 530w, https:\/\/i0.wp.com\/eltrabajo.cl\/portal\/wp-content\/uploads\/2016\/06\/depto-incendio6.jpg?resize=200%2C131&amp;ssl=1 200w, https:\/\/i0.wp.com\/eltrabajo.cl\/portal\/wp-content\/uploads\/2016\/06\/depto-incendio6.jpg?resize=300%2C197&amp;ssl=1 300w, https:\/\/i0.wp.com\/eltrabajo.cl\/portal\/wp-content\/uploads\/2016\/06\/depto-incendio6.jpg?resize=228%2C150&amp;ssl=1 228w, https:\/\/i0.wp.com\/eltrabajo.cl\/portal\/wp-content\/uploads\/2016\/06\/depto-incendio6.jpg?resize=400%2C263&amp;ssl=1 400w\" sizes=\"auto, (max-width: 300px) 100vw, 300px\" \/><\/a><\/p>\n<p>Inicialmente se inform\u00f3 que el siniestro habr\u00eda sido intencional, por lo que, en la ma\u00f1ana concurri\u00f3 personal especializado del Labocar de Carabineros para realizar las pericias correspondientes.<\/p>\n"},"caption":{"rendered":"<p>Inicialmente se inform\u00f3 que el siniestro habr\u00eda sido intencional, por lo que, en la ma\u00f1ana concurri\u00f3 personal especializado del Labocar de Carabineros para realizar las pericias correspondientes.<\/p>\n"},"alt_text":"Inicialmente se inform\u00f3 que el siniestro habr\u00eda sido intencional, por lo que, en la ma\u00f1ana concurri\u00f3 personal especializado del Labocar de Carabineros para realizar las pericias correspondientes.","media_type":"image","mime_type":"image\/jpeg","media_details":{"width":530,"height":348,"file":"2016\/06\/depto-incendio6.jpg","sizes":{"thumbnail":{"file":"depto-incendio6-200x131.jpg","width":200,"height":131,"mime_type":"image\/jpeg","source_url":"https:\/\/i0.wp.com\/eltrabajo.cl\/portal\/wp-content\/uploads\/2016\/06\/depto-incendio6.jpg?fit=200%2C131&ssl=1"},"medium":{"file":"depto-incendio6-300x197.jpg","width":300,"height":197,"mime_type":"image\/jpeg","source_url":"https:\/\/i0.wp.com\/eltrabajo.cl\/portal\/wp-content\/uploads\/2016\/06\/depto-incendio6.jpg?fit=300%2C197&ssl=1"},"post-thumbnail":{"file":"depto-incendio6-228x150.jpg","width":228,"height":150,"mime_type":"image\/jpeg","source_url":"https:\/\/i0.wp.com\/eltrabajo.cl\/portal\/wp-content\/uploads\/2016\/06\/depto-incendio6.jpg?fit=228%2C150&ssl=1"},"single-post-thumbnail":{"file":"depto-incendio6-400x263.jpg","width":400,"height":263,"mime_type":"image\/jpeg","source_url":"https:\/\/eltrabajo.cl\/portal\/wp-content\/uploads\/2016\/06\/depto-incendio6-400x263.jpg"},"wptouch-new-thumbnail":{"file":"depto-incendio6-144x144.jpg","width":144,"height":144,"mime_type":"image\/jpeg","source_url":"https:\/\/eltrabajo.cl\/portal\/wp-content\/uploads\/2016\/06\/depto-incendio6-144x144.jpg"},"full":{"file":"depto-incendio6.jpg?fit=530%2C348&ssl=1","width":530,"height":348,"mime_type":"image\/jpeg","source_url":"https:\/\/i0.wp.com\/eltrabajo.cl\/portal\/wp-content\/uploads\/2016\/06\/depto-incendio6.jpg?fit=530%2C348&ssl=1"}},"image_meta":{"aperture":"0","credit":"","camera":"","caption":"","created_timestamp":"0","copyright":"","focal_length":"0","iso":"0","shutter_speed":"0","title":"","orientation":"0","keywords":[]}},"post":71123,"source_url":"https:\/\/eltrabajo.cl\/portal\/wp-content\/uploads\/2016\/06\/depto-incendio6.jpg","_links":{"self":[{"href":"https:\/\/eltrabajo.cl\/portal\/wp-json\/wp\/v2\/media\/71128","targetHints":{"allow":["GET"]}}],"collection":[{"href":"https:\/\/eltrabajo.cl\/portal\/wp-json\/wp\/v2\/media"}],"about":[{"href":"https:\/\/eltrabajo.cl\/portal\/wp-json\/wp\/v2\/types\/attachment"}],"author":[{"embeddable":true,"href":"https:\/\/eltrabajo.cl\/portal\/wp-json\/wp\/v2\/users\/1"}],"replies":[{"embeddable":true,"href":"https:\/\/eltrabajo.cl\/portal\/wp-json\/wp\/v2\/comments?post=71128"}],"wp:attached-to":[{"embeddable":true,"post_type":"post","id":71123,"href":"https:\/\/eltrabajo.cl\/portal\/wp-json\/wp\/v2\/posts\/71123"}],"curies":[{"name":"wp","href":"https:\/\/api.w.org\/{rel}","templated":true}]}}

Inicialmente se informó que el siniestro habría sido intencional, por lo que, en la mañana concurrió personal especializado del Labocar de Carabineros para realizar las pericias correspondientes.

<p class="attachment"><a href="https://i0.wp.com/eltrabajo.cl/portal/wp-content/uploads/2016/06/depto-incendio6.jpg?ssl=1"><img loading="lazy" decoding="async" width="300" height="197" src="https://i0.wp.com/eltrabajo.cl/portal/wp-content/uploads/2016/06/depto-incendio6.jpg?fit=300%2C197&amp;ssl=1" class="attachment-medium size-medium" alt="Inicialmente se informó que el siniestro habría sido intencional, por lo que, en la mañana concurrió personal especializado del Labocar de Carabineros para realizar las pericias correspondientes." srcset="https://i0.wp.com/eltrabajo.cl/portal/wp-content/uploads/2016/06/depto-incendio6.jpg?w=530&amp;ssl=1 530w, https://i0.wp.com/eltrabajo.cl/portal/wp-content/uploads/2016/06/depto-incendio6.jpg?resize=200%2C131&amp;ssl=1 200w, https://i0.wp.com/eltrabajo.cl/portal/wp-content/uploads/2016/06/depto-incendio6.jpg?resize=300%2C197&amp;ssl=1 300w, https://i0.wp.com/eltrabajo.cl/portal/wp-content/uploads/2016/06/depto-incendio6.jpg?resize=228%2C150&amp;ssl=1 228w, https://i0.wp.com/eltrabajo.cl/portal/wp-content/uploads/2016/06/depto-incendio6.jpg?resize=400%2C263&amp;ssl=1 400w" sizes="auto, (max-width: 300px) 100vw, 300px" /></a></p>
<p>Inicialmente se informó que el siniestro habría sido intencional, por lo que, en la mañana concurrió personal especializado del Labocar de Carabineros para realizar las pericias correspondientes.</p>

<p>Inicialmente se informó que el siniestro habría sido intencional, por lo que, en la mañana concurrió personal especializado del Labocar de Carabineros para realizar las pericias correspondientes.</p>
