{"id":72363,"date":"2016-08-01T09:11:15","date_gmt":"2016-08-01T13:11:15","guid":{"rendered":"http:\/\/www.eltrabajo.cl\/portal\/wp-content\/uploads\/2016\/08\/Trajes1.jpg"},"modified":"2016-08-01T09:12:53","modified_gmt":"2016-08-01T13:12:53","slug":"trajes1","status":"inherit","type":"attachment","link":"https:\/\/eltrabajo.cl\/portal\/con-comidas-bailes-y-pisco-sour-peruanos-celebraron-su-independencia\/trajes1\/","title":{"rendered":"CON SUS TRAJES.- Do\u00f1a Bertha Zorrilla y su esposo \u00c1ngel Alejos, peruanos, muestran a las c\u00e1maras de Diario El Trabajo su mejor traje folcl\u00f3rico."},"author":1,"featured_media":0,"comment_status":"open","ping_status":"closed","template":"","meta":{"advanced_seo_description":"","jetpack_seo_html_title":"","jetpack_seo_noindex":false},"class_list":["post-72363","attachment","type-attachment","status-inherit","hentry"],"jetpack_sharing_enabled":true,"jetpack_likes_enabled":true,"description":{"rendered":"<p class=\"attachment\"><a href=\"https:\/\/i0.wp.com\/eltrabajo.cl\/portal\/wp-content\/uploads\/2016\/08\/Trajes1.jpg?ssl=1\"><img loading=\"lazy\" decoding=\"async\" width=\"169\" height=\"300\" src=\"https:\/\/i0.wp.com\/eltrabajo.cl\/portal\/wp-content\/uploads\/2016\/08\/Trajes1.jpg?fit=169%2C300&amp;ssl=1\" class=\"attachment-medium size-medium\" alt=\"CON SUS TRAJES.- Do\u00f1a Bertha Zorrilla y su esposo \u00c1ngel Alejos, peruanos, muestran a las c\u00e1maras de Diario El Trabajo su mejor traje folcl\u00f3rico.\" srcset=\"https:\/\/i0.wp.com\/eltrabajo.cl\/portal\/wp-content\/uploads\/2016\/08\/Trajes1.jpg?w=530&amp;ssl=1 530w, https:\/\/i0.wp.com\/eltrabajo.cl\/portal\/wp-content\/uploads\/2016\/08\/Trajes1.jpg?resize=84%2C150&amp;ssl=1 84w, https:\/\/i0.wp.com\/eltrabajo.cl\/portal\/wp-content\/uploads\/2016\/08\/Trajes1.jpg?resize=169%2C300&amp;ssl=1 169w, https:\/\/i0.wp.com\/eltrabajo.cl\/portal\/wp-content\/uploads\/2016\/08\/Trajes1.jpg?resize=400%2C711&amp;ssl=1 400w\" sizes=\"auto, (max-width: 169px) 100vw, 169px\" \/><\/a><\/p>\n<p>CON SUS TRAJES.- Do\u00f1a Bertha Zorrilla y su esposo \u00c1ngel Alejos, peruanos, muestran a las c\u00e1maras de Diario El Trabajo su mejor traje folcl\u00f3rico.<\/p>\n"},"caption":{"rendered":"<p>CON SUS TRAJES.- Do\u00f1a Bertha Zorrilla y su esposo \u00c1ngel Alejos, peruanos, muestran a las c\u00e1maras de Diario El Trabajo su mejor traje folcl\u00f3rico.<\/p>\n"},"alt_text":"CON SUS TRAJES.- Do\u00f1a Bertha Zorrilla y su esposo \u00c1ngel Alejos, peruanos, muestran a las c\u00e1maras de Diario El Trabajo su mejor traje folcl\u00f3rico.","media_type":"image","mime_type":"image\/jpeg","media_details":{"width":530,"height":942,"file":"2016\/08\/Trajes1.jpg","sizes":{"thumbnail":{"file":"Trajes1-84x150.jpg","width":84,"height":150,"mime_type":"image\/jpeg","source_url":"https:\/\/i0.wp.com\/eltrabajo.cl\/portal\/wp-content\/uploads\/2016\/08\/Trajes1.jpg?fit=84%2C150&ssl=1"},"medium":{"file":"Trajes1-169x300.jpg","width":169,"height":300,"mime_type":"image\/jpeg","source_url":"https:\/\/i0.wp.com\/eltrabajo.cl\/portal\/wp-content\/uploads\/2016\/08\/Trajes1.jpg?fit=169%2C300&ssl=1"},"post-thumbnail":{"file":"Trajes1-84x150.jpg","width":84,"height":150,"mime_type":"image\/jpeg","source_url":"https:\/\/i0.wp.com\/eltrabajo.cl\/portal\/wp-content\/uploads\/2016\/08\/Trajes1.jpg?fit=84%2C150&ssl=1"},"single-post-thumbnail":{"file":"Trajes1-400x711.jpg","width":400,"height":711,"mime_type":"image\/jpeg","source_url":"https:\/\/eltrabajo.cl\/portal\/wp-content\/uploads\/2016\/08\/Trajes1-400x711.jpg"},"wptouch-new-thumbnail":{"file":"Trajes1-144x144.jpg","width":144,"height":144,"mime_type":"image\/jpeg","source_url":"https:\/\/eltrabajo.cl\/portal\/wp-content\/uploads\/2016\/08\/Trajes1-144x144.jpg"},"full":{"file":"Trajes1.jpg?fit=530%2C942&ssl=1","width":530,"height":942,"mime_type":"image\/jpeg","source_url":"https:\/\/i0.wp.com\/eltrabajo.cl\/portal\/wp-content\/uploads\/2016\/08\/Trajes1.jpg?fit=530%2C942&ssl=1"}},"image_meta":{"aperture":"0","credit":"","camera":"","caption":"","created_timestamp":"0","copyright":"","focal_length":"0","iso":"0","shutter_speed":"0","title":"","orientation":"0","keywords":[]}},"post":72357,"source_url":"https:\/\/eltrabajo.cl\/portal\/wp-content\/uploads\/2016\/08\/Trajes1.jpg","_links":{"self":[{"href":"https:\/\/eltrabajo.cl\/portal\/wp-json\/wp\/v2\/media\/72363","targetHints":{"allow":["GET"]}}],"collection":[{"href":"https:\/\/eltrabajo.cl\/portal\/wp-json\/wp\/v2\/media"}],"about":[{"href":"https:\/\/eltrabajo.cl\/portal\/wp-json\/wp\/v2\/types\/attachment"}],"author":[{"embeddable":true,"href":"https:\/\/eltrabajo.cl\/portal\/wp-json\/wp\/v2\/users\/1"}],"replies":[{"embeddable":true,"href":"https:\/\/eltrabajo.cl\/portal\/wp-json\/wp\/v2\/comments?post=72363"}],"wp:attached-to":[{"embeddable":true,"post_type":"post","id":72357,"href":"https:\/\/eltrabajo.cl\/portal\/wp-json\/wp\/v2\/posts\/72357"}],"curies":[{"name":"wp","href":"https:\/\/api.w.org\/{rel}","templated":true}]}}

CON SUS TRAJES.- Doña Bertha Zorrilla y su esposo Ángel Alejos, peruanos, muestran a las cámaras de Diario El Trabajo su mejor traje folclórico.

<p class="attachment"><a href="https://i0.wp.com/eltrabajo.cl/portal/wp-content/uploads/2016/08/Trajes1.jpg?ssl=1"><img loading="lazy" decoding="async" width="169" height="300" src="https://i0.wp.com/eltrabajo.cl/portal/wp-content/uploads/2016/08/Trajes1.jpg?fit=169%2C300&amp;ssl=1" class="attachment-medium size-medium" alt="CON SUS TRAJES.- Doña Bertha Zorrilla y su esposo Ángel Alejos, peruanos, muestran a las cámaras de Diario El Trabajo su mejor traje folclórico." srcset="https://i0.wp.com/eltrabajo.cl/portal/wp-content/uploads/2016/08/Trajes1.jpg?w=530&amp;ssl=1 530w, https://i0.wp.com/eltrabajo.cl/portal/wp-content/uploads/2016/08/Trajes1.jpg?resize=84%2C150&amp;ssl=1 84w, https://i0.wp.com/eltrabajo.cl/portal/wp-content/uploads/2016/08/Trajes1.jpg?resize=169%2C300&amp;ssl=1 169w, https://i0.wp.com/eltrabajo.cl/portal/wp-content/uploads/2016/08/Trajes1.jpg?resize=400%2C711&amp;ssl=1 400w" sizes="auto, (max-width: 169px) 100vw, 169px" /></a></p>
<p>CON SUS TRAJES.- Doña Bertha Zorrilla y su esposo Ángel Alejos, peruanos, muestran a las cámaras de Diario El Trabajo su mejor traje folclórico.</p>

<p>CON SUS TRAJES.- Doña Bertha Zorrilla y su esposo Ángel Alejos, peruanos, muestran a las cámaras de Diario El Trabajo su mejor traje folclórico.</p>
