{"id":72459,"date":"2016-08-03T09:54:30","date_gmt":"2016-08-03T13:54:30","guid":{"rendered":"http:\/\/www.eltrabajo.cl\/portal\/wp-content\/uploads\/2016\/08\/encachados.jpg"},"modified":"2016-08-03T09:55:52","modified_gmt":"2016-08-03T13:55:52","slug":"encachados","status":"inherit","type":"attachment","link":"https:\/\/eltrabajo.cl\/portal\/desfile-en-sector-21-de-mayo-puso-a-todos-a-bailar-y-comer-empanadas\/encachados\/","title":{"rendered":"encachados"},"author":1,"featured_media":0,"comment_status":"open","ping_status":"closed","template":"","meta":{"advanced_seo_description":"","jetpack_seo_html_title":"","jetpack_seo_noindex":false},"class_list":["post-72459","attachment","type-attachment","status-inherit","hentry"],"jetpack_sharing_enabled":true,"jetpack_likes_enabled":true,"description":{"rendered":"<p class=\"attachment\"><a href=\"https:\/\/i0.wp.com\/eltrabajo.cl\/portal\/wp-content\/uploads\/2016\/08\/encachados.jpg?ssl=1\"><img loading=\"lazy\" decoding=\"async\" width=\"300\" height=\"198\" src=\"https:\/\/i0.wp.com\/eltrabajo.cl\/portal\/wp-content\/uploads\/2016\/08\/encachados.jpg?fit=300%2C198&amp;ssl=1\" class=\"attachment-medium size-medium\" alt=\"CHICHA Y EMPANADAS.- Hasta Roberto Gonz\u00e1lez Short, de Diario El Trabajo, y la directora de la Escuela Jos\u00e9 Bernardo Su\u00e1rez, dejaron un momento de lado sus c\u00e1maras y escuela para disfrutar de un buen trago de chicha, al lado, el concejal Dante Rodr\u00edguez con una buena empanada.\" srcset=\"https:\/\/i0.wp.com\/eltrabajo.cl\/portal\/wp-content\/uploads\/2016\/08\/encachados.jpg?w=530&amp;ssl=1 530w, https:\/\/i0.wp.com\/eltrabajo.cl\/portal\/wp-content\/uploads\/2016\/08\/encachados.jpg?resize=200%2C132&amp;ssl=1 200w, https:\/\/i0.wp.com\/eltrabajo.cl\/portal\/wp-content\/uploads\/2016\/08\/encachados.jpg?resize=300%2C198&amp;ssl=1 300w, https:\/\/i0.wp.com\/eltrabajo.cl\/portal\/wp-content\/uploads\/2016\/08\/encachados.jpg?resize=227%2C150&amp;ssl=1 227w, https:\/\/i0.wp.com\/eltrabajo.cl\/portal\/wp-content\/uploads\/2016\/08\/encachados.jpg?resize=400%2C264&amp;ssl=1 400w\" sizes=\"auto, (max-width: 300px) 100vw, 300px\" \/><\/a><\/p>\n<p>CHICHA Y EMPANADAS.- Hasta Roberto Gonz\u00e1lez Short, de Diario El Trabajo, y la directora de la Escuela Jos\u00e9 Bernardo Su\u00e1rez, dejaron un momento de lado sus c\u00e1maras y escuela para disfrutar de un buen trago de chicha, al lado, el concejal Dante Rodr\u00edguez con una buena empanada.<\/p>\n"},"caption":{"rendered":"<p>CHICHA Y EMPANADAS.- Hasta Roberto Gonz\u00e1lez Short, de Diario El Trabajo, y la directora de la Escuela Jos\u00e9 Bernardo Su\u00e1rez, dejaron un momento de lado sus c\u00e1maras y escuela para disfrutar de un buen trago de chicha, al lado, el concejal Dante Rodr\u00edguez con una buena empanada.<\/p>\n"},"alt_text":"CHICHA Y EMPANADAS.- Hasta Roberto Gonz\u00e1lez Short, de Diario El Trabajo, y la directora de la Escuela Jos\u00e9 Bernardo Su\u00e1rez, dejaron un momento de lado sus c\u00e1maras y escuela para disfrutar de un buen trago de chicha, al lado, el concejal Dante Rodr\u00edguez con una buena empanada.","media_type":"image","mime_type":"image\/jpeg","media_details":{"width":530,"height":350,"file":"2016\/08\/encachados.jpg","sizes":{"thumbnail":{"file":"encachados-200x132.jpg","width":200,"height":132,"mime_type":"image\/jpeg","source_url":"https:\/\/i0.wp.com\/eltrabajo.cl\/portal\/wp-content\/uploads\/2016\/08\/encachados.jpg?fit=200%2C132&ssl=1"},"medium":{"file":"encachados-300x198.jpg","width":300,"height":198,"mime_type":"image\/jpeg","source_url":"https:\/\/i0.wp.com\/eltrabajo.cl\/portal\/wp-content\/uploads\/2016\/08\/encachados.jpg?fit=300%2C198&ssl=1"},"post-thumbnail":{"file":"encachados-227x150.jpg","width":227,"height":150,"mime_type":"image\/jpeg","source_url":"https:\/\/i0.wp.com\/eltrabajo.cl\/portal\/wp-content\/uploads\/2016\/08\/encachados.jpg?fit=227%2C150&ssl=1"},"single-post-thumbnail":{"file":"encachados-400x264.jpg","width":400,"height":264,"mime_type":"image\/jpeg","source_url":"https:\/\/eltrabajo.cl\/portal\/wp-content\/uploads\/2016\/08\/encachados-400x264.jpg"},"wptouch-new-thumbnail":{"file":"encachados-144x144.jpg","width":144,"height":144,"mime_type":"image\/jpeg","source_url":"https:\/\/eltrabajo.cl\/portal\/wp-content\/uploads\/2016\/08\/encachados-144x144.jpg"},"full":{"file":"encachados.jpg?fit=530%2C350&ssl=1","width":530,"height":350,"mime_type":"image\/jpeg","source_url":"https:\/\/i0.wp.com\/eltrabajo.cl\/portal\/wp-content\/uploads\/2016\/08\/encachados.jpg?fit=530%2C350&ssl=1"}},"image_meta":{"aperture":"0","credit":"","camera":"","caption":"","created_timestamp":"0","copyright":"","focal_length":"0","iso":"0","shutter_speed":"0","title":"","orientation":"0","keywords":[]}},"post":72453,"source_url":"https:\/\/eltrabajo.cl\/portal\/wp-content\/uploads\/2016\/08\/encachados.jpg","_links":{"self":[{"href":"https:\/\/eltrabajo.cl\/portal\/wp-json\/wp\/v2\/media\/72459","targetHints":{"allow":["GET"]}}],"collection":[{"href":"https:\/\/eltrabajo.cl\/portal\/wp-json\/wp\/v2\/media"}],"about":[{"href":"https:\/\/eltrabajo.cl\/portal\/wp-json\/wp\/v2\/types\/attachment"}],"author":[{"embeddable":true,"href":"https:\/\/eltrabajo.cl\/portal\/wp-json\/wp\/v2\/users\/1"}],"replies":[{"embeddable":true,"href":"https:\/\/eltrabajo.cl\/portal\/wp-json\/wp\/v2\/comments?post=72459"}],"wp:attached-to":[{"embeddable":true,"post_type":"post","id":72453,"href":"https:\/\/eltrabajo.cl\/portal\/wp-json\/wp\/v2\/posts\/72453"}],"curies":[{"name":"wp","href":"https:\/\/api.w.org\/{rel}","templated":true}]}}

<p class="attachment"><a href="https://i0.wp.com/eltrabajo.cl/portal/wp-content/uploads/2016/08/encachados.jpg?ssl=1"><img loading="lazy" decoding="async" width="300" height="198" src="https://i0.wp.com/eltrabajo.cl/portal/wp-content/uploads/2016/08/encachados.jpg?fit=300%2C198&amp;ssl=1" class="attachment-medium size-medium" alt="CHICHA Y EMPANADAS.- Hasta Roberto González Short, de Diario El Trabajo, y la directora de la Escuela José Bernardo Suárez, dejaron un momento de lado sus cámaras y escuela para disfrutar de un buen trago de chicha, al lado, el concejal Dante Rodríguez con una buena empanada." srcset="https://i0.wp.com/eltrabajo.cl/portal/wp-content/uploads/2016/08/encachados.jpg?w=530&amp;ssl=1 530w, https://i0.wp.com/eltrabajo.cl/portal/wp-content/uploads/2016/08/encachados.jpg?resize=200%2C132&amp;ssl=1 200w, https://i0.wp.com/eltrabajo.cl/portal/wp-content/uploads/2016/08/encachados.jpg?resize=300%2C198&amp;ssl=1 300w, https://i0.wp.com/eltrabajo.cl/portal/wp-content/uploads/2016/08/encachados.jpg?resize=227%2C150&amp;ssl=1 227w, https://i0.wp.com/eltrabajo.cl/portal/wp-content/uploads/2016/08/encachados.jpg?resize=400%2C264&amp;ssl=1 400w" sizes="auto, (max-width: 300px) 100vw, 300px" /></a></p>
<p>CHICHA Y EMPANADAS.- Hasta Roberto González Short, de Diario El Trabajo, y la directora de la Escuela José Bernardo Suárez, dejaron un momento de lado sus cámaras y escuela para disfrutar de un buen trago de chicha, al lado, el concejal Dante Rodríguez con una buena empanada.</p>

<p>CHICHA Y EMPANADAS.- Hasta Roberto González Short, de Diario El Trabajo, y la directora de la Escuela José Bernardo Suárez, dejaron un momento de lado sus cámaras y escuela para disfrutar de un buen trago de chicha, al lado, el concejal Dante Rodríguez con una buena empanada.</p>

CHICHA Y EMPANADAS.- Hasta Roberto González Short, de Diario El Trabajo, y la directora de la Escuela José Bernardo Suárez, dejaron un momento de lado sus cámaras y escuela para disfrutar de un buen trago de chicha, al lado, el concejal Dante Rodríguez con una buena empanada.
