{"id":72486,"date":"2016-08-04T09:18:57","date_gmt":"2016-08-04T13:18:57","guid":{"rendered":"http:\/\/www.eltrabajo.cl\/portal\/wp-content\/uploads\/2016\/08\/Amarillo33.jpg"},"modified":"2016-08-04T09:20:12","modified_gmt":"2016-08-04T13:20:12","slug":"amarillo33","status":"inherit","type":"attachment","link":"https:\/\/eltrabajo.cl\/portal\/magistral-desfile-sacudio-nuestra-ciudad-ayer-frente-a-la-plaza-de-armas\/amarillo33\/","title":{"rendered":"DAMAS DE AMARILLO.- Ellas son parte de Damas de Amarillo, agrupaci\u00f3n de bien social que este a\u00f1o desfil\u00f3 frente a las autoridades y p\u00fablico presente."},"author":1,"featured_media":0,"comment_status":"open","ping_status":"closed","template":"","meta":{"advanced_seo_description":"","jetpack_seo_html_title":"","jetpack_seo_noindex":false},"class_list":["post-72486","attachment","type-attachment","status-inherit","hentry"],"jetpack_sharing_enabled":true,"jetpack_likes_enabled":true,"description":{"rendered":"<p class=\"attachment\"><a href=\"https:\/\/i0.wp.com\/eltrabajo.cl\/portal\/wp-content\/uploads\/2016\/08\/Amarillo33.jpg?ssl=1\"><img loading=\"lazy\" decoding=\"async\" width=\"300\" height=\"194\" src=\"https:\/\/i0.wp.com\/eltrabajo.cl\/portal\/wp-content\/uploads\/2016\/08\/Amarillo33.jpg?fit=300%2C194&amp;ssl=1\" class=\"attachment-medium size-medium\" alt=\"DAMAS DE AMARILLO.- Ellas son parte de Damas de Amarillo, agrupaci\u00f3n de bien social que este a\u00f1o desfil\u00f3 frente a las autoridades y p\u00fablico presente.\" srcset=\"https:\/\/i0.wp.com\/eltrabajo.cl\/portal\/wp-content\/uploads\/2016\/08\/Amarillo33.jpg?w=530&amp;ssl=1 530w, https:\/\/i0.wp.com\/eltrabajo.cl\/portal\/wp-content\/uploads\/2016\/08\/Amarillo33.jpg?resize=200%2C129&amp;ssl=1 200w, https:\/\/i0.wp.com\/eltrabajo.cl\/portal\/wp-content\/uploads\/2016\/08\/Amarillo33.jpg?resize=300%2C194&amp;ssl=1 300w, https:\/\/i0.wp.com\/eltrabajo.cl\/portal\/wp-content\/uploads\/2016\/08\/Amarillo33.jpg?resize=232%2C150&amp;ssl=1 232w, https:\/\/i0.wp.com\/eltrabajo.cl\/portal\/wp-content\/uploads\/2016\/08\/Amarillo33.jpg?resize=400%2C259&amp;ssl=1 400w\" sizes=\"auto, (max-width: 300px) 100vw, 300px\" \/><\/a><\/p>\n<p>DAMAS DE AMARILLO.- Ellas son parte de Damas de Amarillo, agrupaci\u00f3n de bien social que este a\u00f1o desfil\u00f3 frente a las autoridades y p\u00fablico presente.<\/p>\n"},"caption":{"rendered":"<p>DAMAS DE AMARILLO.- Ellas son parte de Damas de Amarillo, agrupaci\u00f3n de bien social que este a\u00f1o desfil\u00f3 frente a las autoridades y p\u00fablico presente.<\/p>\n"},"alt_text":"DAMAS DE AMARILLO.- Ellas son parte de Damas de Amarillo, agrupaci\u00f3n de bien social que este a\u00f1o desfil\u00f3 frente a las autoridades y p\u00fablico presente.","media_type":"image","mime_type":"image\/jpeg","media_details":{"width":530,"height":343,"file":"2016\/08\/Amarillo33.jpg","sizes":{"thumbnail":{"file":"Amarillo33-200x129.jpg","width":200,"height":129,"mime_type":"image\/jpeg","source_url":"https:\/\/i0.wp.com\/eltrabajo.cl\/portal\/wp-content\/uploads\/2016\/08\/Amarillo33.jpg?fit=200%2C129&ssl=1"},"medium":{"file":"Amarillo33-300x194.jpg","width":300,"height":194,"mime_type":"image\/jpeg","source_url":"https:\/\/i0.wp.com\/eltrabajo.cl\/portal\/wp-content\/uploads\/2016\/08\/Amarillo33.jpg?fit=300%2C194&ssl=1"},"post-thumbnail":{"file":"Amarillo33-232x150.jpg","width":232,"height":150,"mime_type":"image\/jpeg","source_url":"https:\/\/i0.wp.com\/eltrabajo.cl\/portal\/wp-content\/uploads\/2016\/08\/Amarillo33.jpg?fit=232%2C150&ssl=1"},"single-post-thumbnail":{"file":"Amarillo33-400x259.jpg","width":400,"height":259,"mime_type":"image\/jpeg","source_url":"https:\/\/eltrabajo.cl\/portal\/wp-content\/uploads\/2016\/08\/Amarillo33-400x259.jpg"},"wptouch-new-thumbnail":{"file":"Amarillo33-144x144.jpg","width":144,"height":144,"mime_type":"image\/jpeg","source_url":"https:\/\/eltrabajo.cl\/portal\/wp-content\/uploads\/2016\/08\/Amarillo33-144x144.jpg"},"full":{"file":"Amarillo33.jpg?fit=530%2C343&ssl=1","width":530,"height":343,"mime_type":"image\/jpeg","source_url":"https:\/\/i0.wp.com\/eltrabajo.cl\/portal\/wp-content\/uploads\/2016\/08\/Amarillo33.jpg?fit=530%2C343&ssl=1"}},"image_meta":{"aperture":"0","credit":"","camera":"","caption":"","created_timestamp":"0","copyright":"","focal_length":"0","iso":"0","shutter_speed":"0","title":"","orientation":"0","keywords":[]}},"post":72485,"source_url":"https:\/\/eltrabajo.cl\/portal\/wp-content\/uploads\/2016\/08\/Amarillo33.jpg","_links":{"self":[{"href":"https:\/\/eltrabajo.cl\/portal\/wp-json\/wp\/v2\/media\/72486","targetHints":{"allow":["GET"]}}],"collection":[{"href":"https:\/\/eltrabajo.cl\/portal\/wp-json\/wp\/v2\/media"}],"about":[{"href":"https:\/\/eltrabajo.cl\/portal\/wp-json\/wp\/v2\/types\/attachment"}],"author":[{"embeddable":true,"href":"https:\/\/eltrabajo.cl\/portal\/wp-json\/wp\/v2\/users\/1"}],"replies":[{"embeddable":true,"href":"https:\/\/eltrabajo.cl\/portal\/wp-json\/wp\/v2\/comments?post=72486"}],"wp:attached-to":[{"embeddable":true,"post_type":"post","id":72485,"href":"https:\/\/eltrabajo.cl\/portal\/wp-json\/wp\/v2\/posts\/72485"}],"curies":[{"name":"wp","href":"https:\/\/api.w.org\/{rel}","templated":true}]}}

DAMAS DE AMARILLO.- Ellas son parte de Damas de Amarillo, agrupación de bien social que este año desfiló frente a las autoridades y público presente.

<p class="attachment"><a href="https://i0.wp.com/eltrabajo.cl/portal/wp-content/uploads/2016/08/Amarillo33.jpg?ssl=1"><img loading="lazy" decoding="async" width="300" height="194" src="https://i0.wp.com/eltrabajo.cl/portal/wp-content/uploads/2016/08/Amarillo33.jpg?fit=300%2C194&amp;ssl=1" class="attachment-medium size-medium" alt="DAMAS DE AMARILLO.- Ellas son parte de Damas de Amarillo, agrupación de bien social que este año desfiló frente a las autoridades y público presente." srcset="https://i0.wp.com/eltrabajo.cl/portal/wp-content/uploads/2016/08/Amarillo33.jpg?w=530&amp;ssl=1 530w, https://i0.wp.com/eltrabajo.cl/portal/wp-content/uploads/2016/08/Amarillo33.jpg?resize=200%2C129&amp;ssl=1 200w, https://i0.wp.com/eltrabajo.cl/portal/wp-content/uploads/2016/08/Amarillo33.jpg?resize=300%2C194&amp;ssl=1 300w, https://i0.wp.com/eltrabajo.cl/portal/wp-content/uploads/2016/08/Amarillo33.jpg?resize=232%2C150&amp;ssl=1 232w, https://i0.wp.com/eltrabajo.cl/portal/wp-content/uploads/2016/08/Amarillo33.jpg?resize=400%2C259&amp;ssl=1 400w" sizes="auto, (max-width: 300px) 100vw, 300px" /></a></p>
<p>DAMAS DE AMARILLO.- Ellas son parte de Damas de Amarillo, agrupación de bien social que este año desfiló frente a las autoridades y público presente.</p>

<p>DAMAS DE AMARILLO.- Ellas son parte de Damas de Amarillo, agrupación de bien social que este año desfiló frente a las autoridades y público presente.</p>
