{"id":72489,"date":"2016-08-04T09:19:00","date_gmt":"2016-08-04T13:19:00","guid":{"rendered":"http:\/\/www.eltrabajo.cl\/portal\/wp-content\/uploads\/2016\/08\/Bombero8.jpg"},"modified":"2016-08-04T09:29:25","modified_gmt":"2016-08-04T13:29:25","slug":"bombero8","status":"inherit","type":"attachment","link":"https:\/\/eltrabajo.cl\/portal\/magistral-desfile-sacudio-nuestra-ciudad-ayer-frente-a-la-plaza-de-armas\/bombero8\/","title":{"rendered":"CUANDO M\u00c1S LO NECESITABA.- A este valiente bombero se le ahog\u00f3 la pistola que deb\u00eda disparar una potente detonaci\u00f3n de agua, al final s\u00f3lo este chorrito le sali\u00f3."},"author":1,"featured_media":0,"comment_status":"open","ping_status":"closed","template":"","meta":{"advanced_seo_description":"","jetpack_seo_html_title":"","jetpack_seo_noindex":false},"class_list":["post-72489","attachment","type-attachment","status-inherit","hentry"],"jetpack_sharing_enabled":true,"jetpack_likes_enabled":true,"description":{"rendered":"<p class=\"attachment\"><a href=\"https:\/\/i0.wp.com\/eltrabajo.cl\/portal\/wp-content\/uploads\/2016\/08\/Bombero8.jpg?ssl=1\"><img loading=\"lazy\" decoding=\"async\" width=\"276\" height=\"300\" src=\"https:\/\/i0.wp.com\/eltrabajo.cl\/portal\/wp-content\/uploads\/2016\/08\/Bombero8.jpg?fit=276%2C300&amp;ssl=1\" class=\"attachment-medium size-medium\" alt=\"CUANDO M\u00c1S LO NECESITABA.- A este valiente bombero se le ahog\u00f3 la pistola que deb\u00eda disparar una potente detonaci\u00f3n de agua, al final s\u00f3lo este chorrito le sali\u00f3.\" srcset=\"https:\/\/i0.wp.com\/eltrabajo.cl\/portal\/wp-content\/uploads\/2016\/08\/Bombero8.jpg?w=530&amp;ssl=1 530w, https:\/\/i0.wp.com\/eltrabajo.cl\/portal\/wp-content\/uploads\/2016\/08\/Bombero8.jpg?resize=138%2C150&amp;ssl=1 138w, https:\/\/i0.wp.com\/eltrabajo.cl\/portal\/wp-content\/uploads\/2016\/08\/Bombero8.jpg?resize=276%2C300&amp;ssl=1 276w, https:\/\/i0.wp.com\/eltrabajo.cl\/portal\/wp-content\/uploads\/2016\/08\/Bombero8.jpg?resize=400%2C435&amp;ssl=1 400w\" sizes=\"auto, (max-width: 276px) 100vw, 276px\" \/><\/a><\/p>\n<p>CUANDO M\u00c1S LO NECESITABA.- A este valiente bombero se le ahog\u00f3 la pistola que deb\u00eda disparar una potente detonaci\u00f3n de agua, al final s\u00f3lo este chorrito le sali\u00f3.<\/p>\n"},"caption":{"rendered":"<p>CUANDO M\u00c1S LO NECESITABA.- A este valiente bombero se le ahog\u00f3 la pistola que deb\u00eda disparar una potente detonaci\u00f3n de agua, al final s\u00f3lo este chorrito le sali\u00f3.<\/p>\n"},"alt_text":"CUANDO M\u00c1S LO NECESITABA.- A este valiente bombero se le ahog\u00f3 la pistola que deb\u00eda disparar una potente detonaci\u00f3n de agua, al final s\u00f3lo este chorrito le sali\u00f3.","media_type":"image","mime_type":"image\/jpeg","media_details":{"width":530,"height":576,"file":"2016\/08\/Bombero8.jpg","sizes":{"thumbnail":{"file":"Bombero8-138x150.jpg","width":138,"height":150,"mime_type":"image\/jpeg","source_url":"https:\/\/i0.wp.com\/eltrabajo.cl\/portal\/wp-content\/uploads\/2016\/08\/Bombero8.jpg?fit=138%2C150&ssl=1"},"medium":{"file":"Bombero8-276x300.jpg","width":276,"height":300,"mime_type":"image\/jpeg","source_url":"https:\/\/i0.wp.com\/eltrabajo.cl\/portal\/wp-content\/uploads\/2016\/08\/Bombero8.jpg?fit=276%2C300&ssl=1"},"post-thumbnail":{"file":"Bombero8-138x150.jpg","width":138,"height":150,"mime_type":"image\/jpeg","source_url":"https:\/\/i0.wp.com\/eltrabajo.cl\/portal\/wp-content\/uploads\/2016\/08\/Bombero8.jpg?fit=138%2C150&ssl=1"},"single-post-thumbnail":{"file":"Bombero8-400x435.jpg","width":400,"height":435,"mime_type":"image\/jpeg","source_url":"https:\/\/eltrabajo.cl\/portal\/wp-content\/uploads\/2016\/08\/Bombero8-400x435.jpg"},"wptouch-new-thumbnail":{"file":"Bombero8-144x144.jpg","width":144,"height":144,"mime_type":"image\/jpeg","source_url":"https:\/\/eltrabajo.cl\/portal\/wp-content\/uploads\/2016\/08\/Bombero8-144x144.jpg"},"full":{"file":"Bombero8.jpg?fit=530%2C576&ssl=1","width":530,"height":576,"mime_type":"image\/jpeg","source_url":"https:\/\/i0.wp.com\/eltrabajo.cl\/portal\/wp-content\/uploads\/2016\/08\/Bombero8.jpg?fit=530%2C576&ssl=1"}},"image_meta":{"aperture":"0","credit":"","camera":"","caption":"","created_timestamp":"0","copyright":"","focal_length":"0","iso":"0","shutter_speed":"0","title":"","orientation":"0","keywords":[]}},"post":72485,"source_url":"https:\/\/eltrabajo.cl\/portal\/wp-content\/uploads\/2016\/08\/Bombero8.jpg","_links":{"self":[{"href":"https:\/\/eltrabajo.cl\/portal\/wp-json\/wp\/v2\/media\/72489","targetHints":{"allow":["GET"]}}],"collection":[{"href":"https:\/\/eltrabajo.cl\/portal\/wp-json\/wp\/v2\/media"}],"about":[{"href":"https:\/\/eltrabajo.cl\/portal\/wp-json\/wp\/v2\/types\/attachment"}],"author":[{"embeddable":true,"href":"https:\/\/eltrabajo.cl\/portal\/wp-json\/wp\/v2\/users\/1"}],"replies":[{"embeddable":true,"href":"https:\/\/eltrabajo.cl\/portal\/wp-json\/wp\/v2\/comments?post=72489"}],"wp:attached-to":[{"embeddable":true,"post_type":"post","id":72485,"href":"https:\/\/eltrabajo.cl\/portal\/wp-json\/wp\/v2\/posts\/72485"}],"curies":[{"name":"wp","href":"https:\/\/api.w.org\/{rel}","templated":true}]}}

CUANDO MÁS LO NECESITABA.- A este valiente bombero se le ahogó la pistola que debía disparar una potente detonación de agua, al final sólo este chorrito le salió.

<p class="attachment"><a href="https://i0.wp.com/eltrabajo.cl/portal/wp-content/uploads/2016/08/Bombero8.jpg?ssl=1"><img loading="lazy" decoding="async" width="276" height="300" src="https://i0.wp.com/eltrabajo.cl/portal/wp-content/uploads/2016/08/Bombero8.jpg?fit=276%2C300&amp;ssl=1" class="attachment-medium size-medium" alt="CUANDO MÁS LO NECESITABA.- A este valiente bombero se le ahogó la pistola que debía disparar una potente detonación de agua, al final sólo este chorrito le salió." srcset="https://i0.wp.com/eltrabajo.cl/portal/wp-content/uploads/2016/08/Bombero8.jpg?w=530&amp;ssl=1 530w, https://i0.wp.com/eltrabajo.cl/portal/wp-content/uploads/2016/08/Bombero8.jpg?resize=138%2C150&amp;ssl=1 138w, https://i0.wp.com/eltrabajo.cl/portal/wp-content/uploads/2016/08/Bombero8.jpg?resize=276%2C300&amp;ssl=1 276w, https://i0.wp.com/eltrabajo.cl/portal/wp-content/uploads/2016/08/Bombero8.jpg?resize=400%2C435&amp;ssl=1 400w" sizes="auto, (max-width: 276px) 100vw, 276px" /></a></p>
<p>CUANDO MÁS LO NECESITABA.- A este valiente bombero se le ahogó la pistola que debía disparar una potente detonación de agua, al final sólo este chorrito le salió.</p>

<p>CUANDO MÁS LO NECESITABA.- A este valiente bombero se le ahogó la pistola que debía disparar una potente detonación de agua, al final sólo este chorrito le salió.</p>
