{"id":72491,"date":"2016-08-04T09:19:02","date_gmt":"2016-08-04T13:19:02","guid":{"rendered":"http:\/\/www.eltrabajo.cl\/portal\/wp-content\/uploads\/2016\/08\/Chapiron33.jpg"},"modified":"2016-08-04T09:28:54","modified_gmt":"2016-08-04T13:28:54","slug":"chapiron33","status":"inherit","type":"attachment","link":"https:\/\/eltrabajo.cl\/portal\/magistral-desfile-sacudio-nuestra-ciudad-ayer-frente-a-la-plaza-de-armas\/chapiron33\/","title":{"rendered":"EL GRAN CHAPIR\u00d3N.- Abelardo \u2018Chapir\u00f3n\u2019 Mu\u00f1oz, una de las leyendas vivientes del f\u00fatbol aconcag\u00fcino, desfil\u00f3 ayer en el segmento de exjugadores de nuestra provincia."},"author":1,"featured_media":0,"comment_status":"open","ping_status":"closed","template":"","meta":{"advanced_seo_description":"","jetpack_seo_html_title":"","jetpack_seo_noindex":false},"class_list":["post-72491","attachment","type-attachment","status-inherit","hentry"],"jetpack_sharing_enabled":true,"jetpack_likes_enabled":true,"description":{"rendered":"<p class=\"attachment\"><a href=\"https:\/\/i0.wp.com\/eltrabajo.cl\/portal\/wp-content\/uploads\/2016\/08\/Chapiron33.jpg?ssl=1\"><img loading=\"lazy\" decoding=\"async\" width=\"300\" height=\"197\" src=\"https:\/\/i0.wp.com\/eltrabajo.cl\/portal\/wp-content\/uploads\/2016\/08\/Chapiron33.jpg?fit=300%2C197&amp;ssl=1\" class=\"attachment-medium size-medium\" alt=\"EL GRAN CHAPIR\u00d3N.- Abelardo \u2018Chapir\u00f3n\u2019 Mu\u00f1oz, una de las leyendas vivientes del f\u00fatbol aconcag\u00fcino, desfil\u00f3 ayer en el segmento de exjugadores de nuestra provincia.\" srcset=\"https:\/\/i0.wp.com\/eltrabajo.cl\/portal\/wp-content\/uploads\/2016\/08\/Chapiron33.jpg?w=529&amp;ssl=1 529w, https:\/\/i0.wp.com\/eltrabajo.cl\/portal\/wp-content\/uploads\/2016\/08\/Chapiron33.jpg?resize=200%2C132&amp;ssl=1 200w, https:\/\/i0.wp.com\/eltrabajo.cl\/portal\/wp-content\/uploads\/2016\/08\/Chapiron33.jpg?resize=300%2C197&amp;ssl=1 300w, https:\/\/i0.wp.com\/eltrabajo.cl\/portal\/wp-content\/uploads\/2016\/08\/Chapiron33.jpg?resize=228%2C150&amp;ssl=1 228w, https:\/\/i0.wp.com\/eltrabajo.cl\/portal\/wp-content\/uploads\/2016\/08\/Chapiron33.jpg?resize=400%2C263&amp;ssl=1 400w\" sizes=\"auto, (max-width: 300px) 100vw, 300px\" \/><\/a><\/p>\n<p>EL GRAN CHAPIR\u00d3N.- Abelardo \u2018Chapir\u00f3n\u2019 Mu\u00f1oz, una de las leyendas vivientes del f\u00fatbol aconcag\u00fcino, desfil\u00f3 ayer en el segmento de exjugadores de nuestra provincia.<\/p>\n"},"caption":{"rendered":"<p>EL GRAN CHAPIR\u00d3N.- Abelardo \u2018Chapir\u00f3n\u2019 Mu\u00f1oz, una de las leyendas vivientes del f\u00fatbol aconcag\u00fcino, desfil\u00f3 ayer en el segmento de exjugadores de nuestra provincia.<\/p>\n"},"alt_text":"EL GRAN CHAPIR\u00d3N.- Abelardo \u2018Chapir\u00f3n\u2019 Mu\u00f1oz, una de las leyendas vivientes del f\u00fatbol aconcag\u00fcino, desfil\u00f3 ayer en el segmento de exjugadores de nuestra provincia.","media_type":"image","mime_type":"image\/jpeg","media_details":{"width":529,"height":348,"file":"2016\/08\/Chapiron33.jpg","sizes":{"thumbnail":{"file":"Chapiron33-200x132.jpg","width":200,"height":132,"mime_type":"image\/jpeg","source_url":"https:\/\/i0.wp.com\/eltrabajo.cl\/portal\/wp-content\/uploads\/2016\/08\/Chapiron33.jpg?fit=200%2C132&ssl=1"},"medium":{"file":"Chapiron33-300x197.jpg","width":300,"height":197,"mime_type":"image\/jpeg","source_url":"https:\/\/i0.wp.com\/eltrabajo.cl\/portal\/wp-content\/uploads\/2016\/08\/Chapiron33.jpg?fit=300%2C197&ssl=1"},"post-thumbnail":{"file":"Chapiron33-228x150.jpg","width":228,"height":150,"mime_type":"image\/jpeg","source_url":"https:\/\/i0.wp.com\/eltrabajo.cl\/portal\/wp-content\/uploads\/2016\/08\/Chapiron33.jpg?fit=228%2C150&ssl=1"},"single-post-thumbnail":{"file":"Chapiron33-400x263.jpg","width":400,"height":263,"mime_type":"image\/jpeg","source_url":"https:\/\/eltrabajo.cl\/portal\/wp-content\/uploads\/2016\/08\/Chapiron33-400x263.jpg"},"wptouch-new-thumbnail":{"file":"Chapiron33-144x144.jpg","width":144,"height":144,"mime_type":"image\/jpeg","source_url":"https:\/\/eltrabajo.cl\/portal\/wp-content\/uploads\/2016\/08\/Chapiron33-144x144.jpg"},"full":{"file":"Chapiron33.jpg?fit=529%2C348&ssl=1","width":529,"height":348,"mime_type":"image\/jpeg","source_url":"https:\/\/i0.wp.com\/eltrabajo.cl\/portal\/wp-content\/uploads\/2016\/08\/Chapiron33.jpg?fit=529%2C348&ssl=1"}},"image_meta":{"aperture":"0","credit":"","camera":"","caption":"","created_timestamp":"0","copyright":"","focal_length":"0","iso":"0","shutter_speed":"0","title":"","orientation":"0","keywords":[]}},"post":72485,"source_url":"https:\/\/eltrabajo.cl\/portal\/wp-content\/uploads\/2016\/08\/Chapiron33.jpg","_links":{"self":[{"href":"https:\/\/eltrabajo.cl\/portal\/wp-json\/wp\/v2\/media\/72491","targetHints":{"allow":["GET"]}}],"collection":[{"href":"https:\/\/eltrabajo.cl\/portal\/wp-json\/wp\/v2\/media"}],"about":[{"href":"https:\/\/eltrabajo.cl\/portal\/wp-json\/wp\/v2\/types\/attachment"}],"author":[{"embeddable":true,"href":"https:\/\/eltrabajo.cl\/portal\/wp-json\/wp\/v2\/users\/1"}],"replies":[{"embeddable":true,"href":"https:\/\/eltrabajo.cl\/portal\/wp-json\/wp\/v2\/comments?post=72491"}],"wp:attached-to":[{"embeddable":true,"post_type":"post","id":72485,"href":"https:\/\/eltrabajo.cl\/portal\/wp-json\/wp\/v2\/posts\/72485"}],"curies":[{"name":"wp","href":"https:\/\/api.w.org\/{rel}","templated":true}]}}

EL GRAN CHAPIRÓN.- Abelardo ‘Chapirón’ Muñoz, una de las leyendas vivientes del fútbol aconcagüino, desfiló ayer en el segmento de exjugadores de nuestra provincia.

<p class="attachment"><a href="https://i0.wp.com/eltrabajo.cl/portal/wp-content/uploads/2016/08/Chapiron33.jpg?ssl=1"><img loading="lazy" decoding="async" width="300" height="197" src="https://i0.wp.com/eltrabajo.cl/portal/wp-content/uploads/2016/08/Chapiron33.jpg?fit=300%2C197&amp;ssl=1" class="attachment-medium size-medium" alt="EL GRAN CHAPIRÓN.- Abelardo ‘Chapirón’ Muñoz, una de las leyendas vivientes del fútbol aconcagüino, desfiló ayer en el segmento de exjugadores de nuestra provincia." srcset="https://i0.wp.com/eltrabajo.cl/portal/wp-content/uploads/2016/08/Chapiron33.jpg?w=529&amp;ssl=1 529w, https://i0.wp.com/eltrabajo.cl/portal/wp-content/uploads/2016/08/Chapiron33.jpg?resize=200%2C132&amp;ssl=1 200w, https://i0.wp.com/eltrabajo.cl/portal/wp-content/uploads/2016/08/Chapiron33.jpg?resize=300%2C197&amp;ssl=1 300w, https://i0.wp.com/eltrabajo.cl/portal/wp-content/uploads/2016/08/Chapiron33.jpg?resize=228%2C150&amp;ssl=1 228w, https://i0.wp.com/eltrabajo.cl/portal/wp-content/uploads/2016/08/Chapiron33.jpg?resize=400%2C263&amp;ssl=1 400w" sizes="auto, (max-width: 300px) 100vw, 300px" /></a></p>
<p>EL GRAN CHAPIRÓN.- Abelardo ‘Chapirón’ Muñoz, una de las leyendas vivientes del fútbol aconcagüino, desfiló ayer en el segmento de exjugadores de nuestra provincia.</p>

<p>EL GRAN CHAPIRÓN.- Abelardo ‘Chapirón’ Muñoz, una de las leyendas vivientes del fútbol aconcagüino, desfiló ayer en el segmento de exjugadores de nuestra provincia.</p>
