{"id":72492,"date":"2016-08-04T09:19:03","date_gmt":"2016-08-04T13:19:03","guid":{"rendered":"http:\/\/www.eltrabajo.cl\/portal\/wp-content\/uploads\/2016\/08\/Concejo33.jpg"},"modified":"2016-08-04T09:28:38","modified_gmt":"2016-08-04T13:28:38","slug":"concejo33-2","status":"inherit","type":"attachment","link":"https:\/\/eltrabajo.cl\/portal\/magistral-desfile-sacudio-nuestra-ciudad-ayer-frente-a-la-plaza-de-armas\/concejo33-2\/","title":{"rendered":"CONCEJO MUNICIPAL.- Aqu\u00ed tenemos al Concejo Municipal de San Felipe, equipo de autoridades que tambi\u00e9n ayer desfilaron en celebraci\u00f3n a nuestro 276\u00ba aniversario."},"author":1,"featured_media":0,"comment_status":"open","ping_status":"closed","template":"","meta":{"advanced_seo_description":"","jetpack_seo_html_title":"","jetpack_seo_noindex":false},"class_list":["post-72492","attachment","type-attachment","status-inherit","hentry"],"jetpack_sharing_enabled":true,"jetpack_likes_enabled":true,"description":{"rendered":"<p class=\"attachment\"><a href=\"https:\/\/i0.wp.com\/eltrabajo.cl\/portal\/wp-content\/uploads\/2016\/08\/Concejo33.jpg?ssl=1\"><img loading=\"lazy\" decoding=\"async\" width=\"300\" height=\"85\" src=\"https:\/\/i0.wp.com\/eltrabajo.cl\/portal\/wp-content\/uploads\/2016\/08\/Concejo33.jpg?fit=300%2C85&amp;ssl=1\" class=\"attachment-medium size-medium\" alt=\"CONCEJO MUNICIPAL.- Aqu\u00ed tenemos al Concejo Municipal de San Felipe, equipo de autoridades que tambi\u00e9n ayer desfilaron en celebraci\u00f3n a nuestro 276\u00ba aniversario.\" srcset=\"https:\/\/i0.wp.com\/eltrabajo.cl\/portal\/wp-content\/uploads\/2016\/08\/Concejo33.jpg?w=527&amp;ssl=1 527w, https:\/\/i0.wp.com\/eltrabajo.cl\/portal\/wp-content\/uploads\/2016\/08\/Concejo33.jpg?resize=200%2C57&amp;ssl=1 200w, https:\/\/i0.wp.com\/eltrabajo.cl\/portal\/wp-content\/uploads\/2016\/08\/Concejo33.jpg?resize=300%2C85&amp;ssl=1 300w, https:\/\/i0.wp.com\/eltrabajo.cl\/portal\/wp-content\/uploads\/2016\/08\/Concejo33.jpg?resize=400%2C113&amp;ssl=1 400w\" sizes=\"auto, (max-width: 300px) 100vw, 300px\" \/><\/a><\/p>\n<p>CONCEJO MUNICIPAL.- Aqu\u00ed tenemos al Concejo Municipal de San Felipe, equipo de autoridades que tambi\u00e9n ayer desfilaron en celebraci\u00f3n a nuestro 276\u00ba aniversario.<\/p>\n"},"caption":{"rendered":"<p>CONCEJO MUNICIPAL.- Aqu\u00ed tenemos al Concejo Municipal de San Felipe, equipo de autoridades que tambi\u00e9n ayer desfilaron en celebraci\u00f3n a nuestro 276\u00ba aniversario.<\/p>\n"},"alt_text":"CONCEJO MUNICIPAL.- Aqu\u00ed tenemos al Concejo Municipal de San Felipe, equipo de autoridades que tambi\u00e9n ayer desfilaron en celebraci\u00f3n a nuestro 276\u00ba aniversario.","media_type":"image","mime_type":"image\/jpeg","media_details":{"width":527,"height":149,"file":"2016\/08\/Concejo33.jpg","sizes":{"thumbnail":{"file":"Concejo33-200x57.jpg","width":200,"height":57,"mime_type":"image\/jpeg","source_url":"https:\/\/i0.wp.com\/eltrabajo.cl\/portal\/wp-content\/uploads\/2016\/08\/Concejo33.jpg?fit=200%2C57&ssl=1"},"medium":{"file":"Concejo33-300x85.jpg","width":300,"height":85,"mime_type":"image\/jpeg","source_url":"https:\/\/i0.wp.com\/eltrabajo.cl\/portal\/wp-content\/uploads\/2016\/08\/Concejo33.jpg?fit=300%2C85&ssl=1"},"post-thumbnail":{"file":"Concejo33-300x85.jpg","width":300,"height":85,"mime_type":"image\/jpeg","source_url":"https:\/\/i0.wp.com\/eltrabajo.cl\/portal\/wp-content\/uploads\/2016\/08\/Concejo33.jpg?fit=300%2C85&ssl=1"},"single-post-thumbnail":{"file":"Concejo33-400x113.jpg","width":400,"height":113,"mime_type":"image\/jpeg","source_url":"https:\/\/eltrabajo.cl\/portal\/wp-content\/uploads\/2016\/08\/Concejo33-400x113.jpg"},"wptouch-new-thumbnail":{"file":"Concejo33-144x144.jpg","width":144,"height":144,"mime_type":"image\/jpeg","source_url":"https:\/\/eltrabajo.cl\/portal\/wp-content\/uploads\/2016\/08\/Concejo33-144x144.jpg"},"full":{"file":"Concejo33.jpg?fit=527%2C149&ssl=1","width":527,"height":149,"mime_type":"image\/jpeg","source_url":"https:\/\/i0.wp.com\/eltrabajo.cl\/portal\/wp-content\/uploads\/2016\/08\/Concejo33.jpg?fit=527%2C149&ssl=1"}},"image_meta":{"aperture":"0","credit":"","camera":"","caption":"","created_timestamp":"0","copyright":"","focal_length":"0","iso":"0","shutter_speed":"0","title":"","orientation":"0","keywords":[]}},"post":72485,"source_url":"https:\/\/eltrabajo.cl\/portal\/wp-content\/uploads\/2016\/08\/Concejo33.jpg","_links":{"self":[{"href":"https:\/\/eltrabajo.cl\/portal\/wp-json\/wp\/v2\/media\/72492","targetHints":{"allow":["GET"]}}],"collection":[{"href":"https:\/\/eltrabajo.cl\/portal\/wp-json\/wp\/v2\/media"}],"about":[{"href":"https:\/\/eltrabajo.cl\/portal\/wp-json\/wp\/v2\/types\/attachment"}],"author":[{"embeddable":true,"href":"https:\/\/eltrabajo.cl\/portal\/wp-json\/wp\/v2\/users\/1"}],"replies":[{"embeddable":true,"href":"https:\/\/eltrabajo.cl\/portal\/wp-json\/wp\/v2\/comments?post=72492"}],"wp:attached-to":[{"embeddable":true,"post_type":"post","id":72485,"href":"https:\/\/eltrabajo.cl\/portal\/wp-json\/wp\/v2\/posts\/72485"}],"curies":[{"name":"wp","href":"https:\/\/api.w.org\/{rel}","templated":true}]}}

CONCEJO MUNICIPAL.- Aquí tenemos al Concejo Municipal de San Felipe, equipo de autoridades que también ayer desfilaron en celebración a nuestro 276º aniversario.

<p class="attachment"><a href="https://i0.wp.com/eltrabajo.cl/portal/wp-content/uploads/2016/08/Concejo33.jpg?ssl=1"><img loading="lazy" decoding="async" width="300" height="85" src="https://i0.wp.com/eltrabajo.cl/portal/wp-content/uploads/2016/08/Concejo33.jpg?fit=300%2C85&amp;ssl=1" class="attachment-medium size-medium" alt="CONCEJO MUNICIPAL.- Aquí tenemos al Concejo Municipal de San Felipe, equipo de autoridades que también ayer desfilaron en celebración a nuestro 276º aniversario." srcset="https://i0.wp.com/eltrabajo.cl/portal/wp-content/uploads/2016/08/Concejo33.jpg?w=527&amp;ssl=1 527w, https://i0.wp.com/eltrabajo.cl/portal/wp-content/uploads/2016/08/Concejo33.jpg?resize=200%2C57&amp;ssl=1 200w, https://i0.wp.com/eltrabajo.cl/portal/wp-content/uploads/2016/08/Concejo33.jpg?resize=300%2C85&amp;ssl=1 300w, https://i0.wp.com/eltrabajo.cl/portal/wp-content/uploads/2016/08/Concejo33.jpg?resize=400%2C113&amp;ssl=1 400w" sizes="auto, (max-width: 300px) 100vw, 300px" /></a></p>
<p>CONCEJO MUNICIPAL.- Aquí tenemos al Concejo Municipal de San Felipe, equipo de autoridades que también ayer desfilaron en celebración a nuestro 276º aniversario.</p>

<p>CONCEJO MUNICIPAL.- Aquí tenemos al Concejo Municipal de San Felipe, equipo de autoridades que también ayer desfilaron en celebración a nuestro 276º aniversario.</p>
