{"id":72495,"date":"2016-08-04T09:19:06","date_gmt":"2016-08-04T13:19:06","guid":{"rendered":"http:\/\/www.eltrabajo.cl\/portal\/wp-content\/uploads\/2016\/08\/Cueca222.jpg"},"modified":"2016-08-04T09:27:47","modified_gmt":"2016-08-04T13:27:47","slug":"cueca222","status":"inherit","type":"attachment","link":"https:\/\/eltrabajo.cl\/portal\/magistral-desfile-sacudio-nuestra-ciudad-ayer-frente-a-la-plaza-de-armas\/cueca222\/","title":{"rendered":"CAUTIV\u00d3 AL P\u00daBLICO.- Esta preciosa ni\u00f1a cautiv\u00f3 a los presentes, pues nunca dej\u00f3 de sonre\u00edr mientras dur\u00f3 su presentaci\u00f3n."},"author":1,"featured_media":0,"comment_status":"open","ping_status":"closed","template":"","meta":{"advanced_seo_description":"","jetpack_seo_html_title":"","jetpack_seo_noindex":false},"class_list":["post-72495","attachment","type-attachment","status-inherit","hentry"],"jetpack_sharing_enabled":true,"jetpack_likes_enabled":true,"description":{"rendered":"<p class=\"attachment\"><a href=\"https:\/\/i0.wp.com\/eltrabajo.cl\/portal\/wp-content\/uploads\/2016\/08\/Cueca222.jpg?ssl=1\"><img loading=\"lazy\" decoding=\"async\" width=\"273\" height=\"300\" src=\"https:\/\/i0.wp.com\/eltrabajo.cl\/portal\/wp-content\/uploads\/2016\/08\/Cueca222.jpg?fit=273%2C300&amp;ssl=1\" class=\"attachment-medium size-medium\" alt=\"CAUTIV\u00d3 AL P\u00daBLICO.- Esta preciosa ni\u00f1a cautiv\u00f3 a los presentes, pues nunca dej\u00f3 de sonre\u00edr mientras dur\u00f3 su presentaci\u00f3n.\" srcset=\"https:\/\/i0.wp.com\/eltrabajo.cl\/portal\/wp-content\/uploads\/2016\/08\/Cueca222.jpg?w=529&amp;ssl=1 529w, https:\/\/i0.wp.com\/eltrabajo.cl\/portal\/wp-content\/uploads\/2016\/08\/Cueca222.jpg?resize=136%2C150&amp;ssl=1 136w, https:\/\/i0.wp.com\/eltrabajo.cl\/portal\/wp-content\/uploads\/2016\/08\/Cueca222.jpg?resize=273%2C300&amp;ssl=1 273w, https:\/\/i0.wp.com\/eltrabajo.cl\/portal\/wp-content\/uploads\/2016\/08\/Cueca222.jpg?resize=400%2C440&amp;ssl=1 400w\" sizes=\"auto, (max-width: 273px) 100vw, 273px\" \/><\/a><\/p>\n<p>CAUTIV\u00d3 AL P\u00daBLICO.- Esta preciosa ni\u00f1a cautiv\u00f3 a los presentes, pues nunca dej\u00f3 de sonre\u00edr mientras dur\u00f3 su presentaci\u00f3n.<\/p>\n"},"caption":{"rendered":"<p>CAUTIV\u00d3 AL P\u00daBLICO.- Esta preciosa ni\u00f1a cautiv\u00f3 a los presentes, pues nunca dej\u00f3 de sonre\u00edr mientras dur\u00f3 su presentaci\u00f3n.<\/p>\n"},"alt_text":"CAUTIV\u00d3 AL P\u00daBLICO.- Esta preciosa ni\u00f1a cautiv\u00f3 a los presentes, pues nunca dej\u00f3 de sonre\u00edr mientras dur\u00f3 su presentaci\u00f3n.","media_type":"image","mime_type":"image\/jpeg","media_details":{"width":529,"height":582,"file":"2016\/08\/Cueca222.jpg","sizes":{"thumbnail":{"file":"Cueca222-136x150.jpg","width":136,"height":150,"mime_type":"image\/jpeg","source_url":"https:\/\/i0.wp.com\/eltrabajo.cl\/portal\/wp-content\/uploads\/2016\/08\/Cueca222.jpg?fit=136%2C150&ssl=1"},"medium":{"file":"Cueca222-273x300.jpg","width":273,"height":300,"mime_type":"image\/jpeg","source_url":"https:\/\/i0.wp.com\/eltrabajo.cl\/portal\/wp-content\/uploads\/2016\/08\/Cueca222.jpg?fit=273%2C300&ssl=1"},"post-thumbnail":{"file":"Cueca222-136x150.jpg","width":136,"height":150,"mime_type":"image\/jpeg","source_url":"https:\/\/i0.wp.com\/eltrabajo.cl\/portal\/wp-content\/uploads\/2016\/08\/Cueca222.jpg?fit=136%2C150&ssl=1"},"single-post-thumbnail":{"file":"Cueca222-400x440.jpg","width":400,"height":440,"mime_type":"image\/jpeg","source_url":"https:\/\/eltrabajo.cl\/portal\/wp-content\/uploads\/2016\/08\/Cueca222-400x440.jpg"},"wptouch-new-thumbnail":{"file":"Cueca222-144x144.jpg","width":144,"height":144,"mime_type":"image\/jpeg","source_url":"https:\/\/eltrabajo.cl\/portal\/wp-content\/uploads\/2016\/08\/Cueca222-144x144.jpg"},"full":{"file":"Cueca222.jpg?fit=529%2C582&ssl=1","width":529,"height":582,"mime_type":"image\/jpeg","source_url":"https:\/\/i0.wp.com\/eltrabajo.cl\/portal\/wp-content\/uploads\/2016\/08\/Cueca222.jpg?fit=529%2C582&ssl=1"}},"image_meta":{"aperture":"0","credit":"","camera":"","caption":"","created_timestamp":"0","copyright":"","focal_length":"0","iso":"0","shutter_speed":"0","title":"","orientation":"0","keywords":[]}},"post":72485,"source_url":"https:\/\/eltrabajo.cl\/portal\/wp-content\/uploads\/2016\/08\/Cueca222.jpg","_links":{"self":[{"href":"https:\/\/eltrabajo.cl\/portal\/wp-json\/wp\/v2\/media\/72495","targetHints":{"allow":["GET"]}}],"collection":[{"href":"https:\/\/eltrabajo.cl\/portal\/wp-json\/wp\/v2\/media"}],"about":[{"href":"https:\/\/eltrabajo.cl\/portal\/wp-json\/wp\/v2\/types\/attachment"}],"author":[{"embeddable":true,"href":"https:\/\/eltrabajo.cl\/portal\/wp-json\/wp\/v2\/users\/1"}],"replies":[{"embeddable":true,"href":"https:\/\/eltrabajo.cl\/portal\/wp-json\/wp\/v2\/comments?post=72495"}],"wp:attached-to":[{"embeddable":true,"post_type":"post","id":72485,"href":"https:\/\/eltrabajo.cl\/portal\/wp-json\/wp\/v2\/posts\/72485"}],"curies":[{"name":"wp","href":"https:\/\/api.w.org\/{rel}","templated":true}]}}

CAUTIVÓ AL PÚBLICO.- Esta preciosa niña cautivó a los presentes, pues nunca dejó de sonreír mientras duró su presentación.

<p class="attachment"><a href="https://i0.wp.com/eltrabajo.cl/portal/wp-content/uploads/2016/08/Cueca222.jpg?ssl=1"><img loading="lazy" decoding="async" width="273" height="300" src="https://i0.wp.com/eltrabajo.cl/portal/wp-content/uploads/2016/08/Cueca222.jpg?fit=273%2C300&amp;ssl=1" class="attachment-medium size-medium" alt="CAUTIVÓ AL PÚBLICO.- Esta preciosa niña cautivó a los presentes, pues nunca dejó de sonreír mientras duró su presentación." srcset="https://i0.wp.com/eltrabajo.cl/portal/wp-content/uploads/2016/08/Cueca222.jpg?w=529&amp;ssl=1 529w, https://i0.wp.com/eltrabajo.cl/portal/wp-content/uploads/2016/08/Cueca222.jpg?resize=136%2C150&amp;ssl=1 136w, https://i0.wp.com/eltrabajo.cl/portal/wp-content/uploads/2016/08/Cueca222.jpg?resize=273%2C300&amp;ssl=1 273w, https://i0.wp.com/eltrabajo.cl/portal/wp-content/uploads/2016/08/Cueca222.jpg?resize=400%2C440&amp;ssl=1 400w" sizes="auto, (max-width: 273px) 100vw, 273px" /></a></p>
<p>CAUTIVÓ AL PÚBLICO.- Esta preciosa niña cautivó a los presentes, pues nunca dejó de sonreír mientras duró su presentación.</p>

<p>CAUTIVÓ AL PÚBLICO.- Esta preciosa niña cautivó a los presentes, pues nunca dejó de sonreír mientras duró su presentación.</p>
