{"id":72497,"date":"2016-08-04T09:19:08","date_gmt":"2016-08-04T13:19:08","guid":{"rendered":"http:\/\/www.eltrabajo.cl\/portal\/wp-content\/uploads\/2016\/08\/Genial33.jpg"},"modified":"2016-08-04T09:27:30","modified_gmt":"2016-08-04T13:27:30","slug":"genial33","status":"inherit","type":"attachment","link":"https:\/\/eltrabajo.cl\/portal\/magistral-desfile-sacudio-nuestra-ciudad-ayer-frente-a-la-plaza-de-armas\/genial33\/","title":{"rendered":"SAN FELIPE EN FRENES\u00cd.- As\u00ed de vibrante se vivi\u00f3 este colosal desfile c\u00edvico en el coraz\u00f3n de nuestra ciudad."},"author":1,"featured_media":0,"comment_status":"open","ping_status":"closed","template":"","meta":{"advanced_seo_description":"","jetpack_seo_html_title":"","jetpack_seo_noindex":false},"class_list":["post-72497","attachment","type-attachment","status-inherit","hentry"],"jetpack_sharing_enabled":true,"jetpack_likes_enabled":true,"description":{"rendered":"<p class=\"attachment\"><a href=\"https:\/\/i0.wp.com\/eltrabajo.cl\/portal\/wp-content\/uploads\/2016\/08\/Genial33.jpg?ssl=1\"><img loading=\"lazy\" decoding=\"async\" width=\"300\" height=\"202\" src=\"https:\/\/i0.wp.com\/eltrabajo.cl\/portal\/wp-content\/uploads\/2016\/08\/Genial33.jpg?fit=300%2C202&amp;ssl=1\" class=\"attachment-medium size-medium\" alt=\"SAN FELIPE EN FRENES\u00cd.- As\u00ed de vibrante se vivi\u00f3 este colosal desfile c\u00edvico en el coraz\u00f3n de nuestra ciudad.\" srcset=\"https:\/\/i0.wp.com\/eltrabajo.cl\/portal\/wp-content\/uploads\/2016\/08\/Genial33.jpg?w=529&amp;ssl=1 529w, https:\/\/i0.wp.com\/eltrabajo.cl\/portal\/wp-content\/uploads\/2016\/08\/Genial33.jpg?resize=200%2C135&amp;ssl=1 200w, https:\/\/i0.wp.com\/eltrabajo.cl\/portal\/wp-content\/uploads\/2016\/08\/Genial33.jpg?resize=300%2C202&amp;ssl=1 300w, https:\/\/i0.wp.com\/eltrabajo.cl\/portal\/wp-content\/uploads\/2016\/08\/Genial33.jpg?resize=222%2C150&amp;ssl=1 222w, https:\/\/i0.wp.com\/eltrabajo.cl\/portal\/wp-content\/uploads\/2016\/08\/Genial33.jpg?resize=400%2C270&amp;ssl=1 400w\" sizes=\"auto, (max-width: 300px) 100vw, 300px\" \/><\/a><\/p>\n<p>SAN FELIPE EN FRENES\u00cd.- As\u00ed de vibrante se vivi\u00f3 este colosal desfile c\u00edvico en el coraz\u00f3n de nuestra ciudad.<\/p>\n"},"caption":{"rendered":"<p>SAN FELIPE EN FRENES\u00cd.- As\u00ed de vibrante se vivi\u00f3 este colosal desfile c\u00edvico en el coraz\u00f3n de nuestra ciudad.<\/p>\n"},"alt_text":"SAN FELIPE EN FRENES\u00cd.- As\u00ed de vibrante se vivi\u00f3 este colosal desfile c\u00edvico en el coraz\u00f3n de nuestra ciudad.","media_type":"image","mime_type":"image\/jpeg","media_details":{"width":529,"height":357,"file":"2016\/08\/Genial33.jpg","sizes":{"thumbnail":{"file":"Genial33-200x135.jpg","width":200,"height":135,"mime_type":"image\/jpeg","source_url":"https:\/\/i0.wp.com\/eltrabajo.cl\/portal\/wp-content\/uploads\/2016\/08\/Genial33.jpg?fit=200%2C135&ssl=1"},"medium":{"file":"Genial33-300x202.jpg","width":300,"height":202,"mime_type":"image\/jpeg","source_url":"https:\/\/i0.wp.com\/eltrabajo.cl\/portal\/wp-content\/uploads\/2016\/08\/Genial33.jpg?fit=300%2C202&ssl=1"},"post-thumbnail":{"file":"Genial33-222x150.jpg","width":222,"height":150,"mime_type":"image\/jpeg","source_url":"https:\/\/i0.wp.com\/eltrabajo.cl\/portal\/wp-content\/uploads\/2016\/08\/Genial33.jpg?fit=222%2C150&ssl=1"},"single-post-thumbnail":{"file":"Genial33-400x270.jpg","width":400,"height":270,"mime_type":"image\/jpeg","source_url":"https:\/\/eltrabajo.cl\/portal\/wp-content\/uploads\/2016\/08\/Genial33-400x270.jpg"},"wptouch-new-thumbnail":{"file":"Genial33-144x144.jpg","width":144,"height":144,"mime_type":"image\/jpeg","source_url":"https:\/\/eltrabajo.cl\/portal\/wp-content\/uploads\/2016\/08\/Genial33-144x144.jpg"},"full":{"file":"Genial33.jpg?fit=529%2C357&ssl=1","width":529,"height":357,"mime_type":"image\/jpeg","source_url":"https:\/\/i0.wp.com\/eltrabajo.cl\/portal\/wp-content\/uploads\/2016\/08\/Genial33.jpg?fit=529%2C357&ssl=1"}},"image_meta":{"aperture":"0","credit":"","camera":"","caption":"","created_timestamp":"0","copyright":"","focal_length":"0","iso":"0","shutter_speed":"0","title":"","orientation":"0","keywords":[]}},"post":72485,"source_url":"https:\/\/eltrabajo.cl\/portal\/wp-content\/uploads\/2016\/08\/Genial33.jpg","_links":{"self":[{"href":"https:\/\/eltrabajo.cl\/portal\/wp-json\/wp\/v2\/media\/72497","targetHints":{"allow":["GET"]}}],"collection":[{"href":"https:\/\/eltrabajo.cl\/portal\/wp-json\/wp\/v2\/media"}],"about":[{"href":"https:\/\/eltrabajo.cl\/portal\/wp-json\/wp\/v2\/types\/attachment"}],"author":[{"embeddable":true,"href":"https:\/\/eltrabajo.cl\/portal\/wp-json\/wp\/v2\/users\/1"}],"replies":[{"embeddable":true,"href":"https:\/\/eltrabajo.cl\/portal\/wp-json\/wp\/v2\/comments?post=72497"}],"wp:attached-to":[{"embeddable":true,"post_type":"post","id":72485,"href":"https:\/\/eltrabajo.cl\/portal\/wp-json\/wp\/v2\/posts\/72485"}],"curies":[{"name":"wp","href":"https:\/\/api.w.org\/{rel}","templated":true}]}}

SAN FELIPE EN FRENESÍ.- Así de vibrante se vivió este colosal desfile cívico en el corazón de nuestra ciudad.

<p class="attachment"><a href="https://i0.wp.com/eltrabajo.cl/portal/wp-content/uploads/2016/08/Genial33.jpg?ssl=1"><img loading="lazy" decoding="async" width="300" height="202" src="https://i0.wp.com/eltrabajo.cl/portal/wp-content/uploads/2016/08/Genial33.jpg?fit=300%2C202&amp;ssl=1" class="attachment-medium size-medium" alt="SAN FELIPE EN FRENESÍ.- Así de vibrante se vivió este colosal desfile cívico en el corazón de nuestra ciudad." srcset="https://i0.wp.com/eltrabajo.cl/portal/wp-content/uploads/2016/08/Genial33.jpg?w=529&amp;ssl=1 529w, https://i0.wp.com/eltrabajo.cl/portal/wp-content/uploads/2016/08/Genial33.jpg?resize=200%2C135&amp;ssl=1 200w, https://i0.wp.com/eltrabajo.cl/portal/wp-content/uploads/2016/08/Genial33.jpg?resize=300%2C202&amp;ssl=1 300w, https://i0.wp.com/eltrabajo.cl/portal/wp-content/uploads/2016/08/Genial33.jpg?resize=222%2C150&amp;ssl=1 222w, https://i0.wp.com/eltrabajo.cl/portal/wp-content/uploads/2016/08/Genial33.jpg?resize=400%2C270&amp;ssl=1 400w" sizes="auto, (max-width: 300px) 100vw, 300px" /></a></p>
<p>SAN FELIPE EN FRENESÍ.- Así de vibrante se vivió este colosal desfile cívico en el corazón de nuestra ciudad.</p>

<p>SAN FELIPE EN FRENESÍ.- Así de vibrante se vivió este colosal desfile cívico en el corazón de nuestra ciudad.</p>
