{"id":72500,"date":"2016-08-04T09:19:13","date_gmt":"2016-08-04T13:19:13","guid":{"rendered":"http:\/\/www.eltrabajo.cl\/portal\/wp-content\/uploads\/2016\/08\/Joaquin33.jpg"},"modified":"2016-08-04T09:26:43","modified_gmt":"2016-08-04T13:26:43","slug":"joaquin33","status":"inherit","type":"attachment","link":"https:\/\/eltrabajo.cl\/portal\/magistral-desfile-sacudio-nuestra-ciudad-ayer-frente-a-la-plaza-de-armas\/joaquin33\/","title":{"rendered":"SER\u00c1 FOT\u00d3GRAFO.- El peque\u00f1ito Joaqu\u00edn Vega Zamora, cuando vio las c\u00e1maras de Diario El Trabajo, quer\u00eda salirse de su fila para tenerlas en sus manos."},"author":1,"featured_media":0,"comment_status":"open","ping_status":"closed","template":"","meta":{"advanced_seo_description":"","jetpack_seo_html_title":"","jetpack_seo_noindex":false},"class_list":["post-72500","attachment","type-attachment","status-inherit","hentry"],"jetpack_sharing_enabled":true,"jetpack_likes_enabled":true,"description":{"rendered":"<p class=\"attachment\"><a href=\"https:\/\/i0.wp.com\/eltrabajo.cl\/portal\/wp-content\/uploads\/2016\/08\/Joaquin33.jpg?ssl=1\"><img loading=\"lazy\" decoding=\"async\" width=\"293\" height=\"300\" src=\"https:\/\/i0.wp.com\/eltrabajo.cl\/portal\/wp-content\/uploads\/2016\/08\/Joaquin33.jpg?fit=293%2C300&amp;ssl=1\" class=\"attachment-medium size-medium\" alt=\"SER\u00c1 FOT\u00d3GRAFO.- El peque\u00f1ito Joaqu\u00edn Vega Zamora, cuando vio las c\u00e1maras de Diario El Trabajo, quer\u00eda salirse de su fila para tenerlas en sus manos.\" srcset=\"https:\/\/i0.wp.com\/eltrabajo.cl\/portal\/wp-content\/uploads\/2016\/08\/Joaquin33.jpg?w=529&amp;ssl=1 529w, https:\/\/i0.wp.com\/eltrabajo.cl\/portal\/wp-content\/uploads\/2016\/08\/Joaquin33.jpg?resize=146%2C150&amp;ssl=1 146w, https:\/\/i0.wp.com\/eltrabajo.cl\/portal\/wp-content\/uploads\/2016\/08\/Joaquin33.jpg?resize=293%2C300&amp;ssl=1 293w, https:\/\/i0.wp.com\/eltrabajo.cl\/portal\/wp-content\/uploads\/2016\/08\/Joaquin33.jpg?resize=400%2C410&amp;ssl=1 400w\" sizes=\"auto, (max-width: 293px) 100vw, 293px\" \/><\/a><\/p>\n<p>SER\u00c1 FOT\u00d3GRAFO.- El peque\u00f1ito Joaqu\u00edn Vega Zamora, cuando vio las c\u00e1maras de Diario El Trabajo, quer\u00eda salirse de su fila para tenerlas en sus manos.<\/p>\n"},"caption":{"rendered":"<p>SER\u00c1 FOT\u00d3GRAFO.- El peque\u00f1ito Joaqu\u00edn Vega Zamora, cuando vio las c\u00e1maras de Diario El Trabajo, quer\u00eda salirse de su fila para tenerlas en sus manos.<\/p>\n"},"alt_text":"SER\u00c1 FOT\u00d3GRAFO.- El peque\u00f1ito Joaqu\u00edn Vega Zamora, cuando vio las c\u00e1maras de Diario El Trabajo, quer\u00eda salirse de su fila para tenerlas en sus manos.","media_type":"image","mime_type":"image\/jpeg","media_details":{"width":529,"height":542,"file":"2016\/08\/Joaquin33.jpg","sizes":{"thumbnail":{"file":"Joaquin33-146x150.jpg","width":146,"height":150,"mime_type":"image\/jpeg","source_url":"https:\/\/i0.wp.com\/eltrabajo.cl\/portal\/wp-content\/uploads\/2016\/08\/Joaquin33.jpg?fit=146%2C150&ssl=1"},"medium":{"file":"Joaquin33-293x300.jpg","width":293,"height":300,"mime_type":"image\/jpeg","source_url":"https:\/\/i0.wp.com\/eltrabajo.cl\/portal\/wp-content\/uploads\/2016\/08\/Joaquin33.jpg?fit=293%2C300&ssl=1"},"post-thumbnail":{"file":"Joaquin33-146x150.jpg","width":146,"height":150,"mime_type":"image\/jpeg","source_url":"https:\/\/i0.wp.com\/eltrabajo.cl\/portal\/wp-content\/uploads\/2016\/08\/Joaquin33.jpg?fit=146%2C150&ssl=1"},"single-post-thumbnail":{"file":"Joaquin33-400x410.jpg","width":400,"height":410,"mime_type":"image\/jpeg","source_url":"https:\/\/eltrabajo.cl\/portal\/wp-content\/uploads\/2016\/08\/Joaquin33-400x410.jpg"},"wptouch-new-thumbnail":{"file":"Joaquin33-144x144.jpg","width":144,"height":144,"mime_type":"image\/jpeg","source_url":"https:\/\/eltrabajo.cl\/portal\/wp-content\/uploads\/2016\/08\/Joaquin33-144x144.jpg"},"full":{"file":"Joaquin33.jpg?fit=529%2C542&ssl=1","width":529,"height":542,"mime_type":"image\/jpeg","source_url":"https:\/\/i0.wp.com\/eltrabajo.cl\/portal\/wp-content\/uploads\/2016\/08\/Joaquin33.jpg?fit=529%2C542&ssl=1"}},"image_meta":{"aperture":"0","credit":"","camera":"","caption":"","created_timestamp":"0","copyright":"","focal_length":"0","iso":"0","shutter_speed":"0","title":"","orientation":"0","keywords":[]}},"post":72485,"source_url":"https:\/\/eltrabajo.cl\/portal\/wp-content\/uploads\/2016\/08\/Joaquin33.jpg","_links":{"self":[{"href":"https:\/\/eltrabajo.cl\/portal\/wp-json\/wp\/v2\/media\/72500","targetHints":{"allow":["GET"]}}],"collection":[{"href":"https:\/\/eltrabajo.cl\/portal\/wp-json\/wp\/v2\/media"}],"about":[{"href":"https:\/\/eltrabajo.cl\/portal\/wp-json\/wp\/v2\/types\/attachment"}],"author":[{"embeddable":true,"href":"https:\/\/eltrabajo.cl\/portal\/wp-json\/wp\/v2\/users\/1"}],"replies":[{"embeddable":true,"href":"https:\/\/eltrabajo.cl\/portal\/wp-json\/wp\/v2\/comments?post=72500"}],"wp:attached-to":[{"embeddable":true,"post_type":"post","id":72485,"href":"https:\/\/eltrabajo.cl\/portal\/wp-json\/wp\/v2\/posts\/72485"}],"curies":[{"name":"wp","href":"https:\/\/api.w.org\/{rel}","templated":true}]}}

SERÁ FOTÓGRAFO.- El pequeñito Joaquín Vega Zamora, cuando vio las cámaras de Diario El Trabajo, quería salirse de su fila para tenerlas en sus manos.

<p class="attachment"><a href="https://i0.wp.com/eltrabajo.cl/portal/wp-content/uploads/2016/08/Joaquin33.jpg?ssl=1"><img loading="lazy" decoding="async" width="293" height="300" src="https://i0.wp.com/eltrabajo.cl/portal/wp-content/uploads/2016/08/Joaquin33.jpg?fit=293%2C300&amp;ssl=1" class="attachment-medium size-medium" alt="SERÁ FOTÓGRAFO.- El pequeñito Joaquín Vega Zamora, cuando vio las cámaras de Diario El Trabajo, quería salirse de su fila para tenerlas en sus manos." srcset="https://i0.wp.com/eltrabajo.cl/portal/wp-content/uploads/2016/08/Joaquin33.jpg?w=529&amp;ssl=1 529w, https://i0.wp.com/eltrabajo.cl/portal/wp-content/uploads/2016/08/Joaquin33.jpg?resize=146%2C150&amp;ssl=1 146w, https://i0.wp.com/eltrabajo.cl/portal/wp-content/uploads/2016/08/Joaquin33.jpg?resize=293%2C300&amp;ssl=1 293w, https://i0.wp.com/eltrabajo.cl/portal/wp-content/uploads/2016/08/Joaquin33.jpg?resize=400%2C410&amp;ssl=1 400w" sizes="auto, (max-width: 293px) 100vw, 293px" /></a></p>
<p>SERÁ FOTÓGRAFO.- El pequeñito Joaquín Vega Zamora, cuando vio las cámaras de Diario El Trabajo, quería salirse de su fila para tenerlas en sus manos.</p>

<p>SERÁ FOTÓGRAFO.- El pequeñito Joaquín Vega Zamora, cuando vio las cámaras de Diario El Trabajo, quería salirse de su fila para tenerlas en sus manos.</p>
