{"id":72501,"date":"2016-08-04T09:19:15","date_gmt":"2016-08-04T13:19:15","guid":{"rendered":"http:\/\/www.eltrabajo.cl\/portal\/wp-content\/uploads\/2016\/08\/Lagrimas33.jpg"},"modified":"2016-08-04T09:26:27","modified_gmt":"2016-08-04T13:26:27","slug":"lagrimas33","status":"inherit","type":"attachment","link":"https:\/\/eltrabajo.cl\/portal\/magistral-desfile-sacudio-nuestra-ciudad-ayer-frente-a-la-plaza-de-armas\/lagrimas33\/","title":{"rendered":"NO LO DISFRUT\u00d3.- Nuestras c\u00e1maras tambi\u00e9n registraron el desconsuelo de este peque\u00f1ito, quien lloraba amargamente, quiz\u00e1s por algunos instantes se le perdi\u00f3 a sus pap\u00e1s. Lo cierto del caso es que no disfrut\u00f3 el desfile."},"author":1,"featured_media":0,"comment_status":"open","ping_status":"closed","template":"","meta":{"advanced_seo_description":"","jetpack_seo_html_title":"","jetpack_seo_noindex":false},"class_list":["post-72501","attachment","type-attachment","status-inherit","hentry"],"jetpack_sharing_enabled":true,"jetpack_likes_enabled":true,"description":{"rendered":"<p class=\"attachment\"><a href=\"https:\/\/i0.wp.com\/eltrabajo.cl\/portal\/wp-content\/uploads\/2016\/08\/Lagrimas33.jpg?ssl=1\"><img loading=\"lazy\" decoding=\"async\" width=\"273\" height=\"300\" src=\"https:\/\/i0.wp.com\/eltrabajo.cl\/portal\/wp-content\/uploads\/2016\/08\/Lagrimas33.jpg?fit=273%2C300&amp;ssl=1\" class=\"attachment-medium size-medium\" alt=\"NO LO DISFRUT\u00d3.- Nuestras c\u00e1maras tambi\u00e9n registraron el desconsuelo de este peque\u00f1ito, quien lloraba amargamente, quiz\u00e1s por algunos instantes se le perdi\u00f3 a sus pap\u00e1s. Lo cierto del caso es que no disfrut\u00f3 el desfile.\" srcset=\"https:\/\/i0.wp.com\/eltrabajo.cl\/portal\/wp-content\/uploads\/2016\/08\/Lagrimas33.jpg?w=529&amp;ssl=1 529w, https:\/\/i0.wp.com\/eltrabajo.cl\/portal\/wp-content\/uploads\/2016\/08\/Lagrimas33.jpg?resize=136%2C150&amp;ssl=1 136w, https:\/\/i0.wp.com\/eltrabajo.cl\/portal\/wp-content\/uploads\/2016\/08\/Lagrimas33.jpg?resize=273%2C300&amp;ssl=1 273w, https:\/\/i0.wp.com\/eltrabajo.cl\/portal\/wp-content\/uploads\/2016\/08\/Lagrimas33.jpg?resize=400%2C440&amp;ssl=1 400w\" sizes=\"auto, (max-width: 273px) 100vw, 273px\" \/><\/a><\/p>\n<p>NO LO DISFRUT\u00d3.- Nuestras c\u00e1maras tambi\u00e9n registraron el desconsuelo de este peque\u00f1ito, quien lloraba amargamente, quiz\u00e1s por algunos instantes se le perdi\u00f3 a sus pap\u00e1s. Lo cierto del caso es que no disfrut\u00f3 el desfile.<\/p>\n"},"caption":{"rendered":"<p>NO LO DISFRUT\u00d3.- Nuestras c\u00e1maras tambi\u00e9n registraron el desconsuelo de este peque\u00f1ito, quien lloraba amargamente, quiz\u00e1s por algunos instantes se le perdi\u00f3 a sus pap\u00e1s. Lo cierto del caso es que no disfrut\u00f3 el desfile.<\/p>\n"},"alt_text":"NO LO DISFRUT\u00d3.- Nuestras c\u00e1maras tambi\u00e9n registraron el desconsuelo de este peque\u00f1ito, quien lloraba amargamente, quiz\u00e1s por algunos instantes se le perdi\u00f3 a sus pap\u00e1s. Lo cierto del caso es que no disfrut\u00f3 el desfile.","media_type":"image","mime_type":"image\/jpeg","media_details":{"width":529,"height":582,"file":"2016\/08\/Lagrimas33.jpg","sizes":{"thumbnail":{"file":"Lagrimas33-136x150.jpg","width":136,"height":150,"mime_type":"image\/jpeg","source_url":"https:\/\/i0.wp.com\/eltrabajo.cl\/portal\/wp-content\/uploads\/2016\/08\/Lagrimas33.jpg?fit=136%2C150&ssl=1"},"medium":{"file":"Lagrimas33-273x300.jpg","width":273,"height":300,"mime_type":"image\/jpeg","source_url":"https:\/\/i0.wp.com\/eltrabajo.cl\/portal\/wp-content\/uploads\/2016\/08\/Lagrimas33.jpg?fit=273%2C300&ssl=1"},"post-thumbnail":{"file":"Lagrimas33-136x150.jpg","width":136,"height":150,"mime_type":"image\/jpeg","source_url":"https:\/\/i0.wp.com\/eltrabajo.cl\/portal\/wp-content\/uploads\/2016\/08\/Lagrimas33.jpg?fit=136%2C150&ssl=1"},"single-post-thumbnail":{"file":"Lagrimas33-400x440.jpg","width":400,"height":440,"mime_type":"image\/jpeg","source_url":"https:\/\/eltrabajo.cl\/portal\/wp-content\/uploads\/2016\/08\/Lagrimas33-400x440.jpg"},"wptouch-new-thumbnail":{"file":"Lagrimas33-144x144.jpg","width":144,"height":144,"mime_type":"image\/jpeg","source_url":"https:\/\/eltrabajo.cl\/portal\/wp-content\/uploads\/2016\/08\/Lagrimas33-144x144.jpg"},"full":{"file":"Lagrimas33.jpg?fit=529%2C582&ssl=1","width":529,"height":582,"mime_type":"image\/jpeg","source_url":"https:\/\/i0.wp.com\/eltrabajo.cl\/portal\/wp-content\/uploads\/2016\/08\/Lagrimas33.jpg?fit=529%2C582&ssl=1"}},"image_meta":{"aperture":"0","credit":"","camera":"","caption":"","created_timestamp":"0","copyright":"","focal_length":"0","iso":"0","shutter_speed":"0","title":"","orientation":"0","keywords":[]}},"post":72485,"source_url":"https:\/\/eltrabajo.cl\/portal\/wp-content\/uploads\/2016\/08\/Lagrimas33.jpg","_links":{"self":[{"href":"https:\/\/eltrabajo.cl\/portal\/wp-json\/wp\/v2\/media\/72501","targetHints":{"allow":["GET"]}}],"collection":[{"href":"https:\/\/eltrabajo.cl\/portal\/wp-json\/wp\/v2\/media"}],"about":[{"href":"https:\/\/eltrabajo.cl\/portal\/wp-json\/wp\/v2\/types\/attachment"}],"author":[{"embeddable":true,"href":"https:\/\/eltrabajo.cl\/portal\/wp-json\/wp\/v2\/users\/1"}],"replies":[{"embeddable":true,"href":"https:\/\/eltrabajo.cl\/portal\/wp-json\/wp\/v2\/comments?post=72501"}],"wp:attached-to":[{"embeddable":true,"post_type":"post","id":72485,"href":"https:\/\/eltrabajo.cl\/portal\/wp-json\/wp\/v2\/posts\/72485"}],"curies":[{"name":"wp","href":"https:\/\/api.w.org\/{rel}","templated":true}]}}

NO LO DISFRUTÓ.- Nuestras cámaras también registraron el desconsuelo de este pequeñito, quien lloraba amargamente, quizás por algunos instantes se le perdió a sus papás. Lo cierto del caso es que no disfrutó el desfile.

<p class="attachment"><a href="https://i0.wp.com/eltrabajo.cl/portal/wp-content/uploads/2016/08/Lagrimas33.jpg?ssl=1"><img loading="lazy" decoding="async" width="273" height="300" src="https://i0.wp.com/eltrabajo.cl/portal/wp-content/uploads/2016/08/Lagrimas33.jpg?fit=273%2C300&amp;ssl=1" class="attachment-medium size-medium" alt="NO LO DISFRUTÓ.- Nuestras cámaras también registraron el desconsuelo de este pequeñito, quien lloraba amargamente, quizás por algunos instantes se le perdió a sus papás. Lo cierto del caso es que no disfrutó el desfile." srcset="https://i0.wp.com/eltrabajo.cl/portal/wp-content/uploads/2016/08/Lagrimas33.jpg?w=529&amp;ssl=1 529w, https://i0.wp.com/eltrabajo.cl/portal/wp-content/uploads/2016/08/Lagrimas33.jpg?resize=136%2C150&amp;ssl=1 136w, https://i0.wp.com/eltrabajo.cl/portal/wp-content/uploads/2016/08/Lagrimas33.jpg?resize=273%2C300&amp;ssl=1 273w, https://i0.wp.com/eltrabajo.cl/portal/wp-content/uploads/2016/08/Lagrimas33.jpg?resize=400%2C440&amp;ssl=1 400w" sizes="auto, (max-width: 273px) 100vw, 273px" /></a></p>
<p>NO LO DISFRUTÓ.- Nuestras cámaras también registraron el desconsuelo de este pequeñito, quien lloraba amargamente, quizás por algunos instantes se le perdió a sus papás. Lo cierto del caso es que no disfrutó el desfile.</p>

<p>NO LO DISFRUTÓ.- Nuestras cámaras también registraron el desconsuelo de este pequeñito, quien lloraba amargamente, quizás por algunos instantes se le perdió a sus papás. Lo cierto del caso es que no disfrutó el desfile.</p>
