{"id":72502,"date":"2016-08-04T09:19:17","date_gmt":"2016-08-04T13:19:17","guid":{"rendered":"http:\/\/www.eltrabajo.cl\/portal\/wp-content\/uploads\/2016\/08\/Lector33.jpg"},"modified":"2016-08-04T09:26:05","modified_gmt":"2016-08-04T13:26:05","slug":"lector33","status":"inherit","type":"attachment","link":"https:\/\/eltrabajo.cl\/portal\/magistral-desfile-sacudio-nuestra-ciudad-ayer-frente-a-la-plaza-de-armas\/lector33\/","title":{"rendered":"FIEL LECTOR.- Este sanfelipe\u00f1o, fiel a Diario El Trabajo, logr\u00f3 llamar la atenci\u00f3n de nuestras c\u00e1maras, pues nuestros lectores son nuestra raz\u00f3n de hacer periodismo desde 1929."},"author":1,"featured_media":0,"comment_status":"open","ping_status":"closed","template":"","meta":{"advanced_seo_description":"","jetpack_seo_html_title":"","jetpack_seo_noindex":false},"class_list":["post-72502","attachment","type-attachment","status-inherit","hentry"],"jetpack_sharing_enabled":true,"jetpack_likes_enabled":true,"description":{"rendered":"<p class=\"attachment\"><a href=\"https:\/\/i0.wp.com\/eltrabajo.cl\/portal\/wp-content\/uploads\/2016\/08\/Lector33.jpg?ssl=1\"><img loading=\"lazy\" decoding=\"async\" width=\"300\" height=\"205\" src=\"https:\/\/i0.wp.com\/eltrabajo.cl\/portal\/wp-content\/uploads\/2016\/08\/Lector33.jpg?fit=300%2C205&amp;ssl=1\" class=\"attachment-medium size-medium\" alt=\"FIEL LECTOR.- Este sanfelipe\u00f1o, fiel a Diario El Trabajo, logr\u00f3 llamar la atenci\u00f3n de nuestras c\u00e1maras, pues nuestros lectores son nuestra raz\u00f3n de hacer periodismo desde 1929.\" srcset=\"https:\/\/i0.wp.com\/eltrabajo.cl\/portal\/wp-content\/uploads\/2016\/08\/Lector33.jpg?w=528&amp;ssl=1 528w, https:\/\/i0.wp.com\/eltrabajo.cl\/portal\/wp-content\/uploads\/2016\/08\/Lector33.jpg?resize=200%2C136&amp;ssl=1 200w, https:\/\/i0.wp.com\/eltrabajo.cl\/portal\/wp-content\/uploads\/2016\/08\/Lector33.jpg?resize=300%2C205&amp;ssl=1 300w, https:\/\/i0.wp.com\/eltrabajo.cl\/portal\/wp-content\/uploads\/2016\/08\/Lector33.jpg?resize=220%2C150&amp;ssl=1 220w, https:\/\/i0.wp.com\/eltrabajo.cl\/portal\/wp-content\/uploads\/2016\/08\/Lector33.jpg?resize=400%2C273&amp;ssl=1 400w\" sizes=\"auto, (max-width: 300px) 100vw, 300px\" \/><\/a><\/p>\n<p>FIEL LECTOR.- Este sanfelipe\u00f1o, fiel a Diario El Trabajo, logr\u00f3 llamar la atenci\u00f3n de nuestras c\u00e1maras, pues nuestros lectores son nuestra raz\u00f3n de hacer periodismo desde 1929.<\/p>\n"},"caption":{"rendered":"<p>FIEL LECTOR.- Este sanfelipe\u00f1o, fiel a Diario El Trabajo, logr\u00f3 llamar la atenci\u00f3n de nuestras c\u00e1maras, pues nuestros lectores son nuestra raz\u00f3n de hacer periodismo desde 1929.<\/p>\n"},"alt_text":"FIEL LECTOR.- Este sanfelipe\u00f1o, fiel a Diario El Trabajo, logr\u00f3 llamar la atenci\u00f3n de nuestras c\u00e1maras, pues nuestros lectores son nuestra raz\u00f3n de hacer periodismo desde 1929.","media_type":"image","mime_type":"image\/jpeg","media_details":{"width":528,"height":360,"file":"2016\/08\/Lector33.jpg","sizes":{"thumbnail":{"file":"Lector33-200x136.jpg","width":200,"height":136,"mime_type":"image\/jpeg","source_url":"https:\/\/i0.wp.com\/eltrabajo.cl\/portal\/wp-content\/uploads\/2016\/08\/Lector33.jpg?fit=200%2C136&ssl=1"},"medium":{"file":"Lector33-300x205.jpg","width":300,"height":205,"mime_type":"image\/jpeg","source_url":"https:\/\/i0.wp.com\/eltrabajo.cl\/portal\/wp-content\/uploads\/2016\/08\/Lector33.jpg?fit=300%2C205&ssl=1"},"post-thumbnail":{"file":"Lector33-220x150.jpg","width":220,"height":150,"mime_type":"image\/jpeg","source_url":"https:\/\/i0.wp.com\/eltrabajo.cl\/portal\/wp-content\/uploads\/2016\/08\/Lector33.jpg?fit=220%2C150&ssl=1"},"single-post-thumbnail":{"file":"Lector33-400x273.jpg","width":400,"height":273,"mime_type":"image\/jpeg","source_url":"https:\/\/eltrabajo.cl\/portal\/wp-content\/uploads\/2016\/08\/Lector33-400x273.jpg"},"wptouch-new-thumbnail":{"file":"Lector33-144x144.jpg","width":144,"height":144,"mime_type":"image\/jpeg","source_url":"https:\/\/eltrabajo.cl\/portal\/wp-content\/uploads\/2016\/08\/Lector33-144x144.jpg"},"full":{"file":"Lector33.jpg?fit=528%2C360&ssl=1","width":528,"height":360,"mime_type":"image\/jpeg","source_url":"https:\/\/i0.wp.com\/eltrabajo.cl\/portal\/wp-content\/uploads\/2016\/08\/Lector33.jpg?fit=528%2C360&ssl=1"}},"image_meta":{"aperture":"0","credit":"","camera":"","caption":"","created_timestamp":"0","copyright":"","focal_length":"0","iso":"0","shutter_speed":"0","title":"","orientation":"0","keywords":[]}},"post":72485,"source_url":"https:\/\/eltrabajo.cl\/portal\/wp-content\/uploads\/2016\/08\/Lector33.jpg","_links":{"self":[{"href":"https:\/\/eltrabajo.cl\/portal\/wp-json\/wp\/v2\/media\/72502","targetHints":{"allow":["GET"]}}],"collection":[{"href":"https:\/\/eltrabajo.cl\/portal\/wp-json\/wp\/v2\/media"}],"about":[{"href":"https:\/\/eltrabajo.cl\/portal\/wp-json\/wp\/v2\/types\/attachment"}],"author":[{"embeddable":true,"href":"https:\/\/eltrabajo.cl\/portal\/wp-json\/wp\/v2\/users\/1"}],"replies":[{"embeddable":true,"href":"https:\/\/eltrabajo.cl\/portal\/wp-json\/wp\/v2\/comments?post=72502"}],"wp:attached-to":[{"embeddable":true,"post_type":"post","id":72485,"href":"https:\/\/eltrabajo.cl\/portal\/wp-json\/wp\/v2\/posts\/72485"}],"curies":[{"name":"wp","href":"https:\/\/api.w.org\/{rel}","templated":true}]}}

FIEL LECTOR.- Este sanfelipeño, fiel a Diario El Trabajo, logró llamar la atención de nuestras cámaras, pues nuestros lectores son nuestra razón de hacer periodismo desde 1929.

<p class="attachment"><a href="https://i0.wp.com/eltrabajo.cl/portal/wp-content/uploads/2016/08/Lector33.jpg?ssl=1"><img loading="lazy" decoding="async" width="300" height="205" src="https://i0.wp.com/eltrabajo.cl/portal/wp-content/uploads/2016/08/Lector33.jpg?fit=300%2C205&amp;ssl=1" class="attachment-medium size-medium" alt="FIEL LECTOR.- Este sanfelipeño, fiel a Diario El Trabajo, logró llamar la atención de nuestras cámaras, pues nuestros lectores son nuestra razón de hacer periodismo desde 1929." srcset="https://i0.wp.com/eltrabajo.cl/portal/wp-content/uploads/2016/08/Lector33.jpg?w=528&amp;ssl=1 528w, https://i0.wp.com/eltrabajo.cl/portal/wp-content/uploads/2016/08/Lector33.jpg?resize=200%2C136&amp;ssl=1 200w, https://i0.wp.com/eltrabajo.cl/portal/wp-content/uploads/2016/08/Lector33.jpg?resize=300%2C205&amp;ssl=1 300w, https://i0.wp.com/eltrabajo.cl/portal/wp-content/uploads/2016/08/Lector33.jpg?resize=220%2C150&amp;ssl=1 220w, https://i0.wp.com/eltrabajo.cl/portal/wp-content/uploads/2016/08/Lector33.jpg?resize=400%2C273&amp;ssl=1 400w" sizes="auto, (max-width: 300px) 100vw, 300px" /></a></p>
<p>FIEL LECTOR.- Este sanfelipeño, fiel a Diario El Trabajo, logró llamar la atención de nuestras cámaras, pues nuestros lectores son nuestra razón de hacer periodismo desde 1929.</p>

<p>FIEL LECTOR.- Este sanfelipeño, fiel a Diario El Trabajo, logró llamar la atención de nuestras cámaras, pues nuestros lectores son nuestra razón de hacer periodismo desde 1929.</p>
