{"id":72505,"date":"2016-08-04T09:19:23","date_gmt":"2016-08-04T13:19:23","guid":{"rendered":"http:\/\/www.eltrabajo.cl\/portal\/wp-content\/uploads\/2016\/08\/Panchita33.jpg"},"modified":"2016-08-04T09:25:19","modified_gmt":"2016-08-04T13:25:19","slug":"panchita33","status":"inherit","type":"attachment","link":"https:\/\/eltrabajo.cl\/portal\/magistral-desfile-sacudio-nuestra-ciudad-ayer-frente-a-la-plaza-de-armas\/panchita33\/","title":{"rendered":"NUESTRA PANCHITA.- La deportista infantil \u2018Panchita\u2019 Z\u00fa\u00f1iga no pod\u00eda faltar en este desfile, ella lo hizo a nombre de los Aconcagua Runners."},"author":1,"featured_media":0,"comment_status":"open","ping_status":"closed","template":"","meta":{"advanced_seo_description":"","jetpack_seo_html_title":"","jetpack_seo_noindex":false},"class_list":["post-72505","attachment","type-attachment","status-inherit","hentry"],"jetpack_sharing_enabled":true,"jetpack_likes_enabled":true,"description":{"rendered":"<p class=\"attachment\"><a href=\"https:\/\/i0.wp.com\/eltrabajo.cl\/portal\/wp-content\/uploads\/2016\/08\/Panchita33.jpg?ssl=1\"><img loading=\"lazy\" decoding=\"async\" width=\"216\" height=\"300\" src=\"https:\/\/i0.wp.com\/eltrabajo.cl\/portal\/wp-content\/uploads\/2016\/08\/Panchita33.jpg?fit=216%2C300&amp;ssl=1\" class=\"attachment-medium size-medium\" alt=\"NUESTRA PANCHITA.- La deportista infantil \u2018Panchita\u2019 Z\u00fa\u00f1iga no pod\u00eda faltar en este desfile, ella lo hizo a nombre de los Aconcagua Runners.\" srcset=\"https:\/\/i0.wp.com\/eltrabajo.cl\/portal\/wp-content\/uploads\/2016\/08\/Panchita33.jpg?w=529&amp;ssl=1 529w, https:\/\/i0.wp.com\/eltrabajo.cl\/portal\/wp-content\/uploads\/2016\/08\/Panchita33.jpg?resize=108%2C150&amp;ssl=1 108w, https:\/\/i0.wp.com\/eltrabajo.cl\/portal\/wp-content\/uploads\/2016\/08\/Panchita33.jpg?resize=216%2C300&amp;ssl=1 216w, https:\/\/i0.wp.com\/eltrabajo.cl\/portal\/wp-content\/uploads\/2016\/08\/Panchita33.jpg?resize=400%2C557&amp;ssl=1 400w\" sizes=\"auto, (max-width: 216px) 100vw, 216px\" \/><\/a><\/p>\n<p>NUESTRA PANCHITA.- La deportista infantil \u2018Panchita\u2019 Z\u00fa\u00f1iga no pod\u00eda faltar en este desfile, ella lo hizo a nombre de los Aconcagua Runners.<\/p>\n"},"caption":{"rendered":"<p>NUESTRA PANCHITA.- La deportista infantil \u2018Panchita\u2019 Z\u00fa\u00f1iga no pod\u00eda faltar en este desfile, ella lo hizo a nombre de los Aconcagua Runners.<\/p>\n"},"alt_text":"NUESTRA PANCHITA.- La deportista infantil \u2018Panchita\u2019 Z\u00fa\u00f1iga no pod\u00eda faltar en este desfile, ella lo hizo a nombre de los Aconcagua Runners.","media_type":"image","mime_type":"image\/jpeg","media_details":{"width":529,"height":736,"file":"2016\/08\/Panchita33.jpg","sizes":{"thumbnail":{"file":"Panchita33-108x150.jpg","width":108,"height":150,"mime_type":"image\/jpeg","source_url":"https:\/\/i0.wp.com\/eltrabajo.cl\/portal\/wp-content\/uploads\/2016\/08\/Panchita33.jpg?fit=108%2C150&ssl=1"},"medium":{"file":"Panchita33-216x300.jpg","width":216,"height":300,"mime_type":"image\/jpeg","source_url":"https:\/\/i0.wp.com\/eltrabajo.cl\/portal\/wp-content\/uploads\/2016\/08\/Panchita33.jpg?fit=216%2C300&ssl=1"},"post-thumbnail":{"file":"Panchita33-108x150.jpg","width":108,"height":150,"mime_type":"image\/jpeg","source_url":"https:\/\/i0.wp.com\/eltrabajo.cl\/portal\/wp-content\/uploads\/2016\/08\/Panchita33.jpg?fit=108%2C150&ssl=1"},"single-post-thumbnail":{"file":"Panchita33-400x557.jpg","width":400,"height":557,"mime_type":"image\/jpeg","source_url":"https:\/\/eltrabajo.cl\/portal\/wp-content\/uploads\/2016\/08\/Panchita33-400x557.jpg"},"wptouch-new-thumbnail":{"file":"Panchita33-144x144.jpg","width":144,"height":144,"mime_type":"image\/jpeg","source_url":"https:\/\/eltrabajo.cl\/portal\/wp-content\/uploads\/2016\/08\/Panchita33-144x144.jpg"},"full":{"file":"Panchita33.jpg?fit=529%2C736&ssl=1","width":529,"height":736,"mime_type":"image\/jpeg","source_url":"https:\/\/i0.wp.com\/eltrabajo.cl\/portal\/wp-content\/uploads\/2016\/08\/Panchita33.jpg?fit=529%2C736&ssl=1"}},"image_meta":{"aperture":"0","credit":"","camera":"","caption":"","created_timestamp":"0","copyright":"","focal_length":"0","iso":"0","shutter_speed":"0","title":"","orientation":"0","keywords":[]}},"post":72485,"source_url":"https:\/\/eltrabajo.cl\/portal\/wp-content\/uploads\/2016\/08\/Panchita33.jpg","_links":{"self":[{"href":"https:\/\/eltrabajo.cl\/portal\/wp-json\/wp\/v2\/media\/72505","targetHints":{"allow":["GET"]}}],"collection":[{"href":"https:\/\/eltrabajo.cl\/portal\/wp-json\/wp\/v2\/media"}],"about":[{"href":"https:\/\/eltrabajo.cl\/portal\/wp-json\/wp\/v2\/types\/attachment"}],"author":[{"embeddable":true,"href":"https:\/\/eltrabajo.cl\/portal\/wp-json\/wp\/v2\/users\/1"}],"replies":[{"embeddable":true,"href":"https:\/\/eltrabajo.cl\/portal\/wp-json\/wp\/v2\/comments?post=72505"}],"wp:attached-to":[{"embeddable":true,"post_type":"post","id":72485,"href":"https:\/\/eltrabajo.cl\/portal\/wp-json\/wp\/v2\/posts\/72485"}],"curies":[{"name":"wp","href":"https:\/\/api.w.org\/{rel}","templated":true}]}}

NUESTRA PANCHITA.- La deportista infantil ‘Panchita’ Zúñiga no podía faltar en este desfile, ella lo hizo a nombre de los Aconcagua Runners.

<p class="attachment"><a href="https://i0.wp.com/eltrabajo.cl/portal/wp-content/uploads/2016/08/Panchita33.jpg?ssl=1"><img loading="lazy" decoding="async" width="216" height="300" src="https://i0.wp.com/eltrabajo.cl/portal/wp-content/uploads/2016/08/Panchita33.jpg?fit=216%2C300&amp;ssl=1" class="attachment-medium size-medium" alt="NUESTRA PANCHITA.- La deportista infantil ‘Panchita’ Zúñiga no podía faltar en este desfile, ella lo hizo a nombre de los Aconcagua Runners." srcset="https://i0.wp.com/eltrabajo.cl/portal/wp-content/uploads/2016/08/Panchita33.jpg?w=529&amp;ssl=1 529w, https://i0.wp.com/eltrabajo.cl/portal/wp-content/uploads/2016/08/Panchita33.jpg?resize=108%2C150&amp;ssl=1 108w, https://i0.wp.com/eltrabajo.cl/portal/wp-content/uploads/2016/08/Panchita33.jpg?resize=216%2C300&amp;ssl=1 216w, https://i0.wp.com/eltrabajo.cl/portal/wp-content/uploads/2016/08/Panchita33.jpg?resize=400%2C557&amp;ssl=1 400w" sizes="auto, (max-width: 216px) 100vw, 216px" /></a></p>
<p>NUESTRA PANCHITA.- La deportista infantil ‘Panchita’ Zúñiga no podía faltar en este desfile, ella lo hizo a nombre de los Aconcagua Runners.</p>

<p>NUESTRA PANCHITA.- La deportista infantil ‘Panchita’ Zúñiga no podía faltar en este desfile, ella lo hizo a nombre de los Aconcagua Runners.</p>
