{"id":72507,"date":"2016-08-04T09:19:26","date_gmt":"2016-08-04T13:19:26","guid":{"rendered":"http:\/\/www.eltrabajo.cl\/portal\/wp-content\/uploads\/2016\/08\/Publico2.jpg"},"modified":"2016-08-04T09:24:05","modified_gmt":"2016-08-04T13:24:05","slug":"publico2-2","status":"inherit","type":"attachment","link":"https:\/\/eltrabajo.cl\/portal\/magistral-desfile-sacudio-nuestra-ciudad-ayer-frente-a-la-plaza-de-armas\/publico2-2\/","title":{"rendered":"TODOS APLAUDEN.- El p\u00fablico aplaudi\u00f3 a m\u00e1s no poder, pocas veces hemos visto un desfile de aniversario como el de ayer mi\u00e9rcoles."},"author":1,"featured_media":0,"comment_status":"open","ping_status":"closed","template":"","meta":{"advanced_seo_description":"","jetpack_seo_html_title":"","jetpack_seo_noindex":false},"class_list":["post-72507","attachment","type-attachment","status-inherit","hentry"],"jetpack_sharing_enabled":true,"jetpack_likes_enabled":true,"description":{"rendered":"<p class=\"attachment\"><a href=\"https:\/\/i0.wp.com\/eltrabajo.cl\/portal\/wp-content\/uploads\/2016\/08\/Publico2.jpg?ssl=1\"><img loading=\"lazy\" decoding=\"async\" width=\"300\" height=\"193\" src=\"https:\/\/i0.wp.com\/eltrabajo.cl\/portal\/wp-content\/uploads\/2016\/08\/Publico2.jpg?fit=300%2C193&amp;ssl=1\" class=\"attachment-medium size-medium\" alt=\"TODOS APLAUDEN.- El p\u00fablico aplaudi\u00f3 a m\u00e1s no poder, pocas veces hemos visto un desfile de aniversario como el de ayer mi\u00e9rcoles.\" srcset=\"https:\/\/i0.wp.com\/eltrabajo.cl\/portal\/wp-content\/uploads\/2016\/08\/Publico2.jpg?w=529&amp;ssl=1 529w, https:\/\/i0.wp.com\/eltrabajo.cl\/portal\/wp-content\/uploads\/2016\/08\/Publico2.jpg?resize=200%2C129&amp;ssl=1 200w, https:\/\/i0.wp.com\/eltrabajo.cl\/portal\/wp-content\/uploads\/2016\/08\/Publico2.jpg?resize=300%2C193&amp;ssl=1 300w, https:\/\/i0.wp.com\/eltrabajo.cl\/portal\/wp-content\/uploads\/2016\/08\/Publico2.jpg?resize=233%2C150&amp;ssl=1 233w, https:\/\/i0.wp.com\/eltrabajo.cl\/portal\/wp-content\/uploads\/2016\/08\/Publico2.jpg?resize=400%2C257&amp;ssl=1 400w\" sizes=\"auto, (max-width: 300px) 100vw, 300px\" \/><\/a><\/p>\n<p>TODOS APLAUDEN.- El p\u00fablico aplaudi\u00f3 a m\u00e1s no poder, pocas veces hemos visto un desfile de aniversario como el de ayer mi\u00e9rcoles.<\/p>\n"},"caption":{"rendered":"<p>TODOS APLAUDEN.- El p\u00fablico aplaudi\u00f3 a m\u00e1s no poder, pocas veces hemos visto un desfile de aniversario como el de ayer mi\u00e9rcoles.<\/p>\n"},"alt_text":"TODOS APLAUDEN.- El p\u00fablico aplaudi\u00f3 a m\u00e1s no poder, pocas veces hemos visto un desfile de aniversario como el de ayer mi\u00e9rcoles.","media_type":"image","mime_type":"image\/jpeg","media_details":{"width":529,"height":340,"file":"2016\/08\/Publico2.jpg","sizes":{"thumbnail":{"file":"Publico2-200x129.jpg","width":200,"height":129,"mime_type":"image\/jpeg","source_url":"https:\/\/i0.wp.com\/eltrabajo.cl\/portal\/wp-content\/uploads\/2016\/08\/Publico2.jpg?fit=200%2C129&ssl=1"},"medium":{"file":"Publico2-300x193.jpg","width":300,"height":193,"mime_type":"image\/jpeg","source_url":"https:\/\/i0.wp.com\/eltrabajo.cl\/portal\/wp-content\/uploads\/2016\/08\/Publico2.jpg?fit=300%2C193&ssl=1"},"post-thumbnail":{"file":"Publico2-233x150.jpg","width":233,"height":150,"mime_type":"image\/jpeg","source_url":"https:\/\/i0.wp.com\/eltrabajo.cl\/portal\/wp-content\/uploads\/2016\/08\/Publico2.jpg?fit=233%2C150&ssl=1"},"single-post-thumbnail":{"file":"Publico2-400x257.jpg","width":400,"height":257,"mime_type":"image\/jpeg","source_url":"https:\/\/eltrabajo.cl\/portal\/wp-content\/uploads\/2016\/08\/Publico2-400x257.jpg"},"wptouch-new-thumbnail":{"file":"Publico2-144x144.jpg","width":144,"height":144,"mime_type":"image\/jpeg","source_url":"https:\/\/eltrabajo.cl\/portal\/wp-content\/uploads\/2016\/08\/Publico2-144x144.jpg"},"full":{"file":"Publico2.jpg?fit=529%2C340&ssl=1","width":529,"height":340,"mime_type":"image\/jpeg","source_url":"https:\/\/i0.wp.com\/eltrabajo.cl\/portal\/wp-content\/uploads\/2016\/08\/Publico2.jpg?fit=529%2C340&ssl=1"}},"image_meta":{"aperture":"0","credit":"","camera":"","caption":"","created_timestamp":"0","copyright":"","focal_length":"0","iso":"0","shutter_speed":"0","title":"","orientation":"0","keywords":[]}},"post":72485,"source_url":"https:\/\/eltrabajo.cl\/portal\/wp-content\/uploads\/2016\/08\/Publico2.jpg","_links":{"self":[{"href":"https:\/\/eltrabajo.cl\/portal\/wp-json\/wp\/v2\/media\/72507","targetHints":{"allow":["GET"]}}],"collection":[{"href":"https:\/\/eltrabajo.cl\/portal\/wp-json\/wp\/v2\/media"}],"about":[{"href":"https:\/\/eltrabajo.cl\/portal\/wp-json\/wp\/v2\/types\/attachment"}],"author":[{"embeddable":true,"href":"https:\/\/eltrabajo.cl\/portal\/wp-json\/wp\/v2\/users\/1"}],"replies":[{"embeddable":true,"href":"https:\/\/eltrabajo.cl\/portal\/wp-json\/wp\/v2\/comments?post=72507"}],"wp:attached-to":[{"embeddable":true,"post_type":"post","id":72485,"href":"https:\/\/eltrabajo.cl\/portal\/wp-json\/wp\/v2\/posts\/72485"}],"curies":[{"name":"wp","href":"https:\/\/api.w.org\/{rel}","templated":true}]}}

TODOS APLAUDEN.- El público aplaudió a más no poder, pocas veces hemos visto un desfile de aniversario como el de ayer miércoles.

<p class="attachment"><a href="https://i0.wp.com/eltrabajo.cl/portal/wp-content/uploads/2016/08/Publico2.jpg?ssl=1"><img loading="lazy" decoding="async" width="300" height="193" src="https://i0.wp.com/eltrabajo.cl/portal/wp-content/uploads/2016/08/Publico2.jpg?fit=300%2C193&amp;ssl=1" class="attachment-medium size-medium" alt="TODOS APLAUDEN.- El público aplaudió a más no poder, pocas veces hemos visto un desfile de aniversario como el de ayer miércoles." srcset="https://i0.wp.com/eltrabajo.cl/portal/wp-content/uploads/2016/08/Publico2.jpg?w=529&amp;ssl=1 529w, https://i0.wp.com/eltrabajo.cl/portal/wp-content/uploads/2016/08/Publico2.jpg?resize=200%2C129&amp;ssl=1 200w, https://i0.wp.com/eltrabajo.cl/portal/wp-content/uploads/2016/08/Publico2.jpg?resize=300%2C193&amp;ssl=1 300w, https://i0.wp.com/eltrabajo.cl/portal/wp-content/uploads/2016/08/Publico2.jpg?resize=233%2C150&amp;ssl=1 233w, https://i0.wp.com/eltrabajo.cl/portal/wp-content/uploads/2016/08/Publico2.jpg?resize=400%2C257&amp;ssl=1 400w" sizes="auto, (max-width: 300px) 100vw, 300px" /></a></p>
<p>TODOS APLAUDEN.- El público aplaudió a más no poder, pocas veces hemos visto un desfile de aniversario como el de ayer miércoles.</p>

<p>TODOS APLAUDEN.- El público aplaudió a más no poder, pocas veces hemos visto un desfile de aniversario como el de ayer miércoles.</p>
