{"id":72508,"date":"2016-08-04T09:19:28","date_gmt":"2016-08-04T13:19:28","guid":{"rendered":"http:\/\/www.eltrabajo.cl\/portal\/wp-content\/uploads\/2016\/08\/Scouts28.jpg"},"modified":"2016-08-04T09:20:44","modified_gmt":"2016-08-04T13:20:44","slug":"scouts28","status":"inherit","type":"attachment","link":"https:\/\/eltrabajo.cl\/portal\/magistral-desfile-sacudio-nuestra-ciudad-ayer-frente-a-la-plaza-de-armas\/scouts28\/","title":{"rendered":"\u00bfSIEMPRE LISTOS?- As\u00ed estaban estos peque\u00f1os Scouts sanfelipe\u00f1os, alegres y con ganas de gritar sus consignas del grupo."},"author":1,"featured_media":0,"comment_status":"open","ping_status":"closed","template":"","meta":{"advanced_seo_description":"","jetpack_seo_html_title":"","jetpack_seo_noindex":false},"class_list":["post-72508","attachment","type-attachment","status-inherit","hentry"],"jetpack_sharing_enabled":true,"jetpack_likes_enabled":true,"description":{"rendered":"<p class=\"attachment\"><a href=\"https:\/\/i0.wp.com\/eltrabajo.cl\/portal\/wp-content\/uploads\/2016\/08\/Scouts28.jpg?ssl=1\"><img loading=\"lazy\" decoding=\"async\" width=\"300\" height=\"196\" src=\"https:\/\/i0.wp.com\/eltrabajo.cl\/portal\/wp-content\/uploads\/2016\/08\/Scouts28.jpg?fit=300%2C196&amp;ssl=1\" class=\"attachment-medium size-medium\" alt=\"\u00bfSIEMPRE LISTOS?- As\u00ed estaban estos peque\u00f1os Scouts sanfelipe\u00f1os, alegres y con ganas de gritar sus consignas del grupo.\" srcset=\"https:\/\/i0.wp.com\/eltrabajo.cl\/portal\/wp-content\/uploads\/2016\/08\/Scouts28.jpg?w=528&amp;ssl=1 528w, https:\/\/i0.wp.com\/eltrabajo.cl\/portal\/wp-content\/uploads\/2016\/08\/Scouts28.jpg?resize=200%2C131&amp;ssl=1 200w, https:\/\/i0.wp.com\/eltrabajo.cl\/portal\/wp-content\/uploads\/2016\/08\/Scouts28.jpg?resize=300%2C196&amp;ssl=1 300w, https:\/\/i0.wp.com\/eltrabajo.cl\/portal\/wp-content\/uploads\/2016\/08\/Scouts28.jpg?resize=230%2C150&amp;ssl=1 230w, https:\/\/i0.wp.com\/eltrabajo.cl\/portal\/wp-content\/uploads\/2016\/08\/Scouts28.jpg?resize=400%2C261&amp;ssl=1 400w\" sizes=\"auto, (max-width: 300px) 100vw, 300px\" \/><\/a><\/p>\n<p>\u00bfSIEMPRE LISTOS?- As\u00ed estaban estos peque\u00f1os Scouts sanfelipe\u00f1os, alegres y con ganas de gritar sus consignas del grupo.<\/p>\n"},"caption":{"rendered":"<p>\u00bfSIEMPRE LISTOS?- As\u00ed estaban estos peque\u00f1os Scouts sanfelipe\u00f1os, alegres y con ganas de gritar sus consignas del grupo.<\/p>\n"},"alt_text":"\u00bfSIEMPRE LISTOS?- As\u00ed estaban estos peque\u00f1os Scouts sanfelipe\u00f1os, alegres y con ganas de gritar sus consignas del grupo.","media_type":"image","mime_type":"image\/jpeg","media_details":{"width":528,"height":345,"file":"2016\/08\/Scouts28.jpg","sizes":{"thumbnail":{"file":"Scouts28-200x131.jpg","width":200,"height":131,"mime_type":"image\/jpeg","source_url":"https:\/\/i0.wp.com\/eltrabajo.cl\/portal\/wp-content\/uploads\/2016\/08\/Scouts28.jpg?fit=200%2C131&ssl=1"},"medium":{"file":"Scouts28-300x196.jpg","width":300,"height":196,"mime_type":"image\/jpeg","source_url":"https:\/\/i0.wp.com\/eltrabajo.cl\/portal\/wp-content\/uploads\/2016\/08\/Scouts28.jpg?fit=300%2C196&ssl=1"},"post-thumbnail":{"file":"Scouts28-230x150.jpg","width":230,"height":150,"mime_type":"image\/jpeg","source_url":"https:\/\/i0.wp.com\/eltrabajo.cl\/portal\/wp-content\/uploads\/2016\/08\/Scouts28.jpg?fit=230%2C150&ssl=1"},"single-post-thumbnail":{"file":"Scouts28-400x261.jpg","width":400,"height":261,"mime_type":"image\/jpeg","source_url":"https:\/\/eltrabajo.cl\/portal\/wp-content\/uploads\/2016\/08\/Scouts28-400x261.jpg"},"wptouch-new-thumbnail":{"file":"Scouts28-144x144.jpg","width":144,"height":144,"mime_type":"image\/jpeg","source_url":"https:\/\/eltrabajo.cl\/portal\/wp-content\/uploads\/2016\/08\/Scouts28-144x144.jpg"},"full":{"file":"Scouts28.jpg?fit=528%2C345&ssl=1","width":528,"height":345,"mime_type":"image\/jpeg","source_url":"https:\/\/i0.wp.com\/eltrabajo.cl\/portal\/wp-content\/uploads\/2016\/08\/Scouts28.jpg?fit=528%2C345&ssl=1"}},"image_meta":{"aperture":"0","credit":"","camera":"","caption":"","created_timestamp":"0","copyright":"","focal_length":"0","iso":"0","shutter_speed":"0","title":"","orientation":"0","keywords":[]}},"post":72485,"source_url":"https:\/\/eltrabajo.cl\/portal\/wp-content\/uploads\/2016\/08\/Scouts28.jpg","_links":{"self":[{"href":"https:\/\/eltrabajo.cl\/portal\/wp-json\/wp\/v2\/media\/72508","targetHints":{"allow":["GET"]}}],"collection":[{"href":"https:\/\/eltrabajo.cl\/portal\/wp-json\/wp\/v2\/media"}],"about":[{"href":"https:\/\/eltrabajo.cl\/portal\/wp-json\/wp\/v2\/types\/attachment"}],"author":[{"embeddable":true,"href":"https:\/\/eltrabajo.cl\/portal\/wp-json\/wp\/v2\/users\/1"}],"replies":[{"embeddable":true,"href":"https:\/\/eltrabajo.cl\/portal\/wp-json\/wp\/v2\/comments?post=72508"}],"wp:attached-to":[{"embeddable":true,"post_type":"post","id":72485,"href":"https:\/\/eltrabajo.cl\/portal\/wp-json\/wp\/v2\/posts\/72485"}],"curies":[{"name":"wp","href":"https:\/\/api.w.org\/{rel}","templated":true}]}}

¿SIEMPRE LISTOS?- Así estaban estos pequeños Scouts sanfelipeños, alegres y con ganas de gritar sus consignas del grupo.

<p class="attachment"><a href="https://i0.wp.com/eltrabajo.cl/portal/wp-content/uploads/2016/08/Scouts28.jpg?ssl=1"><img loading="lazy" decoding="async" width="300" height="196" src="https://i0.wp.com/eltrabajo.cl/portal/wp-content/uploads/2016/08/Scouts28.jpg?fit=300%2C196&amp;ssl=1" class="attachment-medium size-medium" alt="¿SIEMPRE LISTOS?- Así estaban estos pequeños Scouts sanfelipeños, alegres y con ganas de gritar sus consignas del grupo." srcset="https://i0.wp.com/eltrabajo.cl/portal/wp-content/uploads/2016/08/Scouts28.jpg?w=528&amp;ssl=1 528w, https://i0.wp.com/eltrabajo.cl/portal/wp-content/uploads/2016/08/Scouts28.jpg?resize=200%2C131&amp;ssl=1 200w, https://i0.wp.com/eltrabajo.cl/portal/wp-content/uploads/2016/08/Scouts28.jpg?resize=300%2C196&amp;ssl=1 300w, https://i0.wp.com/eltrabajo.cl/portal/wp-content/uploads/2016/08/Scouts28.jpg?resize=230%2C150&amp;ssl=1 230w, https://i0.wp.com/eltrabajo.cl/portal/wp-content/uploads/2016/08/Scouts28.jpg?resize=400%2C261&amp;ssl=1 400w" sizes="auto, (max-width: 300px) 100vw, 300px" /></a></p>
<p>¿SIEMPRE LISTOS?- Así estaban estos pequeños Scouts sanfelipeños, alegres y con ganas de gritar sus consignas del grupo.</p>

<p>¿SIEMPRE LISTOS?- Así estaban estos pequeños Scouts sanfelipeños, alegres y con ganas de gritar sus consignas del grupo.</p>
