{"id":72582,"date":"2016-08-05T09:22:18","date_gmt":"2016-08-05T13:22:18","guid":{"rendered":"http:\/\/www.eltrabajo.cl\/portal\/wp-content\/uploads\/2016\/08\/FISCAL-SANTIBANEZ.jpg"},"modified":"2016-08-05T09:22:32","modified_gmt":"2016-08-05T13:22:32","slug":"sdr-5","status":"inherit","type":"attachment","link":"https:\/\/eltrabajo.cl\/portal\/san-felipe-ocupa-tercer-lugar-regional-en-delitos-de-robo-por-sorpresa\/sdr-5\/","title":{"rendered":"Fiscal Benjam\u00edn Santib\u00e1\u00f1ez Gonz\u00e1lez."},"author":1,"featured_media":0,"comment_status":"open","ping_status":"closed","template":"","meta":{"advanced_seo_description":"","jetpack_seo_html_title":"","jetpack_seo_noindex":false},"class_list":["post-72582","attachment","type-attachment","status-inherit","hentry"],"jetpack_sharing_enabled":true,"jetpack_likes_enabled":true,"description":{"rendered":"<p class=\"attachment\"><a href=\"https:\/\/i0.wp.com\/eltrabajo.cl\/portal\/wp-content\/uploads\/2016\/08\/FISCAL-SANTIBANEZ.jpg?ssl=1\"><img loading=\"lazy\" decoding=\"async\" width=\"300\" height=\"197\" src=\"https:\/\/i0.wp.com\/eltrabajo.cl\/portal\/wp-content\/uploads\/2016\/08\/FISCAL-SANTIBANEZ.jpg?fit=300%2C197&amp;ssl=1\" class=\"attachment-medium size-medium\" alt=\"Fiscal Benjam\u00edn Santib\u00e1\u00f1ez Gonz\u00e1lez.\" srcset=\"https:\/\/i0.wp.com\/eltrabajo.cl\/portal\/wp-content\/uploads\/2016\/08\/FISCAL-SANTIBANEZ.jpg?w=530&amp;ssl=1 530w, https:\/\/i0.wp.com\/eltrabajo.cl\/portal\/wp-content\/uploads\/2016\/08\/FISCAL-SANTIBANEZ.jpg?resize=200%2C131&amp;ssl=1 200w, https:\/\/i0.wp.com\/eltrabajo.cl\/portal\/wp-content\/uploads\/2016\/08\/FISCAL-SANTIBANEZ.jpg?resize=300%2C197&amp;ssl=1 300w, https:\/\/i0.wp.com\/eltrabajo.cl\/portal\/wp-content\/uploads\/2016\/08\/FISCAL-SANTIBANEZ.jpg?resize=228%2C150&amp;ssl=1 228w, https:\/\/i0.wp.com\/eltrabajo.cl\/portal\/wp-content\/uploads\/2016\/08\/FISCAL-SANTIBANEZ.jpg?resize=400%2C263&amp;ssl=1 400w\" sizes=\"auto, (max-width: 300px) 100vw, 300px\" \/><\/a><\/p>\n<p>Fiscal Benjam\u00edn Santib\u00e1\u00f1ez Gonz\u00e1lez.<\/p>\n"},"caption":{"rendered":"<p>Fiscal Benjam\u00edn Santib\u00e1\u00f1ez Gonz\u00e1lez.<\/p>\n"},"alt_text":"Fiscal Benjam\u00edn Santib\u00e1\u00f1ez Gonz\u00e1lez.","media_type":"image","mime_type":"image\/jpeg","media_details":{"width":530,"height":348,"file":"2016\/08\/FISCAL-SANTIBANEZ.jpg","sizes":{"thumbnail":{"file":"FISCAL-SANTIBANEZ-200x131.jpg","width":200,"height":131,"mime_type":"image\/jpeg","source_url":"https:\/\/i0.wp.com\/eltrabajo.cl\/portal\/wp-content\/uploads\/2016\/08\/FISCAL-SANTIBANEZ.jpg?fit=200%2C131&ssl=1"},"medium":{"file":"FISCAL-SANTIBANEZ-300x197.jpg","width":300,"height":197,"mime_type":"image\/jpeg","source_url":"https:\/\/i0.wp.com\/eltrabajo.cl\/portal\/wp-content\/uploads\/2016\/08\/FISCAL-SANTIBANEZ.jpg?fit=300%2C197&ssl=1"},"post-thumbnail":{"file":"FISCAL-SANTIBANEZ-228x150.jpg","width":228,"height":150,"mime_type":"image\/jpeg","source_url":"https:\/\/i0.wp.com\/eltrabajo.cl\/portal\/wp-content\/uploads\/2016\/08\/FISCAL-SANTIBANEZ.jpg?fit=228%2C150&ssl=1"},"single-post-thumbnail":{"file":"FISCAL-SANTIBANEZ-400x263.jpg","width":400,"height":263,"mime_type":"image\/jpeg","source_url":"https:\/\/eltrabajo.cl\/portal\/wp-content\/uploads\/2016\/08\/FISCAL-SANTIBANEZ-400x263.jpg"},"wptouch-new-thumbnail":{"file":"FISCAL-SANTIBANEZ-144x144.jpg","width":144,"height":144,"mime_type":"image\/jpeg","source_url":"https:\/\/eltrabajo.cl\/portal\/wp-content\/uploads\/2016\/08\/FISCAL-SANTIBANEZ-144x144.jpg"},"full":{"file":"FISCAL-SANTIBANEZ.jpg?fit=530%2C348&ssl=1","width":530,"height":348,"mime_type":"image\/jpeg","source_url":"https:\/\/i0.wp.com\/eltrabajo.cl\/portal\/wp-content\/uploads\/2016\/08\/FISCAL-SANTIBANEZ.jpg?fit=530%2C348&ssl=1"}},"image_meta":{"aperture":"0","credit":"","camera":"","caption":"sdr","created_timestamp":"0","copyright":"","focal_length":"0","iso":"0","shutter_speed":"0","title":"sdr","orientation":"0","keywords":[]}},"post":72579,"source_url":"https:\/\/eltrabajo.cl\/portal\/wp-content\/uploads\/2016\/08\/FISCAL-SANTIBANEZ.jpg","_links":{"self":[{"href":"https:\/\/eltrabajo.cl\/portal\/wp-json\/wp\/v2\/media\/72582","targetHints":{"allow":["GET"]}}],"collection":[{"href":"https:\/\/eltrabajo.cl\/portal\/wp-json\/wp\/v2\/media"}],"about":[{"href":"https:\/\/eltrabajo.cl\/portal\/wp-json\/wp\/v2\/types\/attachment"}],"author":[{"embeddable":true,"href":"https:\/\/eltrabajo.cl\/portal\/wp-json\/wp\/v2\/users\/1"}],"replies":[{"embeddable":true,"href":"https:\/\/eltrabajo.cl\/portal\/wp-json\/wp\/v2\/comments?post=72582"}],"wp:attached-to":[{"embeddable":true,"post_type":"post","id":72579,"href":"https:\/\/eltrabajo.cl\/portal\/wp-json\/wp\/v2\/posts\/72579"}],"curies":[{"name":"wp","href":"https:\/\/api.w.org\/{rel}","templated":true}]}}

Fiscal Benjamín Santibáñez González.

<p class="attachment"><a href="https://i0.wp.com/eltrabajo.cl/portal/wp-content/uploads/2016/08/FISCAL-SANTIBANEZ.jpg?ssl=1"><img loading="lazy" decoding="async" width="300" height="197" src="https://i0.wp.com/eltrabajo.cl/portal/wp-content/uploads/2016/08/FISCAL-SANTIBANEZ.jpg?fit=300%2C197&amp;ssl=1" class="attachment-medium size-medium" alt="Fiscal Benjamín Santibáñez González." srcset="https://i0.wp.com/eltrabajo.cl/portal/wp-content/uploads/2016/08/FISCAL-SANTIBANEZ.jpg?w=530&amp;ssl=1 530w, https://i0.wp.com/eltrabajo.cl/portal/wp-content/uploads/2016/08/FISCAL-SANTIBANEZ.jpg?resize=200%2C131&amp;ssl=1 200w, https://i0.wp.com/eltrabajo.cl/portal/wp-content/uploads/2016/08/FISCAL-SANTIBANEZ.jpg?resize=300%2C197&amp;ssl=1 300w, https://i0.wp.com/eltrabajo.cl/portal/wp-content/uploads/2016/08/FISCAL-SANTIBANEZ.jpg?resize=228%2C150&amp;ssl=1 228w, https://i0.wp.com/eltrabajo.cl/portal/wp-content/uploads/2016/08/FISCAL-SANTIBANEZ.jpg?resize=400%2C263&amp;ssl=1 400w" sizes="auto, (max-width: 300px) 100vw, 300px" /></a></p>
<p>Fiscal Benjamín Santibáñez González.</p>

<p>Fiscal Benjamín Santibáñez González.</p>
