{"id":73597,"date":"2016-09-08T08:40:45","date_gmt":"2016-09-08T11:40:45","guid":{"rendered":"http:\/\/www.eltrabajo.cl\/portal\/wp-content\/uploads\/2016\/09\/Fiestas1.jpg"},"modified":"2016-09-08T08:40:55","modified_gmt":"2016-09-08T11:40:55","slug":"fiestas1-5","status":"inherit","type":"attachment","link":"https:\/\/eltrabajo.cl\/portal\/carabineros-inicio-esta-semana-la-campana-18-seguro-en-nuestra-comuna\/fiestas1-5\/","title":{"rendered":"TODOS EN ALERTA.- Esta semana dio inicio la campa\u00f1a \u201818 Seguro\u2019, jornadas especiales en las que Carabineros desarrolla met\u00f3dicamente un trabajo de informaci\u00f3n, promoci\u00f3n, concientizaci\u00f3n y prevenci\u00f3n de todo tipo de accidentes y abusos durante las fiestas patrias en nuestra comuna."},"author":1,"featured_media":0,"comment_status":"open","ping_status":"closed","template":"","meta":{"advanced_seo_description":"","jetpack_seo_html_title":"","jetpack_seo_noindex":false},"class_list":["post-73597","attachment","type-attachment","status-inherit","hentry"],"jetpack_sharing_enabled":true,"jetpack_likes_enabled":true,"description":{"rendered":"<p class=\"attachment\"><a href=\"https:\/\/i0.wp.com\/eltrabajo.cl\/portal\/wp-content\/uploads\/2016\/09\/Fiestas1.jpg?ssl=1\"><img loading=\"lazy\" decoding=\"async\" width=\"300\" height=\"198\" src=\"https:\/\/i0.wp.com\/eltrabajo.cl\/portal\/wp-content\/uploads\/2016\/09\/Fiestas1.jpg?fit=300%2C198&amp;ssl=1\" class=\"attachment-medium size-medium\" alt=\"TODOS EN ALERTA.- Esta semana dio inicio la campa\u00f1a \u201818 Seguro\u2019, jornadas especiales en las que Carabineros desarrolla met\u00f3dicamente un trabajo de informaci\u00f3n, promoci\u00f3n, concientizaci\u00f3n y prevenci\u00f3n de todo tipo de accidentes y abusos durante las fiestas patrias en nuestra comuna.\" srcset=\"https:\/\/i0.wp.com\/eltrabajo.cl\/portal\/wp-content\/uploads\/2016\/09\/Fiestas1.jpg?w=530&amp;ssl=1 530w, https:\/\/i0.wp.com\/eltrabajo.cl\/portal\/wp-content\/uploads\/2016\/09\/Fiestas1.jpg?resize=200%2C132&amp;ssl=1 200w, https:\/\/i0.wp.com\/eltrabajo.cl\/portal\/wp-content\/uploads\/2016\/09\/Fiestas1.jpg?resize=300%2C198&amp;ssl=1 300w, https:\/\/i0.wp.com\/eltrabajo.cl\/portal\/wp-content\/uploads\/2016\/09\/Fiestas1.jpg?resize=227%2C150&amp;ssl=1 227w, https:\/\/i0.wp.com\/eltrabajo.cl\/portal\/wp-content\/uploads\/2016\/09\/Fiestas1.jpg?resize=400%2C264&amp;ssl=1 400w\" sizes=\"auto, (max-width: 300px) 100vw, 300px\" \/><\/a><\/p>\n<p>TODOS EN ALERTA.- Esta semana dio inicio la campa\u00f1a \u201818 Seguro\u2019, jornadas especiales en las que Carabineros desarrolla met\u00f3dicamente un trabajo de informaci\u00f3n, promoci\u00f3n, concientizaci\u00f3n y prevenci\u00f3n de todo tipo de accidentes y abusos durante las fiestas patrias en nuestra comuna.<\/p>\n"},"caption":{"rendered":"<p>TODOS EN ALERTA.- Esta semana dio inicio la campa\u00f1a \u201818 Seguro\u2019, jornadas especiales en las que Carabineros desarrolla met\u00f3dicamente un trabajo de informaci\u00f3n, promoci\u00f3n, concientizaci\u00f3n y prevenci\u00f3n de todo tipo de accidentes y abusos durante las fiestas patrias en nuestra comuna.<\/p>\n"},"alt_text":"TODOS EN ALERTA.- Esta semana dio inicio la campa\u00f1a \u201818 Seguro\u2019, jornadas especiales en las que Carabineros desarrolla met\u00f3dicamente un trabajo de informaci\u00f3n, promoci\u00f3n, concientizaci\u00f3n y prevenci\u00f3n de todo tipo de accidentes y abusos durante las fiestas patrias en nuestra comuna.","media_type":"image","mime_type":"image\/jpeg","media_details":{"width":530,"height":350,"file":"2016\/09\/Fiestas1.jpg","sizes":{"thumbnail":{"file":"Fiestas1-200x132.jpg","width":200,"height":132,"mime_type":"image\/jpeg","source_url":"https:\/\/i0.wp.com\/eltrabajo.cl\/portal\/wp-content\/uploads\/2016\/09\/Fiestas1.jpg?fit=200%2C132&ssl=1"},"medium":{"file":"Fiestas1-300x198.jpg","width":300,"height":198,"mime_type":"image\/jpeg","source_url":"https:\/\/i0.wp.com\/eltrabajo.cl\/portal\/wp-content\/uploads\/2016\/09\/Fiestas1.jpg?fit=300%2C198&ssl=1"},"post-thumbnail":{"file":"Fiestas1-227x150.jpg","width":227,"height":150,"mime_type":"image\/jpeg","source_url":"https:\/\/i0.wp.com\/eltrabajo.cl\/portal\/wp-content\/uploads\/2016\/09\/Fiestas1.jpg?fit=227%2C150&ssl=1"},"single-post-thumbnail":{"file":"Fiestas1-400x264.jpg","width":400,"height":264,"mime_type":"image\/jpeg","source_url":"https:\/\/eltrabajo.cl\/portal\/wp-content\/uploads\/2016\/09\/Fiestas1-400x264.jpg"},"wptouch-new-thumbnail":{"file":"Fiestas1-144x144.jpg","width":144,"height":144,"mime_type":"image\/jpeg","source_url":"https:\/\/eltrabajo.cl\/portal\/wp-content\/uploads\/2016\/09\/Fiestas1-144x144.jpg"},"full":{"file":"Fiestas1.jpg?fit=530%2C350&ssl=1","width":530,"height":350,"mime_type":"image\/jpeg","source_url":"https:\/\/i0.wp.com\/eltrabajo.cl\/portal\/wp-content\/uploads\/2016\/09\/Fiestas1.jpg?fit=530%2C350&ssl=1"}},"image_meta":{"aperture":"0","credit":"","camera":"","caption":"","created_timestamp":"0","copyright":"","focal_length":"0","iso":"0","shutter_speed":"0","title":"","orientation":"0","keywords":[]}},"post":73596,"source_url":"https:\/\/eltrabajo.cl\/portal\/wp-content\/uploads\/2016\/09\/Fiestas1.jpg","_links":{"self":[{"href":"https:\/\/eltrabajo.cl\/portal\/wp-json\/wp\/v2\/media\/73597","targetHints":{"allow":["GET"]}}],"collection":[{"href":"https:\/\/eltrabajo.cl\/portal\/wp-json\/wp\/v2\/media"}],"about":[{"href":"https:\/\/eltrabajo.cl\/portal\/wp-json\/wp\/v2\/types\/attachment"}],"author":[{"embeddable":true,"href":"https:\/\/eltrabajo.cl\/portal\/wp-json\/wp\/v2\/users\/1"}],"replies":[{"embeddable":true,"href":"https:\/\/eltrabajo.cl\/portal\/wp-json\/wp\/v2\/comments?post=73597"}],"wp:attached-to":[{"embeddable":true,"post_type":"post","id":73596,"href":"https:\/\/eltrabajo.cl\/portal\/wp-json\/wp\/v2\/posts\/73596"}],"curies":[{"name":"wp","href":"https:\/\/api.w.org\/{rel}","templated":true}]}}

TODOS EN ALERTA.- Esta semana dio inicio la campaña ‘18 Seguro’, jornadas especiales en las que Carabineros desarrolla metódicamente un trabajo de información, promoción, concientización y prevención de todo tipo de accidentes y abusos durante las fiestas patrias en nuestra comuna.

<p class="attachment"><a href="https://i0.wp.com/eltrabajo.cl/portal/wp-content/uploads/2016/09/Fiestas1.jpg?ssl=1"><img loading="lazy" decoding="async" width="300" height="198" src="https://i0.wp.com/eltrabajo.cl/portal/wp-content/uploads/2016/09/Fiestas1.jpg?fit=300%2C198&amp;ssl=1" class="attachment-medium size-medium" alt="TODOS EN ALERTA.- Esta semana dio inicio la campaña ‘18 Seguro’, jornadas especiales en las que Carabineros desarrolla metódicamente un trabajo de información, promoción, concientización y prevención de todo tipo de accidentes y abusos durante las fiestas patrias en nuestra comuna." srcset="https://i0.wp.com/eltrabajo.cl/portal/wp-content/uploads/2016/09/Fiestas1.jpg?w=530&amp;ssl=1 530w, https://i0.wp.com/eltrabajo.cl/portal/wp-content/uploads/2016/09/Fiestas1.jpg?resize=200%2C132&amp;ssl=1 200w, https://i0.wp.com/eltrabajo.cl/portal/wp-content/uploads/2016/09/Fiestas1.jpg?resize=300%2C198&amp;ssl=1 300w, https://i0.wp.com/eltrabajo.cl/portal/wp-content/uploads/2016/09/Fiestas1.jpg?resize=227%2C150&amp;ssl=1 227w, https://i0.wp.com/eltrabajo.cl/portal/wp-content/uploads/2016/09/Fiestas1.jpg?resize=400%2C264&amp;ssl=1 400w" sizes="auto, (max-width: 300px) 100vw, 300px" /></a></p>
<p>TODOS EN ALERTA.- Esta semana dio inicio la campaña ‘18 Seguro’, jornadas especiales en las que Carabineros desarrolla metódicamente un trabajo de información, promoción, concientización y prevención de todo tipo de accidentes y abusos durante las fiestas patrias en nuestra comuna.</p>

<p>TODOS EN ALERTA.- Esta semana dio inicio la campaña ‘18 Seguro’, jornadas especiales en las que Carabineros desarrolla metódicamente un trabajo de información, promoción, concientización y prevención de todo tipo de accidentes y abusos durante las fiestas patrias en nuestra comuna.</p>
