{"id":73653,"date":"2016-09-09T08:59:20","date_gmt":"2016-09-09T11:59:20","guid":{"rendered":"http:\/\/www.eltrabajo.cl\/portal\/wp-content\/uploads\/2016\/09\/portada-conversatorio-marco-juri.jpg"},"modified":"2016-09-09T09:04:14","modified_gmt":"2016-09-09T12:04:14","slug":"portada-conversatorio-marco-juri","status":"inherit","type":"attachment","link":"https:\/\/eltrabajo.cl\/portal\/conversatorio-periodistico-para-abrir-semana-de-aniversario-escolar\/portada-conversatorio-marco-juri\/","title":{"rendered":"TODOS JUNTOS.- Al t\u00e9rmino de la charla, la fotograf\u00eda grupal con los alumnos que participaron del conversatorio, la Directora Ana Mar\u00eda Donoso y nuestro Director Marco Juri."},"author":1,"featured_media":0,"comment_status":"open","ping_status":"closed","template":"","meta":{"advanced_seo_description":"","jetpack_seo_html_title":"","jetpack_seo_noindex":false},"class_list":["post-73653","attachment","type-attachment","status-inherit","hentry"],"jetpack_sharing_enabled":true,"jetpack_likes_enabled":true,"description":{"rendered":"<p class=\"attachment\"><a href=\"https:\/\/i0.wp.com\/eltrabajo.cl\/portal\/wp-content\/uploads\/2016\/09\/portada-conversatorio-marco-juri.jpg?ssl=1\"><img loading=\"lazy\" decoding=\"async\" width=\"300\" height=\"198\" src=\"https:\/\/i0.wp.com\/eltrabajo.cl\/portal\/wp-content\/uploads\/2016\/09\/portada-conversatorio-marco-juri.jpg?fit=300%2C198&amp;ssl=1\" class=\"attachment-medium size-medium\" alt=\"TODOS JUNTOS.- Al t\u00e9rmino de la charla, la fotograf\u00eda grupal con los alumnos que participaron del conversatorio, la Directora Ana Mar\u00eda Donoso y nuestro Director Marco Juri.\" srcset=\"https:\/\/i0.wp.com\/eltrabajo.cl\/portal\/wp-content\/uploads\/2016\/09\/portada-conversatorio-marco-juri.jpg?w=530&amp;ssl=1 530w, https:\/\/i0.wp.com\/eltrabajo.cl\/portal\/wp-content\/uploads\/2016\/09\/portada-conversatorio-marco-juri.jpg?resize=200%2C132&amp;ssl=1 200w, https:\/\/i0.wp.com\/eltrabajo.cl\/portal\/wp-content\/uploads\/2016\/09\/portada-conversatorio-marco-juri.jpg?resize=300%2C198&amp;ssl=1 300w, https:\/\/i0.wp.com\/eltrabajo.cl\/portal\/wp-content\/uploads\/2016\/09\/portada-conversatorio-marco-juri.jpg?resize=228%2C150&amp;ssl=1 228w, https:\/\/i0.wp.com\/eltrabajo.cl\/portal\/wp-content\/uploads\/2016\/09\/portada-conversatorio-marco-juri.jpg?resize=400%2C263&amp;ssl=1 400w\" sizes=\"auto, (max-width: 300px) 100vw, 300px\" \/><\/a><\/p>\n<p>TODOS JUNTOS.- Al t\u00e9rmino de la charla, la fotograf\u00eda grupal con los alumnos que participaron del conversatorio, la Directora Ana Mar\u00eda Donoso y nuestro Director Marco Juri.<\/p>\n"},"caption":{"rendered":"<p>TODOS JUNTOS.- Al t\u00e9rmino de la charla, la fotograf\u00eda grupal con los alumnos que participaron del conversatorio, la Directora Ana Mar\u00eda Donoso y nuestro Director Marco Juri.<\/p>\n"},"alt_text":"TODOS JUNTOS.- Al t\u00e9rmino de la charla, la fotograf\u00eda grupal con los alumnos que participaron del conversatorio, la Directora Ana Mar\u00eda Donoso y nuestro Director Marco Juri.","media_type":"image","mime_type":"image\/jpeg","media_details":{"width":530,"height":349,"file":"2016\/09\/portada-conversatorio-marco-juri.jpg","sizes":{"thumbnail":{"file":"portada-conversatorio-marco-juri-200x132.jpg","width":200,"height":132,"mime_type":"image\/jpeg","source_url":"https:\/\/i0.wp.com\/eltrabajo.cl\/portal\/wp-content\/uploads\/2016\/09\/portada-conversatorio-marco-juri.jpg?fit=200%2C132&ssl=1"},"medium":{"file":"portada-conversatorio-marco-juri-300x198.jpg","width":300,"height":198,"mime_type":"image\/jpeg","source_url":"https:\/\/i0.wp.com\/eltrabajo.cl\/portal\/wp-content\/uploads\/2016\/09\/portada-conversatorio-marco-juri.jpg?fit=300%2C198&ssl=1"},"post-thumbnail":{"file":"portada-conversatorio-marco-juri-228x150.jpg","width":228,"height":150,"mime_type":"image\/jpeg","source_url":"https:\/\/i0.wp.com\/eltrabajo.cl\/portal\/wp-content\/uploads\/2016\/09\/portada-conversatorio-marco-juri.jpg?fit=228%2C150&ssl=1"},"single-post-thumbnail":{"file":"portada-conversatorio-marco-juri-400x263.jpg","width":400,"height":263,"mime_type":"image\/jpeg","source_url":"https:\/\/eltrabajo.cl\/portal\/wp-content\/uploads\/2016\/09\/portada-conversatorio-marco-juri-400x263.jpg"},"wptouch-new-thumbnail":{"file":"portada-conversatorio-marco-juri-144x144.jpg","width":144,"height":144,"mime_type":"image\/jpeg","source_url":"https:\/\/eltrabajo.cl\/portal\/wp-content\/uploads\/2016\/09\/portada-conversatorio-marco-juri-144x144.jpg"},"full":{"file":"portada-conversatorio-marco-juri.jpg?fit=530%2C349&ssl=1","width":530,"height":349,"mime_type":"image\/jpeg","source_url":"https:\/\/i0.wp.com\/eltrabajo.cl\/portal\/wp-content\/uploads\/2016\/09\/portada-conversatorio-marco-juri.jpg?fit=530%2C349&ssl=1"}},"image_meta":{"aperture":"0","credit":"","camera":"","caption":"","created_timestamp":"0","copyright":"","focal_length":"0","iso":"0","shutter_speed":"0","title":"","orientation":"0","keywords":[]}},"post":73650,"source_url":"https:\/\/eltrabajo.cl\/portal\/wp-content\/uploads\/2016\/09\/portada-conversatorio-marco-juri.jpg","_links":{"self":[{"href":"https:\/\/eltrabajo.cl\/portal\/wp-json\/wp\/v2\/media\/73653","targetHints":{"allow":["GET"]}}],"collection":[{"href":"https:\/\/eltrabajo.cl\/portal\/wp-json\/wp\/v2\/media"}],"about":[{"href":"https:\/\/eltrabajo.cl\/portal\/wp-json\/wp\/v2\/types\/attachment"}],"author":[{"embeddable":true,"href":"https:\/\/eltrabajo.cl\/portal\/wp-json\/wp\/v2\/users\/1"}],"replies":[{"embeddable":true,"href":"https:\/\/eltrabajo.cl\/portal\/wp-json\/wp\/v2\/comments?post=73653"}],"wp:attached-to":[{"embeddable":true,"post_type":"post","id":73650,"href":"https:\/\/eltrabajo.cl\/portal\/wp-json\/wp\/v2\/posts\/73650"}],"curies":[{"name":"wp","href":"https:\/\/api.w.org\/{rel}","templated":true}]}}

TODOS JUNTOS.- Al término de la charla, la fotografía grupal con los alumnos que participaron del conversatorio, la Directora Ana María Donoso y nuestro Director Marco Juri.

<p class="attachment"><a href="https://i0.wp.com/eltrabajo.cl/portal/wp-content/uploads/2016/09/portada-conversatorio-marco-juri.jpg?ssl=1"><img loading="lazy" decoding="async" width="300" height="198" src="https://i0.wp.com/eltrabajo.cl/portal/wp-content/uploads/2016/09/portada-conversatorio-marco-juri.jpg?fit=300%2C198&amp;ssl=1" class="attachment-medium size-medium" alt="TODOS JUNTOS.- Al término de la charla, la fotografía grupal con los alumnos que participaron del conversatorio, la Directora Ana María Donoso y nuestro Director Marco Juri." srcset="https://i0.wp.com/eltrabajo.cl/portal/wp-content/uploads/2016/09/portada-conversatorio-marco-juri.jpg?w=530&amp;ssl=1 530w, https://i0.wp.com/eltrabajo.cl/portal/wp-content/uploads/2016/09/portada-conversatorio-marco-juri.jpg?resize=200%2C132&amp;ssl=1 200w, https://i0.wp.com/eltrabajo.cl/portal/wp-content/uploads/2016/09/portada-conversatorio-marco-juri.jpg?resize=300%2C198&amp;ssl=1 300w, https://i0.wp.com/eltrabajo.cl/portal/wp-content/uploads/2016/09/portada-conversatorio-marco-juri.jpg?resize=228%2C150&amp;ssl=1 228w, https://i0.wp.com/eltrabajo.cl/portal/wp-content/uploads/2016/09/portada-conversatorio-marco-juri.jpg?resize=400%2C263&amp;ssl=1 400w" sizes="auto, (max-width: 300px) 100vw, 300px" /></a></p>
<p>TODOS JUNTOS.- Al término de la charla, la fotografía grupal con los alumnos que participaron del conversatorio, la Directora Ana María Donoso y nuestro Director Marco Juri.</p>

<p>TODOS JUNTOS.- Al término de la charla, la fotografía grupal con los alumnos que participaron del conversatorio, la Directora Ana María Donoso y nuestro Director Marco Juri.</p>
