{"id":73675,"date":"2016-09-12T09:04:14","date_gmt":"2016-09-12T12:04:14","guid":{"rendered":"http:\/\/www.eltrabajo.cl\/portal\/wp-content\/uploads\/2016\/09\/fotofinal.jpg"},"modified":"2016-09-12T09:04:36","modified_gmt":"2016-09-12T12:04:36","slug":"fotofinal","status":"inherit","type":"attachment","link":"https:\/\/eltrabajo.cl\/portal\/exitosa-charla-sobre-la-ley-emilia-se-realizo-en-la-universidad-de-aconcagua\/fotofinal\/","title":{"rendered":"La actividad reuni\u00f3 a m\u00e1s de cien personas en la casa de estudios y cont\u00f3 con la asistencia del padre de Emilia, Benjam\u00edn Silva y de destacados panelistas, que protagonizaron un interesante debate respecto a los alcances, proyecciones y mejoras que deben existir en el cuerpo legal."},"author":1,"featured_media":0,"comment_status":"open","ping_status":"closed","template":"","meta":{"advanced_seo_description":"","jetpack_seo_html_title":"","jetpack_seo_noindex":false},"class_list":["post-73675","attachment","type-attachment","status-inherit","hentry"],"jetpack_sharing_enabled":true,"jetpack_likes_enabled":true,"description":{"rendered":"<p class=\"attachment\"><a href=\"https:\/\/i0.wp.com\/eltrabajo.cl\/portal\/wp-content\/uploads\/2016\/09\/fotofinal.jpg?ssl=1\"><img loading=\"lazy\" decoding=\"async\" width=\"300\" height=\"198\" src=\"https:\/\/i0.wp.com\/eltrabajo.cl\/portal\/wp-content\/uploads\/2016\/09\/fotofinal.jpg?fit=300%2C198&amp;ssl=1\" class=\"attachment-medium size-medium\" alt=\"La actividad reuni\u00f3 a m\u00e1s de cien personas en la casa de estudios y cont\u00f3 con la asistencia del padre de Emilia, Benjam\u00edn Silva y de destacados panelistas, que protagonizaron un interesante debate respecto a los alcances, proyecciones y mejoras que deben existir en el cuerpo legal.\" srcset=\"https:\/\/i0.wp.com\/eltrabajo.cl\/portal\/wp-content\/uploads\/2016\/09\/fotofinal.jpg?w=530&amp;ssl=1 530w, https:\/\/i0.wp.com\/eltrabajo.cl\/portal\/wp-content\/uploads\/2016\/09\/fotofinal.jpg?resize=200%2C132&amp;ssl=1 200w, https:\/\/i0.wp.com\/eltrabajo.cl\/portal\/wp-content\/uploads\/2016\/09\/fotofinal.jpg?resize=300%2C198&amp;ssl=1 300w, https:\/\/i0.wp.com\/eltrabajo.cl\/portal\/wp-content\/uploads\/2016\/09\/fotofinal.jpg?resize=227%2C150&amp;ssl=1 227w, https:\/\/i0.wp.com\/eltrabajo.cl\/portal\/wp-content\/uploads\/2016\/09\/fotofinal.jpg?resize=400%2C264&amp;ssl=1 400w\" sizes=\"auto, (max-width: 300px) 100vw, 300px\" \/><\/a><\/p>\n<p>La actividad reuni\u00f3 a m\u00e1s de cien personas en la casa de estudios y cont\u00f3 con la asistencia del padre de Emilia, Benjam\u00edn Silva y de destacados panelistas, que protagonizaron un interesante debate respecto a los alcances, proyecciones y mejoras que deben existir en el cuerpo legal.<\/p>\n"},"caption":{"rendered":"<p>La actividad reuni\u00f3 a m\u00e1s de cien personas en la casa de estudios y cont\u00f3 con la asistencia del padre de Emilia, Benjam\u00edn Silva y de destacados panelistas, que protagonizaron un interesante debate respecto a los alcances, proyecciones y mejoras que deben existir en el cuerpo legal.<\/p>\n"},"alt_text":"La actividad reuni\u00f3 a m\u00e1s de cien personas en la casa de estudios y cont\u00f3 con la asistencia del padre de Emilia, Benjam\u00edn Silva y de destacados panelistas, que protagonizaron un interesante debate respecto a los alcances, proyecciones y mejoras que deben existir en el cuerpo legal.","media_type":"image","mime_type":"image\/jpeg","media_details":{"width":530,"height":350,"file":"2016\/09\/fotofinal.jpg","sizes":{"thumbnail":{"file":"fotofinal-200x132.jpg","width":200,"height":132,"mime_type":"image\/jpeg","source_url":"https:\/\/i0.wp.com\/eltrabajo.cl\/portal\/wp-content\/uploads\/2016\/09\/fotofinal.jpg?fit=200%2C132&ssl=1"},"medium":{"file":"fotofinal-300x198.jpg","width":300,"height":198,"mime_type":"image\/jpeg","source_url":"https:\/\/i0.wp.com\/eltrabajo.cl\/portal\/wp-content\/uploads\/2016\/09\/fotofinal.jpg?fit=300%2C198&ssl=1"},"post-thumbnail":{"file":"fotofinal-227x150.jpg","width":227,"height":150,"mime_type":"image\/jpeg","source_url":"https:\/\/i0.wp.com\/eltrabajo.cl\/portal\/wp-content\/uploads\/2016\/09\/fotofinal.jpg?fit=227%2C150&ssl=1"},"single-post-thumbnail":{"file":"fotofinal-400x264.jpg","width":400,"height":264,"mime_type":"image\/jpeg","source_url":"https:\/\/eltrabajo.cl\/portal\/wp-content\/uploads\/2016\/09\/fotofinal-400x264.jpg"},"wptouch-new-thumbnail":{"file":"fotofinal-144x144.jpg","width":144,"height":144,"mime_type":"image\/jpeg","source_url":"https:\/\/eltrabajo.cl\/portal\/wp-content\/uploads\/2016\/09\/fotofinal-144x144.jpg"},"full":{"file":"fotofinal.jpg?fit=530%2C350&ssl=1","width":530,"height":350,"mime_type":"image\/jpeg","source_url":"https:\/\/i0.wp.com\/eltrabajo.cl\/portal\/wp-content\/uploads\/2016\/09\/fotofinal.jpg?fit=530%2C350&ssl=1"}},"image_meta":{"aperture":"0","credit":"","camera":"","caption":"","created_timestamp":"0","copyright":"","focal_length":"0","iso":"0","shutter_speed":"0","title":"","orientation":"0","keywords":[]}},"post":73674,"source_url":"https:\/\/eltrabajo.cl\/portal\/wp-content\/uploads\/2016\/09\/fotofinal.jpg","_links":{"self":[{"href":"https:\/\/eltrabajo.cl\/portal\/wp-json\/wp\/v2\/media\/73675","targetHints":{"allow":["GET"]}}],"collection":[{"href":"https:\/\/eltrabajo.cl\/portal\/wp-json\/wp\/v2\/media"}],"about":[{"href":"https:\/\/eltrabajo.cl\/portal\/wp-json\/wp\/v2\/types\/attachment"}],"author":[{"embeddable":true,"href":"https:\/\/eltrabajo.cl\/portal\/wp-json\/wp\/v2\/users\/1"}],"replies":[{"embeddable":true,"href":"https:\/\/eltrabajo.cl\/portal\/wp-json\/wp\/v2\/comments?post=73675"}],"wp:attached-to":[{"embeddable":true,"post_type":"post","id":73674,"href":"https:\/\/eltrabajo.cl\/portal\/wp-json\/wp\/v2\/posts\/73674"}],"curies":[{"name":"wp","href":"https:\/\/api.w.org\/{rel}","templated":true}]}}

La actividad reunió a más de cien personas en la casa de estudios y contó con la asistencia del padre de Emilia, Benjamín Silva y de destacados panelistas, que protagonizaron un interesante debate respecto a los alcances, proyecciones y mejoras que deben existir en el cuerpo legal.

<p class="attachment"><a href="https://i0.wp.com/eltrabajo.cl/portal/wp-content/uploads/2016/09/fotofinal.jpg?ssl=1"><img loading="lazy" decoding="async" width="300" height="198" src="https://i0.wp.com/eltrabajo.cl/portal/wp-content/uploads/2016/09/fotofinal.jpg?fit=300%2C198&amp;ssl=1" class="attachment-medium size-medium" alt="La actividad reunió a más de cien personas en la casa de estudios y contó con la asistencia del padre de Emilia, Benjamín Silva y de destacados panelistas, que protagonizaron un interesante debate respecto a los alcances, proyecciones y mejoras que deben existir en el cuerpo legal." srcset="https://i0.wp.com/eltrabajo.cl/portal/wp-content/uploads/2016/09/fotofinal.jpg?w=530&amp;ssl=1 530w, https://i0.wp.com/eltrabajo.cl/portal/wp-content/uploads/2016/09/fotofinal.jpg?resize=200%2C132&amp;ssl=1 200w, https://i0.wp.com/eltrabajo.cl/portal/wp-content/uploads/2016/09/fotofinal.jpg?resize=300%2C198&amp;ssl=1 300w, https://i0.wp.com/eltrabajo.cl/portal/wp-content/uploads/2016/09/fotofinal.jpg?resize=227%2C150&amp;ssl=1 227w, https://i0.wp.com/eltrabajo.cl/portal/wp-content/uploads/2016/09/fotofinal.jpg?resize=400%2C264&amp;ssl=1 400w" sizes="auto, (max-width: 300px) 100vw, 300px" /></a></p>
<p>La actividad reunió a más de cien personas en la casa de estudios y contó con la asistencia del padre de Emilia, Benjamín Silva y de destacados panelistas, que protagonizaron un interesante debate respecto a los alcances, proyecciones y mejoras que deben existir en el cuerpo legal.</p>

<p>La actividad reunió a más de cien personas en la casa de estudios y contó con la asistencia del padre de Emilia, Benjamín Silva y de destacados panelistas, que protagonizaron un interesante debate respecto a los alcances, proyecciones y mejoras que deben existir en el cuerpo legal.</p>
