{"id":73728,"date":"2016-09-13T09:32:23","date_gmt":"2016-09-13T12:32:23","guid":{"rendered":"http:\/\/www.eltrabajo.cl\/portal\/wp-content\/uploads\/2016\/09\/MEMORIAL.jpg"},"modified":"2016-09-13T09:33:05","modified_gmt":"2016-09-13T12:33:05","slug":"memorial","status":"inherit","type":"attachment","link":"https:\/\/eltrabajo.cl\/portal\/con-velaton-en-la-terraza-la-izquierda-conmemoro-el-golpe-de-estado\/memorial\/","title":{"rendered":"En la actividad, los asistentes realizaron una velat\u00f3n en se\u00f1al de duelo por todos los ca\u00eddos en manos de los aparatos represivos, donde iniciado el acto, se dio lista de los nombres de todas las v\u00edctimas de la provincia de San Felipe y Petorca, asesinados por efectivos del Regimiento Yungay."},"author":1,"featured_media":0,"comment_status":"open","ping_status":"closed","template":"","meta":{"advanced_seo_description":"","jetpack_seo_html_title":"","jetpack_seo_noindex":false},"class_list":["post-73728","attachment","type-attachment","status-inherit","hentry"],"jetpack_sharing_enabled":true,"jetpack_likes_enabled":true,"description":{"rendered":"<p class=\"attachment\"><a href=\"https:\/\/i0.wp.com\/eltrabajo.cl\/portal\/wp-content\/uploads\/2016\/09\/MEMORIAL.jpg?ssl=1\"><img loading=\"lazy\" decoding=\"async\" width=\"300\" height=\"198\" src=\"https:\/\/i0.wp.com\/eltrabajo.cl\/portal\/wp-content\/uploads\/2016\/09\/MEMORIAL.jpg?fit=300%2C198&amp;ssl=1\" class=\"attachment-medium size-medium\" alt=\"En la actividad, los asistentes realizaron una velat\u00f3n en se\u00f1al de duelo por todos los ca\u00eddos en manos de los aparatos represivos, donde iniciado el acto, se dio lista de los nombres de todas las v\u00edctimas de la provincia de San Felipe y Petorca, asesinados por efectivos del Regimiento Yungay.\" srcset=\"https:\/\/i0.wp.com\/eltrabajo.cl\/portal\/wp-content\/uploads\/2016\/09\/MEMORIAL.jpg?w=530&amp;ssl=1 530w, https:\/\/i0.wp.com\/eltrabajo.cl\/portal\/wp-content\/uploads\/2016\/09\/MEMORIAL.jpg?resize=200%2C132&amp;ssl=1 200w, https:\/\/i0.wp.com\/eltrabajo.cl\/portal\/wp-content\/uploads\/2016\/09\/MEMORIAL.jpg?resize=300%2C198&amp;ssl=1 300w, https:\/\/i0.wp.com\/eltrabajo.cl\/portal\/wp-content\/uploads\/2016\/09\/MEMORIAL.jpg?resize=227%2C150&amp;ssl=1 227w, https:\/\/i0.wp.com\/eltrabajo.cl\/portal\/wp-content\/uploads\/2016\/09\/MEMORIAL.jpg?resize=400%2C264&amp;ssl=1 400w\" sizes=\"auto, (max-width: 300px) 100vw, 300px\" \/><\/a><\/p>\n<p>En la actividad, los asistentes realizaron una velat\u00f3n en se\u00f1al de duelo por todos los ca\u00eddos en manos de los aparatos represivos, donde iniciado el acto, se dio lista de los nombres de todas las v\u00edctimas de la provincia de San Felipe y Petorca, asesinados por efectivos del Regimiento Yungay.<\/p>\n"},"caption":{"rendered":"<p>En la actividad, los asistentes realizaron una velat\u00f3n en se\u00f1al de duelo por todos los ca\u00eddos en manos de los aparatos represivos, donde iniciado el acto, se dio lista de los nombres de todas las v\u00edctimas de la provincia de San Felipe y Petorca, asesinados por efectivos del Regimiento Yungay.<\/p>\n"},"alt_text":"En la actividad, los asistentes realizaron una velat\u00f3n en se\u00f1al de duelo por todos los ca\u00eddos en manos de los aparatos represivos, donde iniciado el acto, se dio lista de los nombres de todas las v\u00edctimas de la provincia de San Felipe y Petorca, asesinados por efectivos del Regimiento Yungay.","media_type":"image","mime_type":"image\/jpeg","media_details":{"width":530,"height":350,"file":"2016\/09\/MEMORIAL.jpg","sizes":{"thumbnail":{"file":"MEMORIAL-200x132.jpg","width":200,"height":132,"mime_type":"image\/jpeg","source_url":"https:\/\/i0.wp.com\/eltrabajo.cl\/portal\/wp-content\/uploads\/2016\/09\/MEMORIAL.jpg?fit=200%2C132&ssl=1"},"medium":{"file":"MEMORIAL-300x198.jpg","width":300,"height":198,"mime_type":"image\/jpeg","source_url":"https:\/\/i0.wp.com\/eltrabajo.cl\/portal\/wp-content\/uploads\/2016\/09\/MEMORIAL.jpg?fit=300%2C198&ssl=1"},"post-thumbnail":{"file":"MEMORIAL-227x150.jpg","width":227,"height":150,"mime_type":"image\/jpeg","source_url":"https:\/\/i0.wp.com\/eltrabajo.cl\/portal\/wp-content\/uploads\/2016\/09\/MEMORIAL.jpg?fit=227%2C150&ssl=1"},"single-post-thumbnail":{"file":"MEMORIAL-400x264.jpg","width":400,"height":264,"mime_type":"image\/jpeg","source_url":"https:\/\/eltrabajo.cl\/portal\/wp-content\/uploads\/2016\/09\/MEMORIAL-400x264.jpg"},"wptouch-new-thumbnail":{"file":"MEMORIAL-144x144.jpg","width":144,"height":144,"mime_type":"image\/jpeg","source_url":"https:\/\/eltrabajo.cl\/portal\/wp-content\/uploads\/2016\/09\/MEMORIAL-144x144.jpg"},"full":{"file":"MEMORIAL.jpg?fit=530%2C350&ssl=1","width":530,"height":350,"mime_type":"image\/jpeg","source_url":"https:\/\/i0.wp.com\/eltrabajo.cl\/portal\/wp-content\/uploads\/2016\/09\/MEMORIAL.jpg?fit=530%2C350&ssl=1"}},"image_meta":{"aperture":"0","credit":"","camera":"","caption":"","created_timestamp":"0","copyright":"","focal_length":"0","iso":"0","shutter_speed":"0","title":"","orientation":"0","keywords":[]}},"post":73727,"source_url":"https:\/\/eltrabajo.cl\/portal\/wp-content\/uploads\/2016\/09\/MEMORIAL.jpg","_links":{"self":[{"href":"https:\/\/eltrabajo.cl\/portal\/wp-json\/wp\/v2\/media\/73728","targetHints":{"allow":["GET"]}}],"collection":[{"href":"https:\/\/eltrabajo.cl\/portal\/wp-json\/wp\/v2\/media"}],"about":[{"href":"https:\/\/eltrabajo.cl\/portal\/wp-json\/wp\/v2\/types\/attachment"}],"author":[{"embeddable":true,"href":"https:\/\/eltrabajo.cl\/portal\/wp-json\/wp\/v2\/users\/1"}],"replies":[{"embeddable":true,"href":"https:\/\/eltrabajo.cl\/portal\/wp-json\/wp\/v2\/comments?post=73728"}],"wp:attached-to":[{"embeddable":true,"post_type":"post","id":73727,"href":"https:\/\/eltrabajo.cl\/portal\/wp-json\/wp\/v2\/posts\/73727"}],"curies":[{"name":"wp","href":"https:\/\/api.w.org\/{rel}","templated":true}]}}

En la actividad, los asistentes realizaron una velatón en señal de duelo por todos los caídos en manos de los aparatos represivos, donde iniciado el acto, se dio lista de los nombres de todas las víctimas de la provincia de San Felipe y Petorca, asesinados por efectivos del Regimiento Yungay.

<p class="attachment"><a href="https://i0.wp.com/eltrabajo.cl/portal/wp-content/uploads/2016/09/MEMORIAL.jpg?ssl=1"><img loading="lazy" decoding="async" width="300" height="198" src="https://i0.wp.com/eltrabajo.cl/portal/wp-content/uploads/2016/09/MEMORIAL.jpg?fit=300%2C198&amp;ssl=1" class="attachment-medium size-medium" alt="En la actividad, los asistentes realizaron una velatón en señal de duelo por todos los caídos en manos de los aparatos represivos, donde iniciado el acto, se dio lista de los nombres de todas las víctimas de la provincia de San Felipe y Petorca, asesinados por efectivos del Regimiento Yungay." srcset="https://i0.wp.com/eltrabajo.cl/portal/wp-content/uploads/2016/09/MEMORIAL.jpg?w=530&amp;ssl=1 530w, https://i0.wp.com/eltrabajo.cl/portal/wp-content/uploads/2016/09/MEMORIAL.jpg?resize=200%2C132&amp;ssl=1 200w, https://i0.wp.com/eltrabajo.cl/portal/wp-content/uploads/2016/09/MEMORIAL.jpg?resize=300%2C198&amp;ssl=1 300w, https://i0.wp.com/eltrabajo.cl/portal/wp-content/uploads/2016/09/MEMORIAL.jpg?resize=227%2C150&amp;ssl=1 227w, https://i0.wp.com/eltrabajo.cl/portal/wp-content/uploads/2016/09/MEMORIAL.jpg?resize=400%2C264&amp;ssl=1 400w" sizes="auto, (max-width: 300px) 100vw, 300px" /></a></p>
<p>En la actividad, los asistentes realizaron una velatón en señal de duelo por todos los caídos en manos de los aparatos represivos, donde iniciado el acto, se dio lista de los nombres de todas las víctimas de la provincia de San Felipe y Petorca, asesinados por efectivos del Regimiento Yungay.</p>

<p>En la actividad, los asistentes realizaron una velatón en señal de duelo por todos los caídos en manos de los aparatos represivos, donde iniciado el acto, se dio lista de los nombres de todas las víctimas de la provincia de San Felipe y Petorca, asesinados por efectivos del Regimiento Yungay.</p>
