{"id":73737,"date":"2016-09-13T09:36:55","date_gmt":"2016-09-13T12:36:55","guid":{"rendered":"http:\/\/www.eltrabajo.cl\/portal\/wp-content\/uploads\/2016\/09\/reunion-tecnica-ciclovias.jpg"},"modified":"2016-09-13T09:37:05","modified_gmt":"2016-09-13T12:37:05","slug":"reunion-tecnica-ciclovias","status":"inherit","type":"attachment","link":"https:\/\/eltrabajo.cl\/portal\/llaman-a-licitacion-construccion-ciclovias-en-ohiggins-yungay-y-chacabuco\/reunion-tecnica-ciclovias\/","title":{"rendered":"En reuni\u00f3n enmarcada en mesa de trabajo con el alcalde Freire, director regional Carlos Contador destac\u00f3 adem\u00e1s que proyecto Circunvalaci\u00f3n de San Felipe se encuentre en su \u00faltima fase."},"author":1,"featured_media":0,"comment_status":"open","ping_status":"closed","template":"","meta":{"advanced_seo_description":"","jetpack_seo_html_title":"","jetpack_seo_noindex":false},"class_list":["post-73737","attachment","type-attachment","status-inherit","hentry"],"jetpack_sharing_enabled":true,"jetpack_likes_enabled":true,"description":{"rendered":"<p class=\"attachment\"><a href=\"https:\/\/i0.wp.com\/eltrabajo.cl\/portal\/wp-content\/uploads\/2016\/09\/reunion-tecnica-ciclovias.jpg?ssl=1\"><img loading=\"lazy\" decoding=\"async\" width=\"300\" height=\"197\" src=\"https:\/\/i0.wp.com\/eltrabajo.cl\/portal\/wp-content\/uploads\/2016\/09\/reunion-tecnica-ciclovias.jpg?fit=300%2C197&amp;ssl=1\" class=\"attachment-medium size-medium\" alt=\"En reuni\u00f3n enmarcada en mesa de trabajo con el alcalde Freire, director regional Carlos Contador destac\u00f3 adem\u00e1s que proyecto Circunvalaci\u00f3n de San Felipe se encuentre en su \u00faltima fase.\" srcset=\"https:\/\/i0.wp.com\/eltrabajo.cl\/portal\/wp-content\/uploads\/2016\/09\/reunion-tecnica-ciclovias.jpg?w=530&amp;ssl=1 530w, https:\/\/i0.wp.com\/eltrabajo.cl\/portal\/wp-content\/uploads\/2016\/09\/reunion-tecnica-ciclovias.jpg?resize=200%2C131&amp;ssl=1 200w, https:\/\/i0.wp.com\/eltrabajo.cl\/portal\/wp-content\/uploads\/2016\/09\/reunion-tecnica-ciclovias.jpg?resize=300%2C197&amp;ssl=1 300w, https:\/\/i0.wp.com\/eltrabajo.cl\/portal\/wp-content\/uploads\/2016\/09\/reunion-tecnica-ciclovias.jpg?resize=228%2C150&amp;ssl=1 228w, https:\/\/i0.wp.com\/eltrabajo.cl\/portal\/wp-content\/uploads\/2016\/09\/reunion-tecnica-ciclovias.jpg?resize=400%2C263&amp;ssl=1 400w\" sizes=\"auto, (max-width: 300px) 100vw, 300px\" \/><\/a><\/p>\n<p>En reuni\u00f3n enmarcada en mesa de trabajo con el alcalde Freire, director regional Carlos Contador destac\u00f3 adem\u00e1s que proyecto Circunvalaci\u00f3n de San Felipe se encuentre en su \u00faltima fase.<\/p>\n"},"caption":{"rendered":"<p>En reuni\u00f3n enmarcada en mesa de trabajo con el alcalde Freire, director regional Carlos Contador destac\u00f3 adem\u00e1s que proyecto Circunvalaci\u00f3n de San Felipe se encuentre en su \u00faltima fase.<\/p>\n"},"alt_text":"En reuni\u00f3n enmarcada en mesa de trabajo con el alcalde Freire, director regional Carlos Contador destac\u00f3 adem\u00e1s que proyecto Circunvalaci\u00f3n de San Felipe se encuentre en su \u00faltima fase.","media_type":"image","mime_type":"image\/jpeg","media_details":{"width":530,"height":348,"file":"2016\/09\/reunion-tecnica-ciclovias.jpg","sizes":{"thumbnail":{"file":"reunion-tecnica-ciclovias-200x131.jpg","width":200,"height":131,"mime_type":"image\/jpeg","source_url":"https:\/\/i0.wp.com\/eltrabajo.cl\/portal\/wp-content\/uploads\/2016\/09\/reunion-tecnica-ciclovias.jpg?fit=200%2C131&ssl=1"},"medium":{"file":"reunion-tecnica-ciclovias-300x197.jpg","width":300,"height":197,"mime_type":"image\/jpeg","source_url":"https:\/\/i0.wp.com\/eltrabajo.cl\/portal\/wp-content\/uploads\/2016\/09\/reunion-tecnica-ciclovias.jpg?fit=300%2C197&ssl=1"},"post-thumbnail":{"file":"reunion-tecnica-ciclovias-228x150.jpg","width":228,"height":150,"mime_type":"image\/jpeg","source_url":"https:\/\/i0.wp.com\/eltrabajo.cl\/portal\/wp-content\/uploads\/2016\/09\/reunion-tecnica-ciclovias.jpg?fit=228%2C150&ssl=1"},"single-post-thumbnail":{"file":"reunion-tecnica-ciclovias-400x263.jpg","width":400,"height":263,"mime_type":"image\/jpeg","source_url":"https:\/\/eltrabajo.cl\/portal\/wp-content\/uploads\/2016\/09\/reunion-tecnica-ciclovias-400x263.jpg"},"wptouch-new-thumbnail":{"file":"reunion-tecnica-ciclovias-144x144.jpg","width":144,"height":144,"mime_type":"image\/jpeg","source_url":"https:\/\/eltrabajo.cl\/portal\/wp-content\/uploads\/2016\/09\/reunion-tecnica-ciclovias-144x144.jpg"},"full":{"file":"reunion-tecnica-ciclovias.jpg?fit=530%2C348&ssl=1","width":530,"height":348,"mime_type":"image\/jpeg","source_url":"https:\/\/i0.wp.com\/eltrabajo.cl\/portal\/wp-content\/uploads\/2016\/09\/reunion-tecnica-ciclovias.jpg?fit=530%2C348&ssl=1"}},"image_meta":{"aperture":"0","credit":"","camera":"","caption":"","created_timestamp":"0","copyright":"","focal_length":"0","iso":"0","shutter_speed":"0","title":"","orientation":"0","keywords":[]}},"post":73736,"source_url":"https:\/\/eltrabajo.cl\/portal\/wp-content\/uploads\/2016\/09\/reunion-tecnica-ciclovias.jpg","_links":{"self":[{"href":"https:\/\/eltrabajo.cl\/portal\/wp-json\/wp\/v2\/media\/73737","targetHints":{"allow":["GET"]}}],"collection":[{"href":"https:\/\/eltrabajo.cl\/portal\/wp-json\/wp\/v2\/media"}],"about":[{"href":"https:\/\/eltrabajo.cl\/portal\/wp-json\/wp\/v2\/types\/attachment"}],"author":[{"embeddable":true,"href":"https:\/\/eltrabajo.cl\/portal\/wp-json\/wp\/v2\/users\/1"}],"replies":[{"embeddable":true,"href":"https:\/\/eltrabajo.cl\/portal\/wp-json\/wp\/v2\/comments?post=73737"}],"wp:attached-to":[{"embeddable":true,"post_type":"post","id":73736,"href":"https:\/\/eltrabajo.cl\/portal\/wp-json\/wp\/v2\/posts\/73736"}],"curies":[{"name":"wp","href":"https:\/\/api.w.org\/{rel}","templated":true}]}}

En reunión enmarcada en mesa de trabajo con el alcalde Freire, director regional Carlos Contador destacó además que proyecto Circunvalación de San Felipe se encuentre en su última fase.

<p class="attachment"><a href="https://i0.wp.com/eltrabajo.cl/portal/wp-content/uploads/2016/09/reunion-tecnica-ciclovias.jpg?ssl=1"><img loading="lazy" decoding="async" width="300" height="197" src="https://i0.wp.com/eltrabajo.cl/portal/wp-content/uploads/2016/09/reunion-tecnica-ciclovias.jpg?fit=300%2C197&amp;ssl=1" class="attachment-medium size-medium" alt="En reunión enmarcada en mesa de trabajo con el alcalde Freire, director regional Carlos Contador destacó además que proyecto Circunvalación de San Felipe se encuentre en su última fase." srcset="https://i0.wp.com/eltrabajo.cl/portal/wp-content/uploads/2016/09/reunion-tecnica-ciclovias.jpg?w=530&amp;ssl=1 530w, https://i0.wp.com/eltrabajo.cl/portal/wp-content/uploads/2016/09/reunion-tecnica-ciclovias.jpg?resize=200%2C131&amp;ssl=1 200w, https://i0.wp.com/eltrabajo.cl/portal/wp-content/uploads/2016/09/reunion-tecnica-ciclovias.jpg?resize=300%2C197&amp;ssl=1 300w, https://i0.wp.com/eltrabajo.cl/portal/wp-content/uploads/2016/09/reunion-tecnica-ciclovias.jpg?resize=228%2C150&amp;ssl=1 228w, https://i0.wp.com/eltrabajo.cl/portal/wp-content/uploads/2016/09/reunion-tecnica-ciclovias.jpg?resize=400%2C263&amp;ssl=1 400w" sizes="auto, (max-width: 300px) 100vw, 300px" /></a></p>
<p>En reunión enmarcada en mesa de trabajo con el alcalde Freire, director regional Carlos Contador destacó además que proyecto Circunvalación de San Felipe se encuentre en su última fase.</p>

<p>En reunión enmarcada en mesa de trabajo con el alcalde Freire, director regional Carlos Contador destacó además que proyecto Circunvalación de San Felipe se encuentre en su última fase.</p>
