{"id":73822,"date":"2016-09-15T09:31:41","date_gmt":"2016-09-15T12:31:41","guid":{"rendered":"http:\/\/www.eltrabajo.cl\/portal\/wp-content\/uploads\/2016\/09\/Sonia-Pino.jpg"},"modified":"2016-09-15T09:32:10","modified_gmt":"2016-09-15T12:32:10","slug":"sonia-pino","status":"inherit","type":"attachment","link":"https:\/\/eltrabajo.cl\/portal\/con-enganos-robo-la-pension-y-joyas-a-una-abuelita-de-93-anos\/sonia-pino\/","title":{"rendered":"SU PEQUE\u00d1O TESORO.- Do\u00f1a Sonia Pino muestra a Diario El Trabajo su peque\u00f1o joyero vac\u00edo, en donde ten\u00eda unas cadenas y anillos de oro."},"author":1,"featured_media":0,"comment_status":"open","ping_status":"closed","template":"","meta":{"advanced_seo_description":"","jetpack_seo_html_title":"","jetpack_seo_noindex":false},"class_list":["post-73822","attachment","type-attachment","status-inherit","hentry"],"jetpack_sharing_enabled":true,"jetpack_likes_enabled":true,"description":{"rendered":"<p class=\"attachment\"><a href=\"https:\/\/i0.wp.com\/eltrabajo.cl\/portal\/wp-content\/uploads\/2016\/09\/Sonia-Pino.jpg?ssl=1\"><img loading=\"lazy\" decoding=\"async\" width=\"300\" height=\"198\" src=\"https:\/\/i0.wp.com\/eltrabajo.cl\/portal\/wp-content\/uploads\/2016\/09\/Sonia-Pino.jpg?fit=300%2C198&amp;ssl=1\" class=\"attachment-medium size-medium\" alt=\"SU PEQUE\u00d1O TESORO.- Do\u00f1a Sonia Pino muestra a Diario El Trabajo su peque\u00f1o joyero vac\u00edo, en donde ten\u00eda unas cadenas y anillos de oro.\" srcset=\"https:\/\/i0.wp.com\/eltrabajo.cl\/portal\/wp-content\/uploads\/2016\/09\/Sonia-Pino.jpg?w=530&amp;ssl=1 530w, https:\/\/i0.wp.com\/eltrabajo.cl\/portal\/wp-content\/uploads\/2016\/09\/Sonia-Pino.jpg?resize=200%2C132&amp;ssl=1 200w, https:\/\/i0.wp.com\/eltrabajo.cl\/portal\/wp-content\/uploads\/2016\/09\/Sonia-Pino.jpg?resize=300%2C198&amp;ssl=1 300w, https:\/\/i0.wp.com\/eltrabajo.cl\/portal\/wp-content\/uploads\/2016\/09\/Sonia-Pino.jpg?resize=228%2C150&amp;ssl=1 228w, https:\/\/i0.wp.com\/eltrabajo.cl\/portal\/wp-content\/uploads\/2016\/09\/Sonia-Pino.jpg?resize=400%2C263&amp;ssl=1 400w\" sizes=\"auto, (max-width: 300px) 100vw, 300px\" \/><\/a><\/p>\n<p>SU PEQUE\u00d1O TESORO.- Do\u00f1a Sonia Pino muestra a Diario El Trabajo su peque\u00f1o joyero vac\u00edo, en donde ten\u00eda unas cadenas y anillos de oro.<\/p>\n"},"caption":{"rendered":"<p>SU PEQUE\u00d1O TESORO.- Do\u00f1a Sonia Pino muestra a Diario El Trabajo su peque\u00f1o joyero vac\u00edo, en donde ten\u00eda unas cadenas y anillos de oro.<\/p>\n"},"alt_text":"SU PEQUE\u00d1O TESORO.- Do\u00f1a Sonia Pino muestra a Diario El Trabajo su peque\u00f1o joyero vac\u00edo, en donde ten\u00eda unas cadenas y anillos de oro.","media_type":"image","mime_type":"image\/jpeg","media_details":{"width":530,"height":349,"file":"2016\/09\/Sonia-Pino.jpg","sizes":{"thumbnail":{"file":"Sonia-Pino-200x132.jpg","width":200,"height":132,"mime_type":"image\/jpeg","source_url":"https:\/\/i0.wp.com\/eltrabajo.cl\/portal\/wp-content\/uploads\/2016\/09\/Sonia-Pino.jpg?fit=200%2C132&ssl=1"},"medium":{"file":"Sonia-Pino-300x198.jpg","width":300,"height":198,"mime_type":"image\/jpeg","source_url":"https:\/\/i0.wp.com\/eltrabajo.cl\/portal\/wp-content\/uploads\/2016\/09\/Sonia-Pino.jpg?fit=300%2C198&ssl=1"},"post-thumbnail":{"file":"Sonia-Pino-228x150.jpg","width":228,"height":150,"mime_type":"image\/jpeg","source_url":"https:\/\/i0.wp.com\/eltrabajo.cl\/portal\/wp-content\/uploads\/2016\/09\/Sonia-Pino.jpg?fit=228%2C150&ssl=1"},"single-post-thumbnail":{"file":"Sonia-Pino-400x263.jpg","width":400,"height":263,"mime_type":"image\/jpeg","source_url":"https:\/\/eltrabajo.cl\/portal\/wp-content\/uploads\/2016\/09\/Sonia-Pino-400x263.jpg"},"wptouch-new-thumbnail":{"file":"Sonia-Pino-144x144.jpg","width":144,"height":144,"mime_type":"image\/jpeg","source_url":"https:\/\/eltrabajo.cl\/portal\/wp-content\/uploads\/2016\/09\/Sonia-Pino-144x144.jpg"},"full":{"file":"Sonia-Pino.jpg?fit=530%2C349&ssl=1","width":530,"height":349,"mime_type":"image\/jpeg","source_url":"https:\/\/i0.wp.com\/eltrabajo.cl\/portal\/wp-content\/uploads\/2016\/09\/Sonia-Pino.jpg?fit=530%2C349&ssl=1"}},"image_meta":{"aperture":"0","credit":"","camera":"","caption":"","created_timestamp":"0","copyright":"","focal_length":"0","iso":"0","shutter_speed":"0","title":"","orientation":"0","keywords":[]}},"post":73819,"source_url":"https:\/\/eltrabajo.cl\/portal\/wp-content\/uploads\/2016\/09\/Sonia-Pino.jpg","_links":{"self":[{"href":"https:\/\/eltrabajo.cl\/portal\/wp-json\/wp\/v2\/media\/73822","targetHints":{"allow":["GET"]}}],"collection":[{"href":"https:\/\/eltrabajo.cl\/portal\/wp-json\/wp\/v2\/media"}],"about":[{"href":"https:\/\/eltrabajo.cl\/portal\/wp-json\/wp\/v2\/types\/attachment"}],"author":[{"embeddable":true,"href":"https:\/\/eltrabajo.cl\/portal\/wp-json\/wp\/v2\/users\/1"}],"replies":[{"embeddable":true,"href":"https:\/\/eltrabajo.cl\/portal\/wp-json\/wp\/v2\/comments?post=73822"}],"wp:attached-to":[{"embeddable":true,"post_type":"post","id":73819,"href":"https:\/\/eltrabajo.cl\/portal\/wp-json\/wp\/v2\/posts\/73819"}],"curies":[{"name":"wp","href":"https:\/\/api.w.org\/{rel}","templated":true}]}}

SU PEQUEÑO TESORO.- Doña Sonia Pino muestra a Diario El Trabajo su pequeño joyero vacío, en donde tenía unas cadenas y anillos de oro.

<p class="attachment"><a href="https://i0.wp.com/eltrabajo.cl/portal/wp-content/uploads/2016/09/Sonia-Pino.jpg?ssl=1"><img loading="lazy" decoding="async" width="300" height="198" src="https://i0.wp.com/eltrabajo.cl/portal/wp-content/uploads/2016/09/Sonia-Pino.jpg?fit=300%2C198&amp;ssl=1" class="attachment-medium size-medium" alt="SU PEQUEÑO TESORO.- Doña Sonia Pino muestra a Diario El Trabajo su pequeño joyero vacío, en donde tenía unas cadenas y anillos de oro." srcset="https://i0.wp.com/eltrabajo.cl/portal/wp-content/uploads/2016/09/Sonia-Pino.jpg?w=530&amp;ssl=1 530w, https://i0.wp.com/eltrabajo.cl/portal/wp-content/uploads/2016/09/Sonia-Pino.jpg?resize=200%2C132&amp;ssl=1 200w, https://i0.wp.com/eltrabajo.cl/portal/wp-content/uploads/2016/09/Sonia-Pino.jpg?resize=300%2C198&amp;ssl=1 300w, https://i0.wp.com/eltrabajo.cl/portal/wp-content/uploads/2016/09/Sonia-Pino.jpg?resize=228%2C150&amp;ssl=1 228w, https://i0.wp.com/eltrabajo.cl/portal/wp-content/uploads/2016/09/Sonia-Pino.jpg?resize=400%2C263&amp;ssl=1 400w" sizes="auto, (max-width: 300px) 100vw, 300px" /></a></p>
<p>SU PEQUEÑO TESORO.- Doña Sonia Pino muestra a Diario El Trabajo su pequeño joyero vacío, en donde tenía unas cadenas y anillos de oro.</p>

<p>SU PEQUEÑO TESORO.- Doña Sonia Pino muestra a Diario El Trabajo su pequeño joyero vacío, en donde tenía unas cadenas y anillos de oro.</p>
