{"id":73919,"date":"2016-09-21T08:46:23","date_gmt":"2016-09-21T11:46:23","guid":{"rendered":"http:\/\/www.eltrabajo.cl\/portal\/wp-content\/uploads\/2016\/09\/Luis-Alfonso-Ponce.jpg"},"modified":"2016-09-21T08:47:00","modified_gmt":"2016-09-21T11:47:00","slug":"luis-alfonso-ponce","status":"inherit","type":"attachment","link":"https:\/\/eltrabajo.cl\/portal\/fiesta-de-la-chilenidad-con-nota-7-en-el-cecosf-padre-hugo-cornelissen\/luis-alfonso-ponce\/","title":{"rendered":"MUY ENAMORADO.- Tambi\u00e9n el vecino Luis Alfonso Ponce ofreci\u00f3 una serenata para las damas presentes, pues \u00e9l se confiesa un enamorado de la mujer y admirador de la m\u00fasica."},"author":1,"featured_media":0,"comment_status":"open","ping_status":"closed","template":"","meta":{"advanced_seo_description":"","jetpack_seo_html_title":"","jetpack_seo_noindex":false},"class_list":["post-73919","attachment","type-attachment","status-inherit","hentry"],"jetpack_sharing_enabled":true,"jetpack_likes_enabled":true,"description":{"rendered":"<p class=\"attachment\"><a href=\"https:\/\/i0.wp.com\/eltrabajo.cl\/portal\/wp-content\/uploads\/2016\/09\/Luis-Alfonso-Ponce.jpg?ssl=1\"><img loading=\"lazy\" decoding=\"async\" width=\"300\" height=\"197\" src=\"https:\/\/i0.wp.com\/eltrabajo.cl\/portal\/wp-content\/uploads\/2016\/09\/Luis-Alfonso-Ponce.jpg?fit=300%2C197&amp;ssl=1\" class=\"attachment-medium size-medium\" alt=\"MUY ENAMORADO.- Tambi\u00e9n el vecino Luis Alfonso Ponce ofreci\u00f3 una serenata para las damas presentes, pues \u00e9l se confiesa un enamorado de la mujer y admirador de la m\u00fasica.\" srcset=\"https:\/\/i0.wp.com\/eltrabajo.cl\/portal\/wp-content\/uploads\/2016\/09\/Luis-Alfonso-Ponce.jpg?w=530&amp;ssl=1 530w, https:\/\/i0.wp.com\/eltrabajo.cl\/portal\/wp-content\/uploads\/2016\/09\/Luis-Alfonso-Ponce.jpg?resize=200%2C131&amp;ssl=1 200w, https:\/\/i0.wp.com\/eltrabajo.cl\/portal\/wp-content\/uploads\/2016\/09\/Luis-Alfonso-Ponce.jpg?resize=300%2C197&amp;ssl=1 300w, https:\/\/i0.wp.com\/eltrabajo.cl\/portal\/wp-content\/uploads\/2016\/09\/Luis-Alfonso-Ponce.jpg?resize=228%2C150&amp;ssl=1 228w, https:\/\/i0.wp.com\/eltrabajo.cl\/portal\/wp-content\/uploads\/2016\/09\/Luis-Alfonso-Ponce.jpg?resize=400%2C263&amp;ssl=1 400w\" sizes=\"auto, (max-width: 300px) 100vw, 300px\" \/><\/a><\/p>\n<p>MUY ENAMORADO.- Tambi\u00e9n el vecino Luis Alfonso Ponce ofreci\u00f3 una serenata para las damas presentes, pues \u00e9l se confiesa un enamorado de la mujer y admirador de la m\u00fasica.<\/p>\n"},"caption":{"rendered":"<p>MUY ENAMORADO.- Tambi\u00e9n el vecino Luis Alfonso Ponce ofreci\u00f3 una serenata para las damas presentes, pues \u00e9l se confiesa un enamorado de la mujer y admirador de la m\u00fasica.<\/p>\n"},"alt_text":"MUY ENAMORADO.- Tambi\u00e9n el vecino Luis Alfonso Ponce ofreci\u00f3 una serenata para las damas presentes, pues \u00e9l se confiesa un enamorado de la mujer y admirador de la m\u00fasica.","media_type":"image","mime_type":"image\/jpeg","media_details":{"width":530,"height":348,"file":"2016\/09\/Luis-Alfonso-Ponce.jpg","sizes":{"thumbnail":{"file":"Luis-Alfonso-Ponce-200x131.jpg","width":200,"height":131,"mime_type":"image\/jpeg","source_url":"https:\/\/i0.wp.com\/eltrabajo.cl\/portal\/wp-content\/uploads\/2016\/09\/Luis-Alfonso-Ponce.jpg?fit=200%2C131&ssl=1"},"medium":{"file":"Luis-Alfonso-Ponce-300x197.jpg","width":300,"height":197,"mime_type":"image\/jpeg","source_url":"https:\/\/i0.wp.com\/eltrabajo.cl\/portal\/wp-content\/uploads\/2016\/09\/Luis-Alfonso-Ponce.jpg?fit=300%2C197&ssl=1"},"post-thumbnail":{"file":"Luis-Alfonso-Ponce-228x150.jpg","width":228,"height":150,"mime_type":"image\/jpeg","source_url":"https:\/\/i0.wp.com\/eltrabajo.cl\/portal\/wp-content\/uploads\/2016\/09\/Luis-Alfonso-Ponce.jpg?fit=228%2C150&ssl=1"},"single-post-thumbnail":{"file":"Luis-Alfonso-Ponce-400x263.jpg","width":400,"height":263,"mime_type":"image\/jpeg","source_url":"https:\/\/eltrabajo.cl\/portal\/wp-content\/uploads\/2016\/09\/Luis-Alfonso-Ponce-400x263.jpg"},"wptouch-new-thumbnail":{"file":"Luis-Alfonso-Ponce-144x144.jpg","width":144,"height":144,"mime_type":"image\/jpeg","source_url":"https:\/\/eltrabajo.cl\/portal\/wp-content\/uploads\/2016\/09\/Luis-Alfonso-Ponce-144x144.jpg"},"full":{"file":"Luis-Alfonso-Ponce.jpg?fit=530%2C348&ssl=1","width":530,"height":348,"mime_type":"image\/jpeg","source_url":"https:\/\/i0.wp.com\/eltrabajo.cl\/portal\/wp-content\/uploads\/2016\/09\/Luis-Alfonso-Ponce.jpg?fit=530%2C348&ssl=1"}},"image_meta":{"aperture":"0","credit":"","camera":"","caption":"","created_timestamp":"0","copyright":"","focal_length":"0","iso":"0","shutter_speed":"0","title":"","orientation":"0","keywords":[]}},"post":73915,"source_url":"https:\/\/eltrabajo.cl\/portal\/wp-content\/uploads\/2016\/09\/Luis-Alfonso-Ponce.jpg","_links":{"self":[{"href":"https:\/\/eltrabajo.cl\/portal\/wp-json\/wp\/v2\/media\/73919","targetHints":{"allow":["GET"]}}],"collection":[{"href":"https:\/\/eltrabajo.cl\/portal\/wp-json\/wp\/v2\/media"}],"about":[{"href":"https:\/\/eltrabajo.cl\/portal\/wp-json\/wp\/v2\/types\/attachment"}],"author":[{"embeddable":true,"href":"https:\/\/eltrabajo.cl\/portal\/wp-json\/wp\/v2\/users\/1"}],"replies":[{"embeddable":true,"href":"https:\/\/eltrabajo.cl\/portal\/wp-json\/wp\/v2\/comments?post=73919"}],"wp:attached-to":[{"embeddable":true,"post_type":"post","id":73915,"href":"https:\/\/eltrabajo.cl\/portal\/wp-json\/wp\/v2\/posts\/73915"}],"curies":[{"name":"wp","href":"https:\/\/api.w.org\/{rel}","templated":true}]}}

MUY ENAMORADO.- También el vecino Luis Alfonso Ponce ofreció una serenata para las damas presentes, pues él se confiesa un enamorado de la mujer y admirador de la música.

<p class="attachment"><a href="https://i0.wp.com/eltrabajo.cl/portal/wp-content/uploads/2016/09/Luis-Alfonso-Ponce.jpg?ssl=1"><img loading="lazy" decoding="async" width="300" height="197" src="https://i0.wp.com/eltrabajo.cl/portal/wp-content/uploads/2016/09/Luis-Alfonso-Ponce.jpg?fit=300%2C197&amp;ssl=1" class="attachment-medium size-medium" alt="MUY ENAMORADO.- También el vecino Luis Alfonso Ponce ofreció una serenata para las damas presentes, pues él se confiesa un enamorado de la mujer y admirador de la música." srcset="https://i0.wp.com/eltrabajo.cl/portal/wp-content/uploads/2016/09/Luis-Alfonso-Ponce.jpg?w=530&amp;ssl=1 530w, https://i0.wp.com/eltrabajo.cl/portal/wp-content/uploads/2016/09/Luis-Alfonso-Ponce.jpg?resize=200%2C131&amp;ssl=1 200w, https://i0.wp.com/eltrabajo.cl/portal/wp-content/uploads/2016/09/Luis-Alfonso-Ponce.jpg?resize=300%2C197&amp;ssl=1 300w, https://i0.wp.com/eltrabajo.cl/portal/wp-content/uploads/2016/09/Luis-Alfonso-Ponce.jpg?resize=228%2C150&amp;ssl=1 228w, https://i0.wp.com/eltrabajo.cl/portal/wp-content/uploads/2016/09/Luis-Alfonso-Ponce.jpg?resize=400%2C263&amp;ssl=1 400w" sizes="auto, (max-width: 300px) 100vw, 300px" /></a></p>
<p>MUY ENAMORADO.- También el vecino Luis Alfonso Ponce ofreció una serenata para las damas presentes, pues él se confiesa un enamorado de la mujer y admirador de la música.</p>

<p>MUY ENAMORADO.- También el vecino Luis Alfonso Ponce ofreció una serenata para las damas presentes, pues él se confiesa un enamorado de la mujer y admirador de la música.</p>
