{"id":74000,"date":"2016-09-23T09:35:35","date_gmt":"2016-09-23T12:35:35","guid":{"rendered":"http:\/\/www.eltrabajo.cl\/portal\/wp-content\/uploads\/2016\/09\/\u00c9rika-\u00c1lvarez.jpg"},"modified":"2016-09-23T09:35:51","modified_gmt":"2016-09-23T12:35:51","slug":"erika-alvarez-3","status":"inherit","type":"attachment","link":"https:\/\/eltrabajo.cl\/portal\/nuevo-recorrido-de-micros-en-san-felipe-comenzaria-a-operar-en-noviembre\/erika-alvarez-3\/","title":{"rendered":"\u00c9rika \u00c1lvarez, presidenta de la Junta de Vecinos de El Se\u00f1orial"},"author":1,"featured_media":0,"comment_status":"open","ping_status":"closed","template":"","meta":{"advanced_seo_description":"","jetpack_seo_html_title":"","jetpack_seo_noindex":false},"class_list":["post-74000","attachment","type-attachment","status-inherit","hentry"],"jetpack_sharing_enabled":true,"jetpack_likes_enabled":true,"description":{"rendered":"<p class=\"attachment\"><a href=\"https:\/\/i0.wp.com\/eltrabajo.cl\/portal\/wp-content\/uploads\/2016\/09\/%C3%89rika-%C3%81lvarez.jpg?ssl=1\"><img loading=\"lazy\" decoding=\"async\" width=\"300\" height=\"197\" src=\"https:\/\/i0.wp.com\/eltrabajo.cl\/portal\/wp-content\/uploads\/2016\/09\/%C3%89rika-%C3%81lvarez.jpg?fit=300%2C197&amp;ssl=1\" class=\"attachment-medium size-medium\" alt=\"\u00c9rika \u00c1lvarez, presidenta de la Junta de Vecinos de El Se\u00f1orial\" \/><\/a><\/p>\n<p>\u00c9rika \u00c1lvarez, presidenta de la Junta de Vecinos de El Se\u00f1orial<\/p>\n"},"caption":{"rendered":"<p>\u00c9rika \u00c1lvarez, presidenta de la Junta de Vecinos de El Se\u00f1orial<\/p>\n"},"alt_text":"\u00c9rika \u00c1lvarez, presidenta de la Junta de Vecinos de El Se\u00f1orial","media_type":"image","mime_type":"image\/jpeg","media_details":{"width":530,"height":348,"file":"2016\/09\/\u00c9rika-\u00c1lvarez.jpg","sizes":{"thumbnail":{"file":"\u00c9rika-\u00c1lvarez-200x131.jpg","width":200,"height":131,"mime_type":"image\/jpeg","source_url":"https:\/\/i0.wp.com\/eltrabajo.cl\/portal\/wp-content\/uploads\/2016\/09\/%C3%89rika-%C3%81lvarez.jpg?fit=200%2C131&ssl=1"},"medium":{"file":"\u00c9rika-\u00c1lvarez-300x197.jpg","width":300,"height":197,"mime_type":"image\/jpeg","source_url":"https:\/\/i0.wp.com\/eltrabajo.cl\/portal\/wp-content\/uploads\/2016\/09\/%C3%89rika-%C3%81lvarez.jpg?fit=300%2C197&ssl=1"},"post-thumbnail":{"file":"\u00c9rika-\u00c1lvarez-228x150.jpg","width":228,"height":150,"mime_type":"image\/jpeg","source_url":"https:\/\/i0.wp.com\/eltrabajo.cl\/portal\/wp-content\/uploads\/2016\/09\/%C3%89rika-%C3%81lvarez.jpg?fit=228%2C150&ssl=1"},"single-post-thumbnail":{"file":"\u00c9rika-\u00c1lvarez-400x263.jpg","width":400,"height":263,"mime_type":"image\/jpeg","source_url":"https:\/\/eltrabajo.cl\/portal\/wp-content\/uploads\/2016\/09\/\u00c9rika-\u00c1lvarez-400x263.jpg"},"wptouch-new-thumbnail":{"file":"\u00c9rika-\u00c1lvarez-144x144.jpg","width":144,"height":144,"mime_type":"image\/jpeg","source_url":"https:\/\/eltrabajo.cl\/portal\/wp-content\/uploads\/2016\/09\/\u00c9rika-\u00c1lvarez-144x144.jpg"},"full":{"file":"%C3%89rika-%C3%81lvarez.jpg?fit=530%2C348&ssl=1","width":530,"height":348,"mime_type":"image\/jpeg","source_url":"https:\/\/i0.wp.com\/eltrabajo.cl\/portal\/wp-content\/uploads\/2016\/09\/%C3%89rika-%C3%81lvarez.jpg?fit=530%2C348&ssl=1"}},"image_meta":{"aperture":"0","credit":"","camera":"","caption":"","created_timestamp":"0","copyright":"","focal_length":"0","iso":"0","shutter_speed":"0","title":"","orientation":"0","keywords":[]}},"post":73998,"source_url":"https:\/\/eltrabajo.cl\/portal\/wp-content\/uploads\/2016\/09\/\u00c9rika-\u00c1lvarez.jpg","_links":{"self":[{"href":"https:\/\/eltrabajo.cl\/portal\/wp-json\/wp\/v2\/media\/74000","targetHints":{"allow":["GET"]}}],"collection":[{"href":"https:\/\/eltrabajo.cl\/portal\/wp-json\/wp\/v2\/media"}],"about":[{"href":"https:\/\/eltrabajo.cl\/portal\/wp-json\/wp\/v2\/types\/attachment"}],"author":[{"embeddable":true,"href":"https:\/\/eltrabajo.cl\/portal\/wp-json\/wp\/v2\/users\/1"}],"replies":[{"embeddable":true,"href":"https:\/\/eltrabajo.cl\/portal\/wp-json\/wp\/v2\/comments?post=74000"}],"wp:attached-to":[{"embeddable":true,"post_type":"post","id":73998,"href":"https:\/\/eltrabajo.cl\/portal\/wp-json\/wp\/v2\/posts\/73998"}],"curies":[{"name":"wp","href":"https:\/\/api.w.org\/{rel}","templated":true}]}}

http://www.eltrabajo.cl/portal/wp-content/uploads/2016/09/Érika-Álvarez.jpg

Érika Álvarez, presidenta de la Junta de Vecinos de El Señorial

<p class="attachment"><a href="https://i0.wp.com/eltrabajo.cl/portal/wp-content/uploads/2016/09/%C3%89rika-%C3%81lvarez.jpg?ssl=1"><img loading="lazy" decoding="async" width="300" height="197" src="https://i0.wp.com/eltrabajo.cl/portal/wp-content/uploads/2016/09/%C3%89rika-%C3%81lvarez.jpg?fit=300%2C197&amp;ssl=1" class="attachment-medium size-medium" alt="Érika Álvarez, presidenta de la Junta de Vecinos de El Señorial" /></a></p>
<p>Érika Álvarez, presidenta de la Junta de Vecinos de El Señorial</p>

<p>Érika Álvarez, presidenta de la Junta de Vecinos de El Señorial</p>

2016/09/Érika-Álvarez.jpg

Érika-Álvarez-200x131.jpg

Érika-Álvarez-300x197.jpg

Érika-Álvarez-228x150.jpg

Érika-Álvarez-400x263.jpg

https://eltrabajo.cl/portal/wp-content/uploads/2016/09/Érika-Álvarez-400x263.jpg

Érika-Álvarez-144x144.jpg

https://eltrabajo.cl/portal/wp-content/uploads/2016/09/Érika-Álvarez-144x144.jpg

https://eltrabajo.cl/portal/wp-content/uploads/2016/09/Érika-Álvarez.jpg
