{"id":74019,"date":"2016-09-26T08:45:19","date_gmt":"2016-09-26T11:45:19","guid":{"rendered":"http:\/\/www.eltrabajo.cl\/portal\/wp-content\/uploads\/2016\/09\/Titiriteros33.jpg"},"modified":"2016-09-26T08:45:46","modified_gmt":"2016-09-26T11:45:46","slug":"titiriteros33","status":"inherit","type":"attachment","link":"https:\/\/eltrabajo.cl\/portal\/locura-infantil-con-la-obra-el-osito-totito-y-el-abuelito-rolansueno\/titiriteros33\/","title":{"rendered":"FAMILIA DE ACTORES.- Ellos son Rolando Olmos (padre e hijo) y Jonathan Olmos (ausente Sebasti\u00e1n), dos generaciones de artistas chilenos que este fin de semana lo pasaron de maravilla con los ni\u00f1os sanfelipe\u00f1os."},"author":1,"featured_media":0,"comment_status":"open","ping_status":"closed","template":"","meta":{"advanced_seo_description":"","jetpack_seo_html_title":"","jetpack_seo_noindex":false},"class_list":["post-74019","attachment","type-attachment","status-inherit","hentry"],"jetpack_sharing_enabled":true,"jetpack_likes_enabled":true,"description":{"rendered":"<p class=\"attachment\"><a href=\"https:\/\/i0.wp.com\/eltrabajo.cl\/portal\/wp-content\/uploads\/2016\/09\/Titiriteros33.jpg?ssl=1\"><img loading=\"lazy\" decoding=\"async\" width=\"300\" height=\"198\" src=\"https:\/\/i0.wp.com\/eltrabajo.cl\/portal\/wp-content\/uploads\/2016\/09\/Titiriteros33.jpg?fit=300%2C198&amp;ssl=1\" class=\"attachment-medium size-medium\" alt=\"FAMILIA DE ACTORES.- Ellos son Rolando Olmos (padre e hijo) y Jonathan Olmos (ausente Sebasti\u00e1n), dos generaciones de artistas chilenos que este fin de semana lo pasaron de maravilla con los ni\u00f1os sanfelipe\u00f1os.\" srcset=\"https:\/\/i0.wp.com\/eltrabajo.cl\/portal\/wp-content\/uploads\/2016\/09\/Titiriteros33.jpg?w=530&amp;ssl=1 530w, https:\/\/i0.wp.com\/eltrabajo.cl\/portal\/wp-content\/uploads\/2016\/09\/Titiriteros33.jpg?resize=200%2C132&amp;ssl=1 200w, https:\/\/i0.wp.com\/eltrabajo.cl\/portal\/wp-content\/uploads\/2016\/09\/Titiriteros33.jpg?resize=300%2C198&amp;ssl=1 300w, https:\/\/i0.wp.com\/eltrabajo.cl\/portal\/wp-content\/uploads\/2016\/09\/Titiriteros33.jpg?resize=228%2C150&amp;ssl=1 228w, https:\/\/i0.wp.com\/eltrabajo.cl\/portal\/wp-content\/uploads\/2016\/09\/Titiriteros33.jpg?resize=400%2C263&amp;ssl=1 400w\" sizes=\"auto, (max-width: 300px) 100vw, 300px\" \/><\/a><\/p>\n<p>FAMILIA DE ACTORES.- Ellos son Rolando Olmos (padre e hijo) y Jonathan Olmos (ausente Sebasti\u00e1n), dos generaciones de artistas chilenos que este fin de semana lo pasaron de maravilla con los ni\u00f1os sanfelipe\u00f1os.<\/p>\n"},"caption":{"rendered":"<p>FAMILIA DE ACTORES.- Ellos son Rolando Olmos (padre e hijo) y Jonathan Olmos (ausente Sebasti\u00e1n), dos generaciones de artistas chilenos que este fin de semana lo pasaron de maravilla con los ni\u00f1os sanfelipe\u00f1os.<\/p>\n"},"alt_text":"FAMILIA DE ACTORES.- Ellos son Rolando Olmos (padre e hijo) y Jonathan Olmos (ausente Sebasti\u00e1n), dos generaciones de artistas chilenos que este fin de semana lo pasaron de maravilla con los ni\u00f1os sanfelipe\u00f1os.","media_type":"image","mime_type":"image\/jpeg","media_details":{"width":530,"height":349,"file":"2016\/09\/Titiriteros33.jpg","sizes":{"thumbnail":{"file":"Titiriteros33-200x132.jpg","width":200,"height":132,"mime_type":"image\/jpeg","source_url":"https:\/\/i0.wp.com\/eltrabajo.cl\/portal\/wp-content\/uploads\/2016\/09\/Titiriteros33.jpg?fit=200%2C132&ssl=1"},"medium":{"file":"Titiriteros33-300x198.jpg","width":300,"height":198,"mime_type":"image\/jpeg","source_url":"https:\/\/i0.wp.com\/eltrabajo.cl\/portal\/wp-content\/uploads\/2016\/09\/Titiriteros33.jpg?fit=300%2C198&ssl=1"},"post-thumbnail":{"file":"Titiriteros33-228x150.jpg","width":228,"height":150,"mime_type":"image\/jpeg","source_url":"https:\/\/i0.wp.com\/eltrabajo.cl\/portal\/wp-content\/uploads\/2016\/09\/Titiriteros33.jpg?fit=228%2C150&ssl=1"},"single-post-thumbnail":{"file":"Titiriteros33-400x263.jpg","width":400,"height":263,"mime_type":"image\/jpeg","source_url":"https:\/\/eltrabajo.cl\/portal\/wp-content\/uploads\/2016\/09\/Titiriteros33-400x263.jpg"},"wptouch-new-thumbnail":{"file":"Titiriteros33-144x144.jpg","width":144,"height":144,"mime_type":"image\/jpeg","source_url":"https:\/\/eltrabajo.cl\/portal\/wp-content\/uploads\/2016\/09\/Titiriteros33-144x144.jpg"},"full":{"file":"Titiriteros33.jpg?fit=530%2C349&ssl=1","width":530,"height":349,"mime_type":"image\/jpeg","source_url":"https:\/\/i0.wp.com\/eltrabajo.cl\/portal\/wp-content\/uploads\/2016\/09\/Titiriteros33.jpg?fit=530%2C349&ssl=1"}},"image_meta":{"aperture":"0","credit":"","camera":"","caption":"","created_timestamp":"0","copyright":"","focal_length":"0","iso":"0","shutter_speed":"0","title":"","orientation":"0","keywords":[]}},"post":74016,"source_url":"https:\/\/eltrabajo.cl\/portal\/wp-content\/uploads\/2016\/09\/Titiriteros33.jpg","_links":{"self":[{"href":"https:\/\/eltrabajo.cl\/portal\/wp-json\/wp\/v2\/media\/74019","targetHints":{"allow":["GET"]}}],"collection":[{"href":"https:\/\/eltrabajo.cl\/portal\/wp-json\/wp\/v2\/media"}],"about":[{"href":"https:\/\/eltrabajo.cl\/portal\/wp-json\/wp\/v2\/types\/attachment"}],"author":[{"embeddable":true,"href":"https:\/\/eltrabajo.cl\/portal\/wp-json\/wp\/v2\/users\/1"}],"replies":[{"embeddable":true,"href":"https:\/\/eltrabajo.cl\/portal\/wp-json\/wp\/v2\/comments?post=74019"}],"wp:attached-to":[{"embeddable":true,"post_type":"post","id":74016,"href":"https:\/\/eltrabajo.cl\/portal\/wp-json\/wp\/v2\/posts\/74016"}],"curies":[{"name":"wp","href":"https:\/\/api.w.org\/{rel}","templated":true}]}}

FAMILIA DE ACTORES.- Ellos son Rolando Olmos (padre e hijo) y Jonathan Olmos (ausente Sebastián), dos generaciones de artistas chilenos que este fin de semana lo pasaron de maravilla con los niños sanfelipeños.

<p class="attachment"><a href="https://i0.wp.com/eltrabajo.cl/portal/wp-content/uploads/2016/09/Titiriteros33.jpg?ssl=1"><img loading="lazy" decoding="async" width="300" height="198" src="https://i0.wp.com/eltrabajo.cl/portal/wp-content/uploads/2016/09/Titiriteros33.jpg?fit=300%2C198&amp;ssl=1" class="attachment-medium size-medium" alt="FAMILIA DE ACTORES.- Ellos son Rolando Olmos (padre e hijo) y Jonathan Olmos (ausente Sebastián), dos generaciones de artistas chilenos que este fin de semana lo pasaron de maravilla con los niños sanfelipeños." srcset="https://i0.wp.com/eltrabajo.cl/portal/wp-content/uploads/2016/09/Titiriteros33.jpg?w=530&amp;ssl=1 530w, https://i0.wp.com/eltrabajo.cl/portal/wp-content/uploads/2016/09/Titiriteros33.jpg?resize=200%2C132&amp;ssl=1 200w, https://i0.wp.com/eltrabajo.cl/portal/wp-content/uploads/2016/09/Titiriteros33.jpg?resize=300%2C198&amp;ssl=1 300w, https://i0.wp.com/eltrabajo.cl/portal/wp-content/uploads/2016/09/Titiriteros33.jpg?resize=228%2C150&amp;ssl=1 228w, https://i0.wp.com/eltrabajo.cl/portal/wp-content/uploads/2016/09/Titiriteros33.jpg?resize=400%2C263&amp;ssl=1 400w" sizes="auto, (max-width: 300px) 100vw, 300px" /></a></p>
<p>FAMILIA DE ACTORES.- Ellos son Rolando Olmos (padre e hijo) y Jonathan Olmos (ausente Sebastián), dos generaciones de artistas chilenos que este fin de semana lo pasaron de maravilla con los niños sanfelipeños.</p>

<p>FAMILIA DE ACTORES.- Ellos son Rolando Olmos (padre e hijo) y Jonathan Olmos (ausente Sebastián), dos generaciones de artistas chilenos que este fin de semana lo pasaron de maravilla con los niños sanfelipeños.</p>
