{"id":74199,"date":"2016-09-30T09:16:05","date_gmt":"2016-09-30T12:16:05","guid":{"rendered":"http:\/\/www.eltrabajo.cl\/portal\/wp-content\/uploads\/2016\/09\/Aula28.jpg"},"modified":"2016-09-30T09:16:16","modified_gmt":"2016-09-30T12:16:16","slug":"aula28","status":"inherit","type":"attachment","link":"https:\/\/eltrabajo.cl\/portal\/modernisima-aula-movil-de-sna-educa-llegara-a-san-felipe-este-6-de-octubre\/aula28\/","title":{"rendered":"IMPRESIONANTE.- As\u00ed luce esta imponente aula m\u00f3vil de SNA Educa, gigante del aprendizaje que viajar\u00e1 a varias comunas y pronto estar\u00e1 instalada durante cuatro meses en nuestra Escuela Industrial de San Felipe."},"author":1,"featured_media":0,"comment_status":"open","ping_status":"closed","template":"","meta":{"advanced_seo_description":"","jetpack_seo_html_title":"","jetpack_seo_noindex":false},"class_list":["post-74199","attachment","type-attachment","status-inherit","hentry"],"jetpack_sharing_enabled":true,"jetpack_likes_enabled":true,"description":{"rendered":"<p class=\"attachment\"><a href=\"https:\/\/i0.wp.com\/eltrabajo.cl\/portal\/wp-content\/uploads\/2016\/09\/Aula28.jpg?ssl=1\"><img loading=\"lazy\" decoding=\"async\" width=\"300\" height=\"198\" src=\"https:\/\/i0.wp.com\/eltrabajo.cl\/portal\/wp-content\/uploads\/2016\/09\/Aula28.jpg?fit=300%2C198&amp;ssl=1\" class=\"attachment-medium size-medium\" alt=\"IMPRESIONANTE.- As\u00ed luce esta imponente aula m\u00f3vil de SNA Educa, gigante del aprendizaje que viajar\u00e1 a varias comunas y pronto estar\u00e1 instalada durante cuatro meses en nuestra Escuela Industrial de San Felipe.\" srcset=\"https:\/\/i0.wp.com\/eltrabajo.cl\/portal\/wp-content\/uploads\/2016\/09\/Aula28.jpg?w=530&amp;ssl=1 530w, https:\/\/i0.wp.com\/eltrabajo.cl\/portal\/wp-content\/uploads\/2016\/09\/Aula28.jpg?resize=200%2C132&amp;ssl=1 200w, https:\/\/i0.wp.com\/eltrabajo.cl\/portal\/wp-content\/uploads\/2016\/09\/Aula28.jpg?resize=300%2C198&amp;ssl=1 300w, https:\/\/i0.wp.com\/eltrabajo.cl\/portal\/wp-content\/uploads\/2016\/09\/Aula28.jpg?resize=227%2C150&amp;ssl=1 227w, https:\/\/i0.wp.com\/eltrabajo.cl\/portal\/wp-content\/uploads\/2016\/09\/Aula28.jpg?resize=400%2C264&amp;ssl=1 400w\" sizes=\"auto, (max-width: 300px) 100vw, 300px\" \/><\/a><\/p>\n<p>IMPRESIONANTE.- As\u00ed luce esta imponente aula m\u00f3vil de SNA Educa, gigante del aprendizaje que viajar\u00e1 a varias comunas y pronto estar\u00e1 instalada durante cuatro meses en nuestra Escuela Industrial de San Felipe.<\/p>\n"},"caption":{"rendered":"<p>IMPRESIONANTE.- As\u00ed luce esta imponente aula m\u00f3vil de SNA Educa, gigante del aprendizaje que viajar\u00e1 a varias comunas y pronto estar\u00e1 instalada durante cuatro meses en nuestra Escuela Industrial de San Felipe.<\/p>\n"},"alt_text":"IMPRESIONANTE.- As\u00ed luce esta imponente aula m\u00f3vil de SNA Educa, gigante del aprendizaje que viajar\u00e1 a varias comunas y pronto estar\u00e1 instalada durante cuatro meses en nuestra Escuela Industrial de San Felipe.","media_type":"image","mime_type":"image\/jpeg","media_details":{"width":530,"height":350,"file":"2016\/09\/Aula28.jpg","sizes":{"thumbnail":{"file":"Aula28-200x132.jpg","width":200,"height":132,"mime_type":"image\/jpeg","source_url":"https:\/\/i0.wp.com\/eltrabajo.cl\/portal\/wp-content\/uploads\/2016\/09\/Aula28.jpg?fit=200%2C132&ssl=1"},"medium":{"file":"Aula28-300x198.jpg","width":300,"height":198,"mime_type":"image\/jpeg","source_url":"https:\/\/i0.wp.com\/eltrabajo.cl\/portal\/wp-content\/uploads\/2016\/09\/Aula28.jpg?fit=300%2C198&ssl=1"},"post-thumbnail":{"file":"Aula28-227x150.jpg","width":227,"height":150,"mime_type":"image\/jpeg","source_url":"https:\/\/i0.wp.com\/eltrabajo.cl\/portal\/wp-content\/uploads\/2016\/09\/Aula28.jpg?fit=227%2C150&ssl=1"},"single-post-thumbnail":{"file":"Aula28-400x264.jpg","width":400,"height":264,"mime_type":"image\/jpeg","source_url":"https:\/\/eltrabajo.cl\/portal\/wp-content\/uploads\/2016\/09\/Aula28-400x264.jpg"},"wptouch-new-thumbnail":{"file":"Aula28-144x144.jpg","width":144,"height":144,"mime_type":"image\/jpeg","source_url":"https:\/\/eltrabajo.cl\/portal\/wp-content\/uploads\/2016\/09\/Aula28-144x144.jpg"},"full":{"file":"Aula28.jpg?fit=530%2C350&ssl=1","width":530,"height":350,"mime_type":"image\/jpeg","source_url":"https:\/\/i0.wp.com\/eltrabajo.cl\/portal\/wp-content\/uploads\/2016\/09\/Aula28.jpg?fit=530%2C350&ssl=1"}},"image_meta":{"aperture":"0","credit":"","camera":"","caption":"","created_timestamp":"0","copyright":"","focal_length":"0","iso":"0","shutter_speed":"0","title":"","orientation":"0","keywords":[]}},"post":74198,"source_url":"https:\/\/eltrabajo.cl\/portal\/wp-content\/uploads\/2016\/09\/Aula28.jpg","_links":{"self":[{"href":"https:\/\/eltrabajo.cl\/portal\/wp-json\/wp\/v2\/media\/74199","targetHints":{"allow":["GET"]}}],"collection":[{"href":"https:\/\/eltrabajo.cl\/portal\/wp-json\/wp\/v2\/media"}],"about":[{"href":"https:\/\/eltrabajo.cl\/portal\/wp-json\/wp\/v2\/types\/attachment"}],"author":[{"embeddable":true,"href":"https:\/\/eltrabajo.cl\/portal\/wp-json\/wp\/v2\/users\/1"}],"replies":[{"embeddable":true,"href":"https:\/\/eltrabajo.cl\/portal\/wp-json\/wp\/v2\/comments?post=74199"}],"wp:attached-to":[{"embeddable":true,"post_type":"post","id":74198,"href":"https:\/\/eltrabajo.cl\/portal\/wp-json\/wp\/v2\/posts\/74198"}],"curies":[{"name":"wp","href":"https:\/\/api.w.org\/{rel}","templated":true}]}}

IMPRESIONANTE.- Así luce esta imponente aula móvil de SNA Educa, gigante del aprendizaje que viajará a varias comunas y pronto estará instalada durante cuatro meses en nuestra Escuela Industrial de San Felipe.

<p class="attachment"><a href="https://i0.wp.com/eltrabajo.cl/portal/wp-content/uploads/2016/09/Aula28.jpg?ssl=1"><img loading="lazy" decoding="async" width="300" height="198" src="https://i0.wp.com/eltrabajo.cl/portal/wp-content/uploads/2016/09/Aula28.jpg?fit=300%2C198&amp;ssl=1" class="attachment-medium size-medium" alt="IMPRESIONANTE.- Así luce esta imponente aula móvil de SNA Educa, gigante del aprendizaje que viajará a varias comunas y pronto estará instalada durante cuatro meses en nuestra Escuela Industrial de San Felipe." srcset="https://i0.wp.com/eltrabajo.cl/portal/wp-content/uploads/2016/09/Aula28.jpg?w=530&amp;ssl=1 530w, https://i0.wp.com/eltrabajo.cl/portal/wp-content/uploads/2016/09/Aula28.jpg?resize=200%2C132&amp;ssl=1 200w, https://i0.wp.com/eltrabajo.cl/portal/wp-content/uploads/2016/09/Aula28.jpg?resize=300%2C198&amp;ssl=1 300w, https://i0.wp.com/eltrabajo.cl/portal/wp-content/uploads/2016/09/Aula28.jpg?resize=227%2C150&amp;ssl=1 227w, https://i0.wp.com/eltrabajo.cl/portal/wp-content/uploads/2016/09/Aula28.jpg?resize=400%2C264&amp;ssl=1 400w" sizes="auto, (max-width: 300px) 100vw, 300px" /></a></p>
<p>IMPRESIONANTE.- Así luce esta imponente aula móvil de SNA Educa, gigante del aprendizaje que viajará a varias comunas y pronto estará instalada durante cuatro meses en nuestra Escuela Industrial de San Felipe.</p>

<p>IMPRESIONANTE.- Así luce esta imponente aula móvil de SNA Educa, gigante del aprendizaje que viajará a varias comunas y pronto estará instalada durante cuatro meses en nuestra Escuela Industrial de San Felipe.</p>
