{"id":74243,"date":"2016-10-03T09:00:15","date_gmt":"2016-10-03T12:00:15","guid":{"rendered":"http:\/\/www.eltrabajo.cl\/portal\/wp-content\/uploads\/2016\/10\/Fans-denver.jpg"},"modified":"2016-10-03T09:00:45","modified_gmt":"2016-10-03T12:00:45","slug":"fans-denver","status":"inherit","type":"attachment","link":"https:\/\/eltrabajo.cl\/portal\/locura-juvenil-en-concierto-que-denver-ofrecio-en-san-felipe\/fans-denver\/","title":{"rendered":"LOCOS POR D\u00cbNVER.- Aunque fue de noche el concierto, desde horas de la tarde los fans de D\u00ebnver hac\u00edan fila para poder ingresar al teatro."},"author":1,"featured_media":0,"comment_status":"open","ping_status":"closed","template":"","meta":{"advanced_seo_description":"","jetpack_seo_html_title":"","jetpack_seo_noindex":false},"class_list":["post-74243","attachment","type-attachment","status-inherit","hentry"],"jetpack_sharing_enabled":true,"jetpack_likes_enabled":true,"description":{"rendered":"<p class=\"attachment\"><a href=\"https:\/\/i0.wp.com\/eltrabajo.cl\/portal\/wp-content\/uploads\/2016\/10\/Fans-denver.jpg?ssl=1\"><img loading=\"lazy\" decoding=\"async\" width=\"300\" height=\"198\" src=\"https:\/\/i0.wp.com\/eltrabajo.cl\/portal\/wp-content\/uploads\/2016\/10\/Fans-denver.jpg?fit=300%2C198&amp;ssl=1\" class=\"attachment-medium size-medium\" alt=\"LOCOS POR D\u00cbNVER.- Aunque fue de noche el concierto, desde horas de la tarde los fans de D\u00ebnver hac\u00edan fila para poder ingresar al teatro.\" srcset=\"https:\/\/i0.wp.com\/eltrabajo.cl\/portal\/wp-content\/uploads\/2016\/10\/Fans-denver.jpg?w=530&amp;ssl=1 530w, https:\/\/i0.wp.com\/eltrabajo.cl\/portal\/wp-content\/uploads\/2016\/10\/Fans-denver.jpg?resize=200%2C132&amp;ssl=1 200w, https:\/\/i0.wp.com\/eltrabajo.cl\/portal\/wp-content\/uploads\/2016\/10\/Fans-denver.jpg?resize=300%2C198&amp;ssl=1 300w, https:\/\/i0.wp.com\/eltrabajo.cl\/portal\/wp-content\/uploads\/2016\/10\/Fans-denver.jpg?resize=227%2C150&amp;ssl=1 227w, https:\/\/i0.wp.com\/eltrabajo.cl\/portal\/wp-content\/uploads\/2016\/10\/Fans-denver.jpg?resize=400%2C264&amp;ssl=1 400w\" sizes=\"auto, (max-width: 300px) 100vw, 300px\" \/><\/a><\/p>\n<p>LOCOS POR D\u00cbNVER.- Aunque fue de noche el concierto, desde horas de la tarde los fans de D\u00ebnver hac\u00edan fila para poder ingresar al teatro.<\/p>\n"},"caption":{"rendered":"<p>LOCOS POR D\u00cbNVER.- Aunque fue de noche el concierto, desde horas de la tarde los fans de D\u00ebnver hac\u00edan fila para poder ingresar al teatro.<\/p>\n"},"alt_text":"LOCOS POR D\u00cbNVER.- Aunque fue de noche el concierto, desde horas de la tarde los fans de D\u00ebnver hac\u00edan fila para poder ingresar al teatro.","media_type":"image","mime_type":"image\/jpeg","media_details":{"width":530,"height":350,"file":"2016\/10\/Fans-denver.jpg","sizes":{"thumbnail":{"file":"Fans-denver-200x132.jpg","width":200,"height":132,"mime_type":"image\/jpeg","source_url":"https:\/\/i0.wp.com\/eltrabajo.cl\/portal\/wp-content\/uploads\/2016\/10\/Fans-denver.jpg?fit=200%2C132&ssl=1"},"medium":{"file":"Fans-denver-300x198.jpg","width":300,"height":198,"mime_type":"image\/jpeg","source_url":"https:\/\/i0.wp.com\/eltrabajo.cl\/portal\/wp-content\/uploads\/2016\/10\/Fans-denver.jpg?fit=300%2C198&ssl=1"},"post-thumbnail":{"file":"Fans-denver-227x150.jpg","width":227,"height":150,"mime_type":"image\/jpeg","source_url":"https:\/\/i0.wp.com\/eltrabajo.cl\/portal\/wp-content\/uploads\/2016\/10\/Fans-denver.jpg?fit=227%2C150&ssl=1"},"single-post-thumbnail":{"file":"Fans-denver-400x264.jpg","width":400,"height":264,"mime_type":"image\/jpeg","source_url":"https:\/\/eltrabajo.cl\/portal\/wp-content\/uploads\/2016\/10\/Fans-denver-400x264.jpg"},"wptouch-new-thumbnail":{"file":"Fans-denver-144x144.jpg","width":144,"height":144,"mime_type":"image\/jpeg","source_url":"https:\/\/eltrabajo.cl\/portal\/wp-content\/uploads\/2016\/10\/Fans-denver-144x144.jpg"},"full":{"file":"Fans-denver.jpg?fit=530%2C350&ssl=1","width":530,"height":350,"mime_type":"image\/jpeg","source_url":"https:\/\/i0.wp.com\/eltrabajo.cl\/portal\/wp-content\/uploads\/2016\/10\/Fans-denver.jpg?fit=530%2C350&ssl=1"}},"image_meta":{"aperture":"0","credit":"","camera":"","caption":"","created_timestamp":"0","copyright":"","focal_length":"0","iso":"0","shutter_speed":"0","title":"","orientation":"0","keywords":[]}},"post":74241,"source_url":"https:\/\/eltrabajo.cl\/portal\/wp-content\/uploads\/2016\/10\/Fans-denver.jpg","_links":{"self":[{"href":"https:\/\/eltrabajo.cl\/portal\/wp-json\/wp\/v2\/media\/74243","targetHints":{"allow":["GET"]}}],"collection":[{"href":"https:\/\/eltrabajo.cl\/portal\/wp-json\/wp\/v2\/media"}],"about":[{"href":"https:\/\/eltrabajo.cl\/portal\/wp-json\/wp\/v2\/types\/attachment"}],"author":[{"embeddable":true,"href":"https:\/\/eltrabajo.cl\/portal\/wp-json\/wp\/v2\/users\/1"}],"replies":[{"embeddable":true,"href":"https:\/\/eltrabajo.cl\/portal\/wp-json\/wp\/v2\/comments?post=74243"}],"wp:attached-to":[{"embeddable":true,"post_type":"post","id":74241,"href":"https:\/\/eltrabajo.cl\/portal\/wp-json\/wp\/v2\/posts\/74241"}],"curies":[{"name":"wp","href":"https:\/\/api.w.org\/{rel}","templated":true}]}}

LOCOS POR DËNVER.- Aunque fue de noche el concierto, desde horas de la tarde los fans de Dënver hacían fila para poder ingresar al teatro.

<p class="attachment"><a href="https://i0.wp.com/eltrabajo.cl/portal/wp-content/uploads/2016/10/Fans-denver.jpg?ssl=1"><img loading="lazy" decoding="async" width="300" height="198" src="https://i0.wp.com/eltrabajo.cl/portal/wp-content/uploads/2016/10/Fans-denver.jpg?fit=300%2C198&amp;ssl=1" class="attachment-medium size-medium" alt="LOCOS POR DËNVER.- Aunque fue de noche el concierto, desde horas de la tarde los fans de Dënver hacían fila para poder ingresar al teatro." srcset="https://i0.wp.com/eltrabajo.cl/portal/wp-content/uploads/2016/10/Fans-denver.jpg?w=530&amp;ssl=1 530w, https://i0.wp.com/eltrabajo.cl/portal/wp-content/uploads/2016/10/Fans-denver.jpg?resize=200%2C132&amp;ssl=1 200w, https://i0.wp.com/eltrabajo.cl/portal/wp-content/uploads/2016/10/Fans-denver.jpg?resize=300%2C198&amp;ssl=1 300w, https://i0.wp.com/eltrabajo.cl/portal/wp-content/uploads/2016/10/Fans-denver.jpg?resize=227%2C150&amp;ssl=1 227w, https://i0.wp.com/eltrabajo.cl/portal/wp-content/uploads/2016/10/Fans-denver.jpg?resize=400%2C264&amp;ssl=1 400w" sizes="auto, (max-width: 300px) 100vw, 300px" /></a></p>
<p>LOCOS POR DËNVER.- Aunque fue de noche el concierto, desde horas de la tarde los fans de Dënver hacían fila para poder ingresar al teatro.</p>

<p>LOCOS POR DËNVER.- Aunque fue de noche el concierto, desde horas de la tarde los fans de Dënver hacían fila para poder ingresar al teatro.</p>
