{"id":74632,"date":"2016-10-19T08:49:05","date_gmt":"2016-10-19T11:49:05","guid":{"rendered":"http:\/\/www.eltrabajo.cl\/portal\/wp-content\/uploads\/2016\/10\/FOTO-5-JOVENES.jpg"},"modified":"2016-10-19T08:49:32","modified_gmt":"2016-10-19T11:49:32","slug":"foto-5-jovenes","status":"inherit","type":"attachment","link":"https:\/\/eltrabajo.cl\/portal\/en-plaza-civica-de-san-felipe-inauguran-6a-version-de-la-expo-empleo-aiep\/foto-5-jovenes\/","title":{"rendered":"Gran cantidad de j\u00f3venes, en su mayor\u00eda estudiantes de Educaci\u00f3n Superior, llegaron a presentar sus curr\u00edculum a la Expo Empleo y as\u00ed conseguir uno de los 2200 puestos de trabajo que se ofrecen este a\u00f1o."},"author":1,"featured_media":0,"comment_status":"open","ping_status":"closed","template":"","meta":{"advanced_seo_description":"","jetpack_seo_html_title":"","jetpack_seo_noindex":false},"class_list":["post-74632","attachment","type-attachment","status-inherit","hentry"],"jetpack_sharing_enabled":true,"jetpack_likes_enabled":true,"description":{"rendered":"<p class=\"attachment\"><a href=\"https:\/\/i0.wp.com\/eltrabajo.cl\/portal\/wp-content\/uploads\/2016\/10\/FOTO-5-JOVENES.jpg?ssl=1\"><img loading=\"lazy\" decoding=\"async\" width=\"300\" height=\"198\" src=\"https:\/\/i0.wp.com\/eltrabajo.cl\/portal\/wp-content\/uploads\/2016\/10\/FOTO-5-JOVENES.jpg?fit=300%2C198&amp;ssl=1\" class=\"attachment-medium size-medium\" alt=\"Gran cantidad de j\u00f3venes, en su mayor\u00eda estudiantes de Educaci\u00f3n Superior, llegaron a presentar sus curr\u00edculum a la Expo Empleo y as\u00ed conseguir uno de los 2200 puestos de trabajo que se ofrecen este a\u00f1o.\" srcset=\"https:\/\/i0.wp.com\/eltrabajo.cl\/portal\/wp-content\/uploads\/2016\/10\/FOTO-5-JOVENES.jpg?w=530&amp;ssl=1 530w, https:\/\/i0.wp.com\/eltrabajo.cl\/portal\/wp-content\/uploads\/2016\/10\/FOTO-5-JOVENES.jpg?resize=200%2C132&amp;ssl=1 200w, https:\/\/i0.wp.com\/eltrabajo.cl\/portal\/wp-content\/uploads\/2016\/10\/FOTO-5-JOVENES.jpg?resize=300%2C198&amp;ssl=1 300w, https:\/\/i0.wp.com\/eltrabajo.cl\/portal\/wp-content\/uploads\/2016\/10\/FOTO-5-JOVENES.jpg?resize=227%2C150&amp;ssl=1 227w, https:\/\/i0.wp.com\/eltrabajo.cl\/portal\/wp-content\/uploads\/2016\/10\/FOTO-5-JOVENES.jpg?resize=400%2C264&amp;ssl=1 400w\" sizes=\"auto, (max-width: 300px) 100vw, 300px\" \/><\/a><\/p>\n<p>Gran cantidad de j\u00f3venes, en su mayor\u00eda estudiantes de Educaci\u00f3n Superior, llegaron a presentar sus curr\u00edculum a la Expo Empleo y as\u00ed conseguir uno de los 2200 puestos de trabajo que se ofrecen este a\u00f1o.<\/p>\n"},"caption":{"rendered":"<p>Gran cantidad de j\u00f3venes, en su mayor\u00eda estudiantes de Educaci\u00f3n Superior, llegaron a presentar sus curr\u00edculum a la Expo Empleo y as\u00ed conseguir uno de los 2200 puestos de trabajo que se ofrecen este a\u00f1o.<\/p>\n"},"alt_text":"Gran cantidad de j\u00f3venes, en su mayor\u00eda estudiantes de Educaci\u00f3n Superior, llegaron a presentar sus curr\u00edculum a la Expo Empleo y as\u00ed conseguir uno de los 2200 puestos de trabajo que se ofrecen este a\u00f1o.","media_type":"image","mime_type":"image\/jpeg","media_details":{"width":530,"height":350,"file":"2016\/10\/FOTO-5-JOVENES.jpg","sizes":{"thumbnail":{"file":"FOTO-5-JOVENES-200x132.jpg","width":200,"height":132,"mime_type":"image\/jpeg","source_url":"https:\/\/i0.wp.com\/eltrabajo.cl\/portal\/wp-content\/uploads\/2016\/10\/FOTO-5-JOVENES.jpg?fit=200%2C132&ssl=1"},"medium":{"file":"FOTO-5-JOVENES-300x198.jpg","width":300,"height":198,"mime_type":"image\/jpeg","source_url":"https:\/\/i0.wp.com\/eltrabajo.cl\/portal\/wp-content\/uploads\/2016\/10\/FOTO-5-JOVENES.jpg?fit=300%2C198&ssl=1"},"post-thumbnail":{"file":"FOTO-5-JOVENES-227x150.jpg","width":227,"height":150,"mime_type":"image\/jpeg","source_url":"https:\/\/i0.wp.com\/eltrabajo.cl\/portal\/wp-content\/uploads\/2016\/10\/FOTO-5-JOVENES.jpg?fit=227%2C150&ssl=1"},"single-post-thumbnail":{"file":"FOTO-5-JOVENES-400x264.jpg","width":400,"height":264,"mime_type":"image\/jpeg","source_url":"https:\/\/eltrabajo.cl\/portal\/wp-content\/uploads\/2016\/10\/FOTO-5-JOVENES-400x264.jpg"},"wptouch-new-thumbnail":{"file":"FOTO-5-JOVENES-144x144.jpg","width":144,"height":144,"mime_type":"image\/jpeg","source_url":"https:\/\/eltrabajo.cl\/portal\/wp-content\/uploads\/2016\/10\/FOTO-5-JOVENES-144x144.jpg"},"full":{"file":"FOTO-5-JOVENES.jpg?fit=530%2C350&ssl=1","width":530,"height":350,"mime_type":"image\/jpeg","source_url":"https:\/\/i0.wp.com\/eltrabajo.cl\/portal\/wp-content\/uploads\/2016\/10\/FOTO-5-JOVENES.jpg?fit=530%2C350&ssl=1"}},"image_meta":{"aperture":"0","credit":"","camera":"","caption":"","created_timestamp":"0","copyright":"","focal_length":"0","iso":"0","shutter_speed":"0","title":"","orientation":"0","keywords":[]}},"post":74630,"source_url":"https:\/\/eltrabajo.cl\/portal\/wp-content\/uploads\/2016\/10\/FOTO-5-JOVENES.jpg","_links":{"self":[{"href":"https:\/\/eltrabajo.cl\/portal\/wp-json\/wp\/v2\/media\/74632","targetHints":{"allow":["GET"]}}],"collection":[{"href":"https:\/\/eltrabajo.cl\/portal\/wp-json\/wp\/v2\/media"}],"about":[{"href":"https:\/\/eltrabajo.cl\/portal\/wp-json\/wp\/v2\/types\/attachment"}],"author":[{"embeddable":true,"href":"https:\/\/eltrabajo.cl\/portal\/wp-json\/wp\/v2\/users\/1"}],"replies":[{"embeddable":true,"href":"https:\/\/eltrabajo.cl\/portal\/wp-json\/wp\/v2\/comments?post=74632"}],"wp:attached-to":[{"embeddable":true,"post_type":"post","id":74630,"href":"https:\/\/eltrabajo.cl\/portal\/wp-json\/wp\/v2\/posts\/74630"}],"curies":[{"name":"wp","href":"https:\/\/api.w.org\/{rel}","templated":true}]}}

Gran cantidad de jóvenes, en su mayoría estudiantes de Educación Superior, llegaron a presentar sus currículum a la Expo Empleo y así conseguir uno de los 2200 puestos de trabajo que se ofrecen este año.

<p class="attachment"><a href="https://i0.wp.com/eltrabajo.cl/portal/wp-content/uploads/2016/10/FOTO-5-JOVENES.jpg?ssl=1"><img loading="lazy" decoding="async" width="300" height="198" src="https://i0.wp.com/eltrabajo.cl/portal/wp-content/uploads/2016/10/FOTO-5-JOVENES.jpg?fit=300%2C198&amp;ssl=1" class="attachment-medium size-medium" alt="Gran cantidad de jóvenes, en su mayoría estudiantes de Educación Superior, llegaron a presentar sus currículum a la Expo Empleo y así conseguir uno de los 2200 puestos de trabajo que se ofrecen este año." srcset="https://i0.wp.com/eltrabajo.cl/portal/wp-content/uploads/2016/10/FOTO-5-JOVENES.jpg?w=530&amp;ssl=1 530w, https://i0.wp.com/eltrabajo.cl/portal/wp-content/uploads/2016/10/FOTO-5-JOVENES.jpg?resize=200%2C132&amp;ssl=1 200w, https://i0.wp.com/eltrabajo.cl/portal/wp-content/uploads/2016/10/FOTO-5-JOVENES.jpg?resize=300%2C198&amp;ssl=1 300w, https://i0.wp.com/eltrabajo.cl/portal/wp-content/uploads/2016/10/FOTO-5-JOVENES.jpg?resize=227%2C150&amp;ssl=1 227w, https://i0.wp.com/eltrabajo.cl/portal/wp-content/uploads/2016/10/FOTO-5-JOVENES.jpg?resize=400%2C264&amp;ssl=1 400w" sizes="auto, (max-width: 300px) 100vw, 300px" /></a></p>
<p>Gran cantidad de jóvenes, en su mayoría estudiantes de Educación Superior, llegaron a presentar sus currículum a la Expo Empleo y así conseguir uno de los 2200 puestos de trabajo que se ofrecen este año.</p>

<p>Gran cantidad de jóvenes, en su mayoría estudiantes de Educación Superior, llegaron a presentar sus currículum a la Expo Empleo y así conseguir uno de los 2200 puestos de trabajo que se ofrecen este año.</p>
