{"id":74901,"date":"2016-10-28T08:38:51","date_gmt":"2016-10-28T11:38:51","guid":{"rendered":"http:\/\/www.eltrabajo.cl\/portal\/wp-content\/uploads\/2016\/10\/Ganador33.jpg"},"modified":"2016-10-28T08:39:36","modified_gmt":"2016-10-28T11:39:36","slug":"ganador33","status":"inherit","type":"attachment","link":"https:\/\/eltrabajo.cl\/portal\/con-relato-confieso-que-he-vivido-conocido-contador-gana-concurso-literario\/ganador33\/","title":{"rendered":"RELATO GANADOR.- As\u00ed figura en la p\u00e1gina 45 su relato, p\u00e1rrafos que registran toda una dram\u00e1tica historia que muchos deber\u00edamos leer, para recibir una luz de esperanza en este mundo de tinieblas y temores personales."},"author":1,"featured_media":0,"comment_status":"open","ping_status":"closed","template":"","meta":{"advanced_seo_description":"","jetpack_seo_html_title":"","jetpack_seo_noindex":false},"class_list":["post-74901","attachment","type-attachment","status-inherit","hentry"],"jetpack_sharing_enabled":true,"jetpack_likes_enabled":true,"description":{"rendered":"<p class=\"attachment\"><a href=\"https:\/\/i0.wp.com\/eltrabajo.cl\/portal\/wp-content\/uploads\/2016\/10\/Ganador33.jpg?ssl=1\"><img loading=\"lazy\" decoding=\"async\" width=\"300\" height=\"197\" src=\"https:\/\/i0.wp.com\/eltrabajo.cl\/portal\/wp-content\/uploads\/2016\/10\/Ganador33.jpg?fit=300%2C197&amp;ssl=1\" class=\"attachment-medium size-medium\" alt=\"RELATO GANADOR.- As\u00ed figura en la p\u00e1gina 45 su relato, p\u00e1rrafos que registran toda una dram\u00e1tica historia que muchos deber\u00edamos leer, para recibir una luz de esperanza en este mundo de tinieblas y temores personales.\" srcset=\"https:\/\/i0.wp.com\/eltrabajo.cl\/portal\/wp-content\/uploads\/2016\/10\/Ganador33.jpg?w=530&amp;ssl=1 530w, https:\/\/i0.wp.com\/eltrabajo.cl\/portal\/wp-content\/uploads\/2016\/10\/Ganador33.jpg?resize=200%2C131&amp;ssl=1 200w, https:\/\/i0.wp.com\/eltrabajo.cl\/portal\/wp-content\/uploads\/2016\/10\/Ganador33.jpg?resize=300%2C197&amp;ssl=1 300w, https:\/\/i0.wp.com\/eltrabajo.cl\/portal\/wp-content\/uploads\/2016\/10\/Ganador33.jpg?resize=228%2C150&amp;ssl=1 228w, https:\/\/i0.wp.com\/eltrabajo.cl\/portal\/wp-content\/uploads\/2016\/10\/Ganador33.jpg?resize=400%2C263&amp;ssl=1 400w\" sizes=\"auto, (max-width: 300px) 100vw, 300px\" \/><\/a><\/p>\n<p>RELATO GANADOR.- As\u00ed figura en la p\u00e1gina 45 su relato, p\u00e1rrafos que registran toda una dram\u00e1tica historia que muchos deber\u00edamos leer, para recibir una luz de esperanza en este mundo de tinieblas y temores personales.<\/p>\n"},"caption":{"rendered":"<p>RELATO GANADOR.- As\u00ed figura en la p\u00e1gina 45 su relato, p\u00e1rrafos que registran toda una dram\u00e1tica historia que muchos deber\u00edamos leer, para recibir una luz de esperanza en este mundo de tinieblas y temores personales.<\/p>\n"},"alt_text":"RELATO GANADOR.- As\u00ed figura en la p\u00e1gina 45 su relato, p\u00e1rrafos que registran toda una dram\u00e1tica historia que muchos deber\u00edamos leer, para recibir una luz de esperanza en este mundo de tinieblas y temores personales.","media_type":"image","mime_type":"image\/jpeg","media_details":{"width":530,"height":348,"file":"2016\/10\/Ganador33.jpg","sizes":{"thumbnail":{"file":"Ganador33-200x131.jpg","width":200,"height":131,"mime_type":"image\/jpeg","source_url":"https:\/\/i0.wp.com\/eltrabajo.cl\/portal\/wp-content\/uploads\/2016\/10\/Ganador33.jpg?fit=200%2C131&ssl=1"},"medium":{"file":"Ganador33-300x197.jpg","width":300,"height":197,"mime_type":"image\/jpeg","source_url":"https:\/\/i0.wp.com\/eltrabajo.cl\/portal\/wp-content\/uploads\/2016\/10\/Ganador33.jpg?fit=300%2C197&ssl=1"},"post-thumbnail":{"file":"Ganador33-228x150.jpg","width":228,"height":150,"mime_type":"image\/jpeg","source_url":"https:\/\/i0.wp.com\/eltrabajo.cl\/portal\/wp-content\/uploads\/2016\/10\/Ganador33.jpg?fit=228%2C150&ssl=1"},"single-post-thumbnail":{"file":"Ganador33-400x263.jpg","width":400,"height":263,"mime_type":"image\/jpeg","source_url":"https:\/\/eltrabajo.cl\/portal\/wp-content\/uploads\/2016\/10\/Ganador33-400x263.jpg"},"wptouch-new-thumbnail":{"file":"Ganador33-144x144.jpg","width":144,"height":144,"mime_type":"image\/jpeg","source_url":"https:\/\/eltrabajo.cl\/portal\/wp-content\/uploads\/2016\/10\/Ganador33-144x144.jpg"},"full":{"file":"Ganador33.jpg?fit=530%2C348&ssl=1","width":530,"height":348,"mime_type":"image\/jpeg","source_url":"https:\/\/i0.wp.com\/eltrabajo.cl\/portal\/wp-content\/uploads\/2016\/10\/Ganador33.jpg?fit=530%2C348&ssl=1"}},"image_meta":{"aperture":"0","credit":"","camera":"","caption":"","created_timestamp":"0","copyright":"","focal_length":"0","iso":"0","shutter_speed":"0","title":"","orientation":"0","keywords":[]}},"post":74900,"source_url":"https:\/\/eltrabajo.cl\/portal\/wp-content\/uploads\/2016\/10\/Ganador33.jpg","_links":{"self":[{"href":"https:\/\/eltrabajo.cl\/portal\/wp-json\/wp\/v2\/media\/74901","targetHints":{"allow":["GET"]}}],"collection":[{"href":"https:\/\/eltrabajo.cl\/portal\/wp-json\/wp\/v2\/media"}],"about":[{"href":"https:\/\/eltrabajo.cl\/portal\/wp-json\/wp\/v2\/types\/attachment"}],"author":[{"embeddable":true,"href":"https:\/\/eltrabajo.cl\/portal\/wp-json\/wp\/v2\/users\/1"}],"replies":[{"embeddable":true,"href":"https:\/\/eltrabajo.cl\/portal\/wp-json\/wp\/v2\/comments?post=74901"}],"wp:attached-to":[{"embeddable":true,"post_type":"post","id":74900,"href":"https:\/\/eltrabajo.cl\/portal\/wp-json\/wp\/v2\/posts\/74900"}],"curies":[{"name":"wp","href":"https:\/\/api.w.org\/{rel}","templated":true}]}}

RELATO GANADOR.- Así figura en la página 45 su relato, párrafos que registran toda una dramática historia que muchos deberíamos leer, para recibir una luz de esperanza en este mundo de tinieblas y temores personales.

<p class="attachment"><a href="https://i0.wp.com/eltrabajo.cl/portal/wp-content/uploads/2016/10/Ganador33.jpg?ssl=1"><img loading="lazy" decoding="async" width="300" height="197" src="https://i0.wp.com/eltrabajo.cl/portal/wp-content/uploads/2016/10/Ganador33.jpg?fit=300%2C197&amp;ssl=1" class="attachment-medium size-medium" alt="RELATO GANADOR.- Así figura en la página 45 su relato, párrafos que registran toda una dramática historia que muchos deberíamos leer, para recibir una luz de esperanza en este mundo de tinieblas y temores personales." srcset="https://i0.wp.com/eltrabajo.cl/portal/wp-content/uploads/2016/10/Ganador33.jpg?w=530&amp;ssl=1 530w, https://i0.wp.com/eltrabajo.cl/portal/wp-content/uploads/2016/10/Ganador33.jpg?resize=200%2C131&amp;ssl=1 200w, https://i0.wp.com/eltrabajo.cl/portal/wp-content/uploads/2016/10/Ganador33.jpg?resize=300%2C197&amp;ssl=1 300w, https://i0.wp.com/eltrabajo.cl/portal/wp-content/uploads/2016/10/Ganador33.jpg?resize=228%2C150&amp;ssl=1 228w, https://i0.wp.com/eltrabajo.cl/portal/wp-content/uploads/2016/10/Ganador33.jpg?resize=400%2C263&amp;ssl=1 400w" sizes="auto, (max-width: 300px) 100vw, 300px" /></a></p>
<p>RELATO GANADOR.- Así figura en la página 45 su relato, párrafos que registran toda una dramática historia que muchos deberíamos leer, para recibir una luz de esperanza en este mundo de tinieblas y temores personales.</p>

<p>RELATO GANADOR.- Así figura en la página 45 su relato, párrafos que registran toda una dramática historia que muchos deberíamos leer, para recibir una luz de esperanza en este mundo de tinieblas y temores personales.</p>
