{"id":74949,"date":"2016-11-02T08:20:37","date_gmt":"2016-11-02T11:20:37","guid":{"rendered":"http:\/\/www.eltrabajo.cl\/portal\/wp-content\/uploads\/2016\/11\/evangelicos-Peluqueria1.jpg"},"modified":"2016-11-02T08:21:33","modified_gmt":"2016-11-02T11:21:33","slug":"evangelicos-peluqueria1","status":"inherit","type":"attachment","link":"https:\/\/eltrabajo.cl\/portal\/con-musica-oraciones-y-alabando-a-dios-evangelicos-celebran-su-dia\/evangelicos-peluqueria1\/","title":{"rendered":"GRAN OPERATIVO.- Hubo tambi\u00e9n operativo de peluquer\u00eda, podolog\u00eda, asesor\u00eda jur\u00eddica, comercial y psicol\u00f3gica."},"author":1,"featured_media":0,"comment_status":"open","ping_status":"closed","template":"","meta":{"advanced_seo_description":"","jetpack_seo_html_title":"","jetpack_seo_noindex":false},"class_list":["post-74949","attachment","type-attachment","status-inherit","hentry"],"jetpack_sharing_enabled":true,"jetpack_likes_enabled":true,"description":{"rendered":"<p class=\"attachment\"><a href=\"https:\/\/i0.wp.com\/eltrabajo.cl\/portal\/wp-content\/uploads\/2016\/11\/evangelicos-Peluqueria1.jpg?ssl=1\"><img loading=\"lazy\" decoding=\"async\" width=\"300\" height=\"198\" src=\"https:\/\/i0.wp.com\/eltrabajo.cl\/portal\/wp-content\/uploads\/2016\/11\/evangelicos-Peluqueria1.jpg?fit=300%2C198&amp;ssl=1\" class=\"attachment-medium size-medium\" alt=\"GRAN OPERATIVO.- Hubo tambi\u00e9n operativo de peluquer\u00eda, podolog\u00eda, asesor\u00eda jur\u00eddica, comercial y psicol\u00f3gica.\" srcset=\"https:\/\/i0.wp.com\/eltrabajo.cl\/portal\/wp-content\/uploads\/2016\/11\/evangelicos-Peluqueria1.jpg?w=530&amp;ssl=1 530w, https:\/\/i0.wp.com\/eltrabajo.cl\/portal\/wp-content\/uploads\/2016\/11\/evangelicos-Peluqueria1.jpg?resize=200%2C132&amp;ssl=1 200w, https:\/\/i0.wp.com\/eltrabajo.cl\/portal\/wp-content\/uploads\/2016\/11\/evangelicos-Peluqueria1.jpg?resize=300%2C198&amp;ssl=1 300w, https:\/\/i0.wp.com\/eltrabajo.cl\/portal\/wp-content\/uploads\/2016\/11\/evangelicos-Peluqueria1.jpg?resize=228%2C150&amp;ssl=1 228w, https:\/\/i0.wp.com\/eltrabajo.cl\/portal\/wp-content\/uploads\/2016\/11\/evangelicos-Peluqueria1.jpg?resize=400%2C263&amp;ssl=1 400w\" sizes=\"auto, (max-width: 300px) 100vw, 300px\" \/><\/a><\/p>\n<p>GRAN OPERATIVO.- Hubo tambi\u00e9n operativo de peluquer\u00eda, podolog\u00eda, asesor\u00eda jur\u00eddica, comercial y psicol\u00f3gica.<\/p>\n"},"caption":{"rendered":"<p>GRAN OPERATIVO.- Hubo tambi\u00e9n operativo de peluquer\u00eda, podolog\u00eda, asesor\u00eda jur\u00eddica, comercial y psicol\u00f3gica.<\/p>\n"},"alt_text":"GRAN OPERATIVO.- Hubo tambi\u00e9n operativo de peluquer\u00eda, podolog\u00eda, asesor\u00eda jur\u00eddica, comercial y psicol\u00f3gica.","media_type":"image","mime_type":"image\/jpeg","media_details":{"width":530,"height":349,"file":"2016\/11\/evangelicos-Peluqueria1.jpg","sizes":{"thumbnail":{"file":"evangelicos-Peluqueria1-200x132.jpg","width":200,"height":132,"mime_type":"image\/jpeg","source_url":"https:\/\/i0.wp.com\/eltrabajo.cl\/portal\/wp-content\/uploads\/2016\/11\/evangelicos-Peluqueria1.jpg?fit=200%2C132&ssl=1"},"medium":{"file":"evangelicos-Peluqueria1-300x198.jpg","width":300,"height":198,"mime_type":"image\/jpeg","source_url":"https:\/\/i0.wp.com\/eltrabajo.cl\/portal\/wp-content\/uploads\/2016\/11\/evangelicos-Peluqueria1.jpg?fit=300%2C198&ssl=1"},"post-thumbnail":{"file":"evangelicos-Peluqueria1-228x150.jpg","width":228,"height":150,"mime_type":"image\/jpeg","source_url":"https:\/\/i0.wp.com\/eltrabajo.cl\/portal\/wp-content\/uploads\/2016\/11\/evangelicos-Peluqueria1.jpg?fit=228%2C150&ssl=1"},"single-post-thumbnail":{"file":"evangelicos-Peluqueria1-400x263.jpg","width":400,"height":263,"mime_type":"image\/jpeg","source_url":"https:\/\/eltrabajo.cl\/portal\/wp-content\/uploads\/2016\/11\/evangelicos-Peluqueria1-400x263.jpg"},"wptouch-new-thumbnail":{"file":"evangelicos-Peluqueria1-144x144.jpg","width":144,"height":144,"mime_type":"image\/jpeg","source_url":"https:\/\/eltrabajo.cl\/portal\/wp-content\/uploads\/2016\/11\/evangelicos-Peluqueria1-144x144.jpg"},"full":{"file":"evangelicos-Peluqueria1.jpg?fit=530%2C349&ssl=1","width":530,"height":349,"mime_type":"image\/jpeg","source_url":"https:\/\/i0.wp.com\/eltrabajo.cl\/portal\/wp-content\/uploads\/2016\/11\/evangelicos-Peluqueria1.jpg?fit=530%2C349&ssl=1"}},"image_meta":{"aperture":"0","credit":"","camera":"","caption":"","created_timestamp":"0","copyright":"","focal_length":"0","iso":"0","shutter_speed":"0","title":"","orientation":"0","keywords":[]}},"post":74945,"source_url":"https:\/\/eltrabajo.cl\/portal\/wp-content\/uploads\/2016\/11\/evangelicos-Peluqueria1.jpg","_links":{"self":[{"href":"https:\/\/eltrabajo.cl\/portal\/wp-json\/wp\/v2\/media\/74949","targetHints":{"allow":["GET"]}}],"collection":[{"href":"https:\/\/eltrabajo.cl\/portal\/wp-json\/wp\/v2\/media"}],"about":[{"href":"https:\/\/eltrabajo.cl\/portal\/wp-json\/wp\/v2\/types\/attachment"}],"author":[{"embeddable":true,"href":"https:\/\/eltrabajo.cl\/portal\/wp-json\/wp\/v2\/users\/1"}],"replies":[{"embeddable":true,"href":"https:\/\/eltrabajo.cl\/portal\/wp-json\/wp\/v2\/comments?post=74949"}],"wp:attached-to":[{"embeddable":true,"post_type":"post","id":74945,"href":"https:\/\/eltrabajo.cl\/portal\/wp-json\/wp\/v2\/posts\/74945"}],"curies":[{"name":"wp","href":"https:\/\/api.w.org\/{rel}","templated":true}]}}

GRAN OPERATIVO.- Hubo también operativo de peluquería, podología, asesoría jurídica, comercial y psicológica.

<p class="attachment"><a href="https://i0.wp.com/eltrabajo.cl/portal/wp-content/uploads/2016/11/evangelicos-Peluqueria1.jpg?ssl=1"><img loading="lazy" decoding="async" width="300" height="198" src="https://i0.wp.com/eltrabajo.cl/portal/wp-content/uploads/2016/11/evangelicos-Peluqueria1.jpg?fit=300%2C198&amp;ssl=1" class="attachment-medium size-medium" alt="GRAN OPERATIVO.- Hubo también operativo de peluquería, podología, asesoría jurídica, comercial y psicológica." srcset="https://i0.wp.com/eltrabajo.cl/portal/wp-content/uploads/2016/11/evangelicos-Peluqueria1.jpg?w=530&amp;ssl=1 530w, https://i0.wp.com/eltrabajo.cl/portal/wp-content/uploads/2016/11/evangelicos-Peluqueria1.jpg?resize=200%2C132&amp;ssl=1 200w, https://i0.wp.com/eltrabajo.cl/portal/wp-content/uploads/2016/11/evangelicos-Peluqueria1.jpg?resize=300%2C198&amp;ssl=1 300w, https://i0.wp.com/eltrabajo.cl/portal/wp-content/uploads/2016/11/evangelicos-Peluqueria1.jpg?resize=228%2C150&amp;ssl=1 228w, https://i0.wp.com/eltrabajo.cl/portal/wp-content/uploads/2016/11/evangelicos-Peluqueria1.jpg?resize=400%2C263&amp;ssl=1 400w" sizes="auto, (max-width: 300px) 100vw, 300px" /></a></p>
<p>GRAN OPERATIVO.- Hubo también operativo de peluquería, podología, asesoría jurídica, comercial y psicológica.</p>

<p>GRAN OPERATIVO.- Hubo también operativo de peluquería, podología, asesoría jurídica, comercial y psicológica.</p>
