{"id":75046,"date":"2016-11-07T08:33:54","date_gmt":"2016-11-07T11:33:54","guid":{"rendered":"http:\/\/www.eltrabajo.cl\/portal\/wp-content\/uploads\/2016\/11\/DEL-REAL.jpg"},"modified":"2016-11-07T08:34:23","modified_gmt":"2016-11-07T11:34:23","slug":"del-real","status":"inherit","type":"attachment","link":"https:\/\/eltrabajo.cl\/portal\/alumnos-conmovidos-con-narracion-biografica-de-joven-portadora-de-vih\/del-real\/","title":{"rendered":"Carolina del Real, a trav\u00e9s de una presentaci\u00f3n autoreferente, cont\u00f3 a los j\u00f3venes como se contagio de Sida. Su obra llamada \u2018Que a ti no te Pase\u2019, dej\u00f3 de manifiesto que esta enfermedad no mira clases sociales, por lo tanto llama a cuidarse."},"author":1,"featured_media":0,"comment_status":"open","ping_status":"closed","template":"","meta":{"advanced_seo_description":"","jetpack_seo_html_title":"","jetpack_seo_noindex":false},"class_list":["post-75046","attachment","type-attachment","status-inherit","hentry"],"jetpack_sharing_enabled":true,"jetpack_likes_enabled":true,"description":{"rendered":"<p class=\"attachment\"><a href=\"https:\/\/i0.wp.com\/eltrabajo.cl\/portal\/wp-content\/uploads\/2016\/11\/DEL-REAL.jpg?ssl=1\"><img loading=\"lazy\" decoding=\"async\" width=\"300\" height=\"198\" src=\"https:\/\/i0.wp.com\/eltrabajo.cl\/portal\/wp-content\/uploads\/2016\/11\/DEL-REAL.jpg?fit=300%2C198&amp;ssl=1\" class=\"attachment-medium size-medium\" alt=\"Carolina del Real, a trav\u00e9s de una presentaci\u00f3n autoreferente, cont\u00f3 a los j\u00f3venes como se contagio de Sida. Su obra llamada \u2018Que a ti no te Pase\u2019, dej\u00f3 de manifiesto que esta enfermedad no mira clases sociales, por lo tanto llama a cuidarse.\" srcset=\"https:\/\/i0.wp.com\/eltrabajo.cl\/portal\/wp-content\/uploads\/2016\/11\/DEL-REAL.jpg?w=530&amp;ssl=1 530w, https:\/\/i0.wp.com\/eltrabajo.cl\/portal\/wp-content\/uploads\/2016\/11\/DEL-REAL.jpg?resize=200%2C132&amp;ssl=1 200w, https:\/\/i0.wp.com\/eltrabajo.cl\/portal\/wp-content\/uploads\/2016\/11\/DEL-REAL.jpg?resize=300%2C198&amp;ssl=1 300w, https:\/\/i0.wp.com\/eltrabajo.cl\/portal\/wp-content\/uploads\/2016\/11\/DEL-REAL.jpg?resize=228%2C150&amp;ssl=1 228w, https:\/\/i0.wp.com\/eltrabajo.cl\/portal\/wp-content\/uploads\/2016\/11\/DEL-REAL.jpg?resize=400%2C263&amp;ssl=1 400w\" sizes=\"auto, (max-width: 300px) 100vw, 300px\" \/><\/a><\/p>\n<p>Carolina del Real, a trav\u00e9s de una presentaci\u00f3n autoreferente, cont\u00f3 a los j\u00f3venes como se contagio de Sida. Su obra llamada \u2018Que a ti no te Pase\u2019, dej\u00f3 de manifiesto que esta enfermedad no mira clases sociales, por lo tanto llama a cuidarse. <\/p>\n"},"caption":{"rendered":"<p>Carolina del Real, a trav\u00e9s de una presentaci\u00f3n autoreferente, cont\u00f3 a los j\u00f3venes como se contagio de Sida. Su obra llamada \u2018Que a ti no te Pase\u2019, dej\u00f3 de manifiesto que esta enfermedad no mira clases sociales, por lo tanto llama a cuidarse. <\/p>\n"},"alt_text":"Carolina del Real, a trav\u00e9s de una presentaci\u00f3n autoreferente, cont\u00f3 a los j\u00f3venes como se contagio de Sida. Su obra llamada \u2018Que a ti no te Pase\u2019, dej\u00f3 de manifiesto que esta enfermedad no mira clases sociales, por lo tanto llama a cuidarse.","media_type":"image","mime_type":"image\/jpeg","media_details":{"width":530,"height":349,"file":"2016\/11\/DEL-REAL.jpg","sizes":{"thumbnail":{"file":"DEL-REAL-200x132.jpg","width":200,"height":132,"mime_type":"image\/jpeg","source_url":"https:\/\/i0.wp.com\/eltrabajo.cl\/portal\/wp-content\/uploads\/2016\/11\/DEL-REAL.jpg?fit=200%2C132&ssl=1"},"medium":{"file":"DEL-REAL-300x198.jpg","width":300,"height":198,"mime_type":"image\/jpeg","source_url":"https:\/\/i0.wp.com\/eltrabajo.cl\/portal\/wp-content\/uploads\/2016\/11\/DEL-REAL.jpg?fit=300%2C198&ssl=1"},"post-thumbnail":{"file":"DEL-REAL-228x150.jpg","width":228,"height":150,"mime_type":"image\/jpeg","source_url":"https:\/\/i0.wp.com\/eltrabajo.cl\/portal\/wp-content\/uploads\/2016\/11\/DEL-REAL.jpg?fit=228%2C150&ssl=1"},"single-post-thumbnail":{"file":"DEL-REAL-400x263.jpg","width":400,"height":263,"mime_type":"image\/jpeg","source_url":"https:\/\/eltrabajo.cl\/portal\/wp-content\/uploads\/2016\/11\/DEL-REAL-400x263.jpg"},"wptouch-new-thumbnail":{"file":"DEL-REAL-144x144.jpg","width":144,"height":144,"mime_type":"image\/jpeg","source_url":"https:\/\/eltrabajo.cl\/portal\/wp-content\/uploads\/2016\/11\/DEL-REAL-144x144.jpg"},"full":{"file":"DEL-REAL.jpg?fit=530%2C349&ssl=1","width":530,"height":349,"mime_type":"image\/jpeg","source_url":"https:\/\/i0.wp.com\/eltrabajo.cl\/portal\/wp-content\/uploads\/2016\/11\/DEL-REAL.jpg?fit=530%2C349&ssl=1"}},"image_meta":{"aperture":"0","credit":"","camera":"","caption":"","created_timestamp":"0","copyright":"","focal_length":"0","iso":"0","shutter_speed":"0","title":"","orientation":"0","keywords":[]}},"post":75044,"source_url":"https:\/\/eltrabajo.cl\/portal\/wp-content\/uploads\/2016\/11\/DEL-REAL.jpg","_links":{"self":[{"href":"https:\/\/eltrabajo.cl\/portal\/wp-json\/wp\/v2\/media\/75046","targetHints":{"allow":["GET"]}}],"collection":[{"href":"https:\/\/eltrabajo.cl\/portal\/wp-json\/wp\/v2\/media"}],"about":[{"href":"https:\/\/eltrabajo.cl\/portal\/wp-json\/wp\/v2\/types\/attachment"}],"author":[{"embeddable":true,"href":"https:\/\/eltrabajo.cl\/portal\/wp-json\/wp\/v2\/users\/1"}],"replies":[{"embeddable":true,"href":"https:\/\/eltrabajo.cl\/portal\/wp-json\/wp\/v2\/comments?post=75046"}],"wp:attached-to":[{"embeddable":true,"post_type":"post","id":75044,"href":"https:\/\/eltrabajo.cl\/portal\/wp-json\/wp\/v2\/posts\/75044"}],"curies":[{"name":"wp","href":"https:\/\/api.w.org\/{rel}","templated":true}]}}

Carolina del Real, a través de una presentación autoreferente, contó a los jóvenes como se contagio de Sida. Su obra llamada ‘Que a ti no te Pase’, dejó de manifiesto que esta enfermedad no mira clases sociales, por lo tanto llama a cuidarse.

<p class="attachment"><a href="https://i0.wp.com/eltrabajo.cl/portal/wp-content/uploads/2016/11/DEL-REAL.jpg?ssl=1"><img loading="lazy" decoding="async" width="300" height="198" src="https://i0.wp.com/eltrabajo.cl/portal/wp-content/uploads/2016/11/DEL-REAL.jpg?fit=300%2C198&amp;ssl=1" class="attachment-medium size-medium" alt="Carolina del Real, a través de una presentación autoreferente, contó a los jóvenes como se contagio de Sida. Su obra llamada ‘Que a ti no te Pase’, dejó de manifiesto que esta enfermedad no mira clases sociales, por lo tanto llama a cuidarse." srcset="https://i0.wp.com/eltrabajo.cl/portal/wp-content/uploads/2016/11/DEL-REAL.jpg?w=530&amp;ssl=1 530w, https://i0.wp.com/eltrabajo.cl/portal/wp-content/uploads/2016/11/DEL-REAL.jpg?resize=200%2C132&amp;ssl=1 200w, https://i0.wp.com/eltrabajo.cl/portal/wp-content/uploads/2016/11/DEL-REAL.jpg?resize=300%2C198&amp;ssl=1 300w, https://i0.wp.com/eltrabajo.cl/portal/wp-content/uploads/2016/11/DEL-REAL.jpg?resize=228%2C150&amp;ssl=1 228w, https://i0.wp.com/eltrabajo.cl/portal/wp-content/uploads/2016/11/DEL-REAL.jpg?resize=400%2C263&amp;ssl=1 400w" sizes="auto, (max-width: 300px) 100vw, 300px" /></a></p>
<p>Carolina del Real, a través de una presentación autoreferente, contó a los jóvenes como se contagio de Sida. Su obra llamada ‘Que a ti no te Pase’, dejó de manifiesto que esta enfermedad no mira clases sociales, por lo tanto llama a cuidarse. </p>

<p>Carolina del Real, a través de una presentación autoreferente, contó a los jóvenes como se contagio de Sida. Su obra llamada ‘Que a ti no te Pase’, dejó de manifiesto que esta enfermedad no mira clases sociales, por lo tanto llama a cuidarse. </p>
