{"id":75112,"date":"2016-11-08T09:26:35","date_gmt":"2016-11-08T12:26:35","guid":{"rendered":"http:\/\/www.eltrabajo.cl\/portal\/wp-content\/uploads\/2016\/11\/Tuning-Nachito.Imagen-fija001.jpg"},"modified":"2016-11-08T09:26:47","modified_gmt":"2016-11-08T12:26:47","slug":"tuning-nachito-imagen-fija001","status":"inherit","type":"attachment","link":"https:\/\/eltrabajo.cl\/portal\/caravana-de-autos-en-apoyo-a-nachito-por-calles-de-santa-maria-y-san-felipe\/tuning-nachito-imagen-fija001\/","title":{"rendered":"Clubes de Tunning, acompa\u00f1ados por veh\u00edculos particulares y mucha gente, hicieron una caravana por las calles de Santa Mar\u00eda y San Felipe, para manifestar su apoyo a la familia en esta semana que es decisiva para el caso."},"author":1,"featured_media":0,"comment_status":"open","ping_status":"closed","template":"","meta":{"advanced_seo_description":"","jetpack_seo_html_title":"","jetpack_seo_noindex":false},"class_list":["post-75112","attachment","type-attachment","status-inherit","hentry"],"jetpack_sharing_enabled":true,"jetpack_likes_enabled":true,"description":{"rendered":"<p class=\"attachment\"><a href=\"https:\/\/i0.wp.com\/eltrabajo.cl\/portal\/wp-content\/uploads\/2016\/11\/Tuning-Nachito.Imagen-fija001.jpg?ssl=1\"><img loading=\"lazy\" decoding=\"async\" width=\"300\" height=\"198\" src=\"https:\/\/i0.wp.com\/eltrabajo.cl\/portal\/wp-content\/uploads\/2016\/11\/Tuning-Nachito.Imagen-fija001.jpg?fit=300%2C198&amp;ssl=1\" class=\"attachment-medium size-medium\" alt=\"Clubes de Tunning, acompa\u00f1ados por veh\u00edculos particulares y mucha gente, hicieron una caravana por las calles de Santa Mar\u00eda y San Felipe, para manifestar su apoyo a la familia en esta semana que es decisiva para el caso.\" srcset=\"https:\/\/i0.wp.com\/eltrabajo.cl\/portal\/wp-content\/uploads\/2016\/11\/Tuning-Nachito.Imagen-fija001.jpg?w=530&amp;ssl=1 530w, https:\/\/i0.wp.com\/eltrabajo.cl\/portal\/wp-content\/uploads\/2016\/11\/Tuning-Nachito.Imagen-fija001.jpg?resize=200%2C132&amp;ssl=1 200w, https:\/\/i0.wp.com\/eltrabajo.cl\/portal\/wp-content\/uploads\/2016\/11\/Tuning-Nachito.Imagen-fija001.jpg?resize=300%2C198&amp;ssl=1 300w, https:\/\/i0.wp.com\/eltrabajo.cl\/portal\/wp-content\/uploads\/2016\/11\/Tuning-Nachito.Imagen-fija001.jpg?resize=227%2C150&amp;ssl=1 227w, https:\/\/i0.wp.com\/eltrabajo.cl\/portal\/wp-content\/uploads\/2016\/11\/Tuning-Nachito.Imagen-fija001.jpg?resize=400%2C264&amp;ssl=1 400w\" sizes=\"auto, (max-width: 300px) 100vw, 300px\" \/><\/a><\/p>\n<p>Clubes de Tunning, acompa\u00f1ados por veh\u00edculos particulares y mucha gente, hicieron una caravana por las calles de Santa Mar\u00eda y San Felipe, para manifestar su apoyo a la familia en esta semana que es decisiva para el caso.<\/p>\n"},"caption":{"rendered":"<p>Clubes de Tunning, acompa\u00f1ados por veh\u00edculos particulares y mucha gente, hicieron una caravana por las calles de Santa Mar\u00eda y San Felipe, para manifestar su apoyo a la familia en esta semana que es decisiva para el caso.<\/p>\n"},"alt_text":"Clubes de Tunning, acompa\u00f1ados por veh\u00edculos particulares y mucha gente, hicieron una caravana por las calles de Santa Mar\u00eda y San Felipe, para manifestar su apoyo a la familia en esta semana que es decisiva para el caso.","media_type":"image","mime_type":"image\/jpeg","media_details":{"width":530,"height":350,"file":"2016\/11\/Tuning-Nachito.Imagen-fija001.jpg","sizes":{"thumbnail":{"file":"Tuning-Nachito.Imagen-fija001-200x132.jpg","width":200,"height":132,"mime_type":"image\/jpeg","source_url":"https:\/\/i0.wp.com\/eltrabajo.cl\/portal\/wp-content\/uploads\/2016\/11\/Tuning-Nachito.Imagen-fija001.jpg?fit=200%2C132&ssl=1"},"medium":{"file":"Tuning-Nachito.Imagen-fija001-300x198.jpg","width":300,"height":198,"mime_type":"image\/jpeg","source_url":"https:\/\/i0.wp.com\/eltrabajo.cl\/portal\/wp-content\/uploads\/2016\/11\/Tuning-Nachito.Imagen-fija001.jpg?fit=300%2C198&ssl=1"},"post-thumbnail":{"file":"Tuning-Nachito.Imagen-fija001-227x150.jpg","width":227,"height":150,"mime_type":"image\/jpeg","source_url":"https:\/\/i0.wp.com\/eltrabajo.cl\/portal\/wp-content\/uploads\/2016\/11\/Tuning-Nachito.Imagen-fija001.jpg?fit=227%2C150&ssl=1"},"single-post-thumbnail":{"file":"Tuning-Nachito.Imagen-fija001-400x264.jpg","width":400,"height":264,"mime_type":"image\/jpeg","source_url":"https:\/\/eltrabajo.cl\/portal\/wp-content\/uploads\/2016\/11\/Tuning-Nachito.Imagen-fija001-400x264.jpg"},"wptouch-new-thumbnail":{"file":"Tuning-Nachito.Imagen-fija001-144x144.jpg","width":144,"height":144,"mime_type":"image\/jpeg","source_url":"https:\/\/eltrabajo.cl\/portal\/wp-content\/uploads\/2016\/11\/Tuning-Nachito.Imagen-fija001-144x144.jpg"},"full":{"file":"Tuning-Nachito.Imagen-fija001.jpg?fit=530%2C350&ssl=1","width":530,"height":350,"mime_type":"image\/jpeg","source_url":"https:\/\/i0.wp.com\/eltrabajo.cl\/portal\/wp-content\/uploads\/2016\/11\/Tuning-Nachito.Imagen-fija001.jpg?fit=530%2C350&ssl=1"}},"image_meta":{"aperture":"0","credit":"","camera":"","caption":"","created_timestamp":"0","copyright":"","focal_length":"0","iso":"0","shutter_speed":"0","title":"","orientation":"0","keywords":[]}},"post":75110,"source_url":"https:\/\/eltrabajo.cl\/portal\/wp-content\/uploads\/2016\/11\/Tuning-Nachito.Imagen-fija001.jpg","_links":{"self":[{"href":"https:\/\/eltrabajo.cl\/portal\/wp-json\/wp\/v2\/media\/75112","targetHints":{"allow":["GET"]}}],"collection":[{"href":"https:\/\/eltrabajo.cl\/portal\/wp-json\/wp\/v2\/media"}],"about":[{"href":"https:\/\/eltrabajo.cl\/portal\/wp-json\/wp\/v2\/types\/attachment"}],"author":[{"embeddable":true,"href":"https:\/\/eltrabajo.cl\/portal\/wp-json\/wp\/v2\/users\/1"}],"replies":[{"embeddable":true,"href":"https:\/\/eltrabajo.cl\/portal\/wp-json\/wp\/v2\/comments?post=75112"}],"wp:attached-to":[{"embeddable":true,"post_type":"post","id":75110,"href":"https:\/\/eltrabajo.cl\/portal\/wp-json\/wp\/v2\/posts\/75110"}],"curies":[{"name":"wp","href":"https:\/\/api.w.org\/{rel}","templated":true}]}}

Clubes de Tunning, acompañados por vehículos particulares y mucha gente, hicieron una caravana por las calles de Santa María y San Felipe, para manifestar su apoyo a la familia en esta semana que es decisiva para el caso.

<p class="attachment"><a href="https://i0.wp.com/eltrabajo.cl/portal/wp-content/uploads/2016/11/Tuning-Nachito.Imagen-fija001.jpg?ssl=1"><img loading="lazy" decoding="async" width="300" height="198" src="https://i0.wp.com/eltrabajo.cl/portal/wp-content/uploads/2016/11/Tuning-Nachito.Imagen-fija001.jpg?fit=300%2C198&amp;ssl=1" class="attachment-medium size-medium" alt="Clubes de Tunning, acompañados por vehículos particulares y mucha gente, hicieron una caravana por las calles de Santa María y San Felipe, para manifestar su apoyo a la familia en esta semana que es decisiva para el caso." srcset="https://i0.wp.com/eltrabajo.cl/portal/wp-content/uploads/2016/11/Tuning-Nachito.Imagen-fija001.jpg?w=530&amp;ssl=1 530w, https://i0.wp.com/eltrabajo.cl/portal/wp-content/uploads/2016/11/Tuning-Nachito.Imagen-fija001.jpg?resize=200%2C132&amp;ssl=1 200w, https://i0.wp.com/eltrabajo.cl/portal/wp-content/uploads/2016/11/Tuning-Nachito.Imagen-fija001.jpg?resize=300%2C198&amp;ssl=1 300w, https://i0.wp.com/eltrabajo.cl/portal/wp-content/uploads/2016/11/Tuning-Nachito.Imagen-fija001.jpg?resize=227%2C150&amp;ssl=1 227w, https://i0.wp.com/eltrabajo.cl/portal/wp-content/uploads/2016/11/Tuning-Nachito.Imagen-fija001.jpg?resize=400%2C264&amp;ssl=1 400w" sizes="auto, (max-width: 300px) 100vw, 300px" /></a></p>
<p>Clubes de Tunning, acompañados por vehículos particulares y mucha gente, hicieron una caravana por las calles de Santa María y San Felipe, para manifestar su apoyo a la familia en esta semana que es decisiva para el caso.</p>

<p>Clubes de Tunning, acompañados por vehículos particulares y mucha gente, hicieron una caravana por las calles de Santa María y San Felipe, para manifestar su apoyo a la familia en esta semana que es decisiva para el caso.</p>
